-- Table structure for table `f1dqIoL_viwec_clicked`
--

CREATE TABLE `f1dqIoL_viwec_clicked` (
  `id` int NOT NULL AUTO_INCREMENT,
  `clicked_date` int NOT NULL,
  `product` int NOT NULL,
  PRIMARY KEY (`id`)
) ENGINE=InnoDB AUTO_INCREMENT=3 DEFAULT CHARSET=utf8mb4 COLLATE=utf8mb4_unicode_520_ci;

--
-- Dumping data for table `f1dqIoL_viwec_clicked`
--

INSERT INTO `f1dqIoL_viwec_clicked` VALUES (1,1710795847,25187),(2,1711136196,25213);

--
-- Table structure for table `f1dqIoL_wc_admin_note_actions`
--

CREATE TABLE `f1dqIoL_wc_admin_note_actions` (
  `action_id` bigint unsigned NOT NULL AUTO_INCREMENT,
  `note_id` bigint unsigned NOT NULL,
  `name` varchar(255) CHARACTER SET utf8mb4 COLLATE utf8mb4_unicode_520_ci NOT NULL,
  `label` varchar(255) CHARACTER SET utf8mb4 COLLATE utf8mb4_unicode_520_ci NOT NULL,
  `query` longtext CHARACTER SET utf8mb4 COLLATE utf8mb4_unicode_520_ci NOT NULL,
  `status` varchar(255) CHARACTER SET utf8mb4 COLLATE utf8mb4_unicode_520_ci NOT NULL,
  `actioned_text` varchar(255) CHARACTER SET utf8mb4 COLLATE utf8mb4_unicode_520_ci NOT NULL,
  `nonce_action` varchar(255) CHARACTER SET utf8mb4 COLLATE utf8mb4_unicode_520_ci DEFAULT NULL,
  `nonce_name` varchar(255) CHARACTER SET utf8mb4 COLLATE utf8mb4_unicode_520_ci DEFAULT NULL,
  PRIMARY KEY (`action_id`),
  KEY `note_id` (`note_id`)
) ENGINE=InnoDB AUTO_INCREMENT=30351 DEFAULT CHARSET=utf8mb4 COLLATE=utf8mb4_unicode_520_ci;

--
-- Dumping data for table `f1dqIoL_wc_admin_note_actions`
--

INSERT INTO `f1dqIoL_wc_admin_note_actions` VALUES (1,1,'notify-refund-returns-page','Edit page','https://directprice.co.uk/wp-admin/post.php?post=13&action=edit','actioned','',NULL,NULL),(191,65,'visit-the-theme-marketplace','Visit the theme marketplace','https://woo.com/product-category/themes/?utm_source=inbox&utm_medium=product','actioned','',NULL,NULL),(192,66,'day-after-first-product','Learn more','https://woo.com/document/woocommerce-customizer/?utm_source=inbox&utm_medium=product','actioned','',NULL,NULL),(1509,67,'learn-more','Learn more','https://woo.com/mobile/?utm_medium=product','actioned','',NULL,NULL),(5188,68,'custom_order_attribution_inbox_q1_2024','Find more clarity','https://woo.com/document/order-attribution-tracking/?utm_source=inbox_note&utm_medium=product&utm_campaign=custom_order_attribution_inbox_q1_2024','actioned','',NULL,NULL),(19541,25,'learn-more','Find out more','https://developer.woocommerce.com/2022/08/09/woocommerce-payments-3-9-4-4-5-1-security-releases/','unactioned','',NULL,NULL),(19542,25,'dismiss','Dismiss','','actioned','',NULL,NULL),(19543,26,'learn-more','Find out more','https://developer.woocommerce.com/2022/08/09/woocommerce-payments-3-9-4-4-5-1-security-releases/','unactioned','',NULL,NULL),(19544,26,'dismiss','Dismiss','','actioned','',NULL,NULL),(22552,73,'wc_admin_UKpricingchange_WCPay_Q1_2024','See related fees for each country','https://woo.com/document/woopayments/fees-and-debits/fees/?utm_source=inbox_note&utm_medium=product&utm_campaign=wc_admin_UKpricingchange_WCPay_Q1_2024#countries-in-europe','actioned','',NULL,NULL),(23110,62,'amazon_pay_ext-link_q1-24','Register your account now','https://eu.amazonpayments.com/2024-uk-woopricepromoregistration?utm_campaign=woo_price_promo&utm_medium=EM&utm_source=direct&utm_content=cta&utm_creative=&ld=EMUKAPA-woo_price_promo-direct-24Q1','actioned','',NULL,NULL),(25974,70,'learn-more','Learn more','https://woocommerce.com/posts/pre-launch-checklist-the-essentials/?utm_source=inbox&utm_medium=product','actioned','',NULL,NULL),(26071,79,'learn-more','Learn more','https://woocommerce.com/mobile/?utm_source=inbox&utm_medium=product','actioned','',NULL,NULL),(26633,78,'affirm_q2_2024','Power up your payments','https://woocommerce.com/products/woocommerce-gateway-affirm/?utm_source=inbox_note&utm_medium=product&utm_campaign=affirm_q2_2024','actioned','',NULL,NULL),(27582,72,'airwallex_q1_2024','Get started with Airwallex','https://woocommerce.com/products/airwallexpayments/?utm_source=inbox_note&utm_medium=product&utm_campaign=airwallex_q1_2024','actioned','',NULL,NULL),(27595,81,'browse','Browse','https://woocommerce.com/success-stories/?utm_source=inbox&utm_medium=product','actioned','',NULL,NULL),(27606,82,'view-report','View report','?page=wc-admin&path=/analytics/revenue&period=custom&compare=previous_year&after=2024-05-07&before=2024-05-07','actioned','',NULL,NULL),(28008,45,'woocommerce-WCStripe-May-2023-updated-needed-Plugin-Settings','See available updates','https://directprice.co.uk/wp-admin/plugins.php?plugin_status=all','unactioned','',NULL,NULL),(28009,45,'woocommerce-WCStripe-May-2023-updated-needed-Plugin-Settings-dismiss','Dismiss','#','actioned','',NULL,NULL),(28010,46,'woocommerce-WCPayments-June-2023-updated-needed-Plugin-Settings','See available updates','https://directprice.co.uk/wp-admin/plugins.php?plugin_status=all','unactioned','',NULL,NULL),(28011,46,'woocommerce-WCPayments-June-2023-updated-needed-Dismiss','Dismiss','#','actioned','',NULL,NULL),(28026,55,'woocommerce-WooPayments-Aug-2023-update-needed','See available updates','https://directprice.co.uk/wp-admin/update-core.php?','unactioned','',NULL,NULL),(28027,55,'dismiss','Dismiss','#','actioned','',NULL,NULL),(29559,77,'checkout_survey_new_users_share_feedback','Share feedback','https://automattic.survey.fm/woocommerce-checkout-survey','unactioned','',NULL,NULL),(29560,80,'checkout_survey_new_users_no_orders_share_feedback','Share feedback','https://automattic.survey.fm/woocommerce-checkout-survey','unactioned','',NULL,NULL),(30258,2,'wayflyer_bnpl_q4_2021','Level up with funding','https://woocommerce.com/products/wayflyer/?utm_source=inbox_note&utm_medium=product&utm_campaign=wayflyer_bnpl_q4_2021','actioned','',NULL,NULL),(30259,3,'wc_shipping_mobile_app_usps_q4_2021','Get WooCommerce Shipping','https://woocommerce.com/woocommerce-shipping/?utm_source=inbox_note&utm_medium=product&utm_campaign=wc_shipping_mobile_app_usps_q4_2021','actioned','',NULL,NULL),(30260,4,'learn-more','Learn more','https://docs.woocommerce.com/document/woocommerce-shipping-and-tax/?utm_source=inbox','unactioned','',NULL,NULL),(30261,5,'learn-more','Learn more','https://woocommerce.com/posts/ecommerce-shipping-solutions-guide/?utm_source=inbox_note&utm_medium=product&utm_campaign=learn-more','actioned','',NULL,NULL),(30262,6,'optimizing-the-checkout-flow','Learn more','https://woocommerce.com/posts/optimizing-woocommerce-checkout?utm_source=inbox_note&utm_medium=product&utm_campaign=optimizing-the-checkout-flow','actioned','',NULL,NULL),(30263,7,'qualitative-feedback-from-new-users','Share feedback','https://automattic.survey.fm/wc-pay-new','actioned','',NULL,NULL),(30264,8,'share-feedback','Share feedback','http://automattic.survey.fm/paypal-feedback','unactioned','',NULL,NULL),(30265,9,'get-started','Get started','https://woocommerce.com/products/google-listings-and-ads?utm_source=inbox_note&utm_medium=product&utm_campaign=get-started','actioned','',NULL,NULL),(30266,10,'update-wc-subscriptions-3-0-15','View latest version','https://directprice.co.uk/wp-admin/&page=wc-addons&section=helper','actioned','',NULL,NULL),(30267,11,'update-wc-core-5-4-0','How to update WooCommerce','https://docs.woocommerce.com/document/how-to-update-woocommerce/','actioned','',NULL,NULL),(30268,14,'ppxo-pps-install-paypal-payments-1','View upgrade guide','https://docs.woocommerce.com/document/woocommerce-paypal-payments/paypal-payments-upgrade-guide/','actioned','',NULL,NULL),(30269,15,'ppxo-pps-install-paypal-payments-2','View upgrade guide','https://docs.woocommerce.com/document/woocommerce-paypal-payments/paypal-payments-upgrade-guide/','actioned','',NULL,NULL),(30270,16,'learn-more','Learn more','https://woocommerce.com/posts/critical-vulnerability-detected-july-2021/?utm_source=inbox_note&utm_medium=product&utm_campaign=learn-more','unactioned','',NULL,NULL),(30271,16,'dismiss','Dismiss','','actioned','',NULL,NULL),(30272,17,'learn-more','Learn more','https://woocommerce.com/posts/critical-vulnerability-detected-july-2021/?utm_source=inbox_note&utm_medium=product&utm_campaign=learn-more','unactioned','',NULL,NULL),(30273,17,'dismiss','Dismiss','','actioned','',NULL,NULL),(30274,18,'learn-more','Learn more','https://woocommerce.com/posts/critical-vulnerability-detected-july-2021/?utm_source=inbox_note&utm_medium=product&utm_campaign=learn-more','unactioned','',NULL,NULL),(30275,18,'dismiss','Dismiss','','actioned','',NULL,NULL),(30276,19,'learn-more','Learn more','https://woocommerce.com/posts/critical-vulnerability-detected-july-2021/?utm_source=inbox_note&utm_medium=product&utm_campaign=learn-more','unactioned','',NULL,NULL),(30277,19,'dismiss','Dismiss','','actioned','',NULL,NULL),(30278,20,'share-feedback','Share feedback','https://automattic.survey.fm/store-management','unactioned','',NULL,NULL),(30279,21,'learn-more','Learn more','https://developer.woocommerce.com/2022/03/10/woocommerce-3-5-10-6-3-1-security-releases/','unactioned','',NULL,NULL),(30280,21,'woocommerce-core-paypal-march-2022-dismiss','Dismiss','','actioned','',NULL,NULL),(30281,22,'learn-more','Learn more','https://developer.woocommerce.com/2022/03/10/woocommerce-3-5-10-6-3-1-security-releases/','unactioned','',NULL,NULL),(30282,22,'dismiss','Dismiss','','actioned','',NULL,NULL),(30283,23,'pinterest_03_2022_update','Update Instructions','https://woocommerce.com/document/pinterest-for-woocommerce/?utm_source=inbox_note&utm_medium=product&utm_campaign=pinterest_03_2022_update#section-3','actioned','',NULL,NULL),(30284,24,'store_setup_survey_survey_q2_2022_share_your_thoughts','Tell us how it’s going','https://automattic.survey.fm/store-setup-survey-2022','actioned','',NULL,NULL),(30285,27,'needs-update-eway-payment-gateway-rin-action-button-2022-12-20','See available updates','https://directprice.co.uk/wp-admin/update-core.php','unactioned','',NULL,NULL),(30286,27,'needs-update-eway-payment-gateway-rin-dismiss-button-2022-12-20','Dismiss','#','actioned','',NULL,NULL),(30287,28,'updated-eway-payment-gateway-rin-action-button-2022-12-20','See all updates','https://directprice.co.uk/wp-admin/update-core.php','unactioned','',NULL,NULL),(30288,28,'updated-eway-payment-gateway-rin-dismiss-button-2022-12-20','Dismiss','#','actioned','',NULL,NULL),(30289,29,'share-navigation-survey-feedback','Share feedback','https://automattic.survey.fm/new-ecommerce-plan-navigation','actioned','',NULL,NULL),(30290,30,'woopay-beta-merchantrecruitment-activate-04MAY23','Activate WooPay','https://directprice.co.uk/wp-admin/admin.php?page=wc-settings&tab=checkout&section=woocommerce_payments&method=platform_checkout','actioned','',NULL,NULL),(30291,30,'woopay-beta-merchantrecruitment-activate-learnmore-04MAY23','Learn More','https://woocommerce.com/woopay-businesses/?utm_source=inbox_note&utm_medium=product&utm_campaign=woopay-beta-merchantrecruitment-activate-learnmore-04MAY23','unactioned','',NULL,NULL),(30292,31,'woocommerce-wcpay-march-2023-update-needed-button','See Blog Post','https://developer.woocommerce.com/2023/03/23/critical-vulnerability-detected-in-woocommerce-payments-what-you-need-to-know','unactioned','',NULL,NULL),(30293,31,'woocommerce-wcpay-march-2023-update-needed-dismiss-button','Dismiss','#','actioned','',NULL,NULL),(30294,32,'tap_to_pay_iphone_q2_2023_no_wcpay','Simplify my payments','https://woocommerce.com/products/woocommerce-payments/?utm_source=inbox_note&utm_medium=product&utm_campaign=tap_to_pay_iphone_q2_2023_no_wcpay','actioned','',NULL,NULL),(30295,33,'extension-settings','See available updates','https://directprice.co.uk/wp-admin/update-core.php','unactioned','',NULL,NULL),(30296,33,'dismiss','Dismiss','#','actioned','',NULL,NULL),(30297,34,'woopay-beta-merchantrecruitment-update-WCPay-04MAY23','Update WooCommerce Payments','https://directprice.co.uk/wp-admin/plugins.php?plugin_status=all','unactioned','',NULL,NULL),(30298,34,'woopay-beta-merchantrecruitment-update-activate-04MAY23','Activate WooPay','https://directprice.co.uk/wp-admin/admin.php?page=wc-settings&tab=checkout&section=woocommerce_payments&method=platform_checkout','actioned','',NULL,NULL),(30299,35,'woopay-beta-existingmerchants-noaction-documentation-27APR23','Documentation','https://woocommerce.com/document/woopay-merchant-documentation/?utm_source=inbox_note&utm_medium=product&utm_campaign=woopay-beta-existingmerchants-noaction-documentation-27APR23','actioned','',NULL,NULL),(30300,36,'woopay-beta-existingmerchants-update-WCPay-27APR23','Update WooCommerce Payments','https://directprice.co.uk/wp-admin/plugins.php?plugin_status=all','actioned','',NULL,NULL),(30301,37,'woopay-beta-merchantrecruitment-short-activate-04MAY23','Activate WooPay','https://directprice.co.uk/wp-admin/admin.php?page=wc-settings&tab=checkout&section=woocommerce_payments&method=platform_checkout','actioned','',NULL,NULL),(30302,37,'woopay-beta-merchantrecruitment-short-activate-learnmore-04MAY23','Learn More','https://woocommerce.com/woopay-businesses/?utm_source=inbox_note&utm_medium=product&utm_campaign=woopay-beta-merchantrecruitment-short-activate-learnmore-04MAY23','actioned','',NULL,NULL),(30303,38,'woopay-beta-merchantrecruitment-short-update-WCPay-04MAY23','Update WooCommerce Payments','https://directprice.co.uk/wp-admin/plugins.php?plugin_status=all','unactioned','',NULL,NULL),(30304,38,'woopay-beta-merchantrecruitment-short-update-activate-04MAY23','Activate WooPay','https://directprice.co.uk/wp-admin/admin.php?page=wc-settings&tab=checkout&section=woocommerce_payments&method=platform_checkout','actioned','',NULL,NULL),(30305,39,'woopay-beta-merchantrecruitment-short-activate-06MAY23-TESTA','Activate WooPay Test A','https://directprice.co.uk/wp-admin/admin.php?page=wc-settings&tab=checkout&section=woocommerce_payments&method=platform_checkout','unactioned','',NULL,NULL),(30306,39,'woopay-beta-merchantrecruitment-short-activate-learnmore-06MAY23-TESTA','Learn More','https://woocommerce.com/woopay-businesses/?utm_source=inbox_note&utm_medium=product&utm_campaign=woopay-beta-merchantrecruitment-short-activate-learnmore-06MAY23-TESTA','unactioned','',NULL,NULL),(30307,40,'woopay-beta-merchantrecruitment-short-activate-06MAY23-TESTB','Activate WooPay Test B','https://directprice.co.uk/wp-admin/admin.php?page=wc-settings&tab=checkout&section=woocommerce_payments&method=platform_checkout','unactioned','',NULL,NULL),(30308,40,'woopay-beta-merchantrecruitment-short-activate-learnmore-06MAY23-TESTA','Learn More','https://woocommerce.com/woopay-businesses/?utm_source=inbox_note&utm_medium=product&utm_campaign=woopay-beta-merchantrecruitment-short-activate-learnmore-06MAY23-TESTA','unactioned','',NULL,NULL),(30309,41,'woopay-beta-merchantrecruitment-short-activate-06MAY23-TESTC','Activate WooPay Test C','https://directprice.co.uk/wp-admin/admin.php?page=wc-settings&tab=checkout&section=woocommerce_payments&method=platform_checkout','unactioned','',NULL,NULL),(30310,41,'woopay-beta-merchantrecruitment-short-activate-learnmore-06MAY23-TESTC','Learn More','https://woocommerce.com/woopay-businesses/?utm_source=inbox_note&utm_medium=product&utm_campaign=woopay-beta-merchantrecruitment-short-activate-learnmore-06MAY23-TESTC','unactioned','',NULL,NULL),(30311,42,'woopay-beta-merchantrecruitment-short-activate-06MAY23-TESTD','Activate WooPay Test D','https://directprice.co.uk/wp-admin/admin.php?page=wc-settings&tab=checkout&section=woocommerce_payments&method=platform_checkout','unactioned','',NULL,NULL),(30312,42,'woopay-beta-merchantrecruitment-short-activate-learnmore-06MAY23-TESTD','Learn More','https://woocommerce.com/woopay-businesses/?utm_source=inbox_note&utm_medium=product&utm_campaign=woopay-beta-merchantrecruitment-short-activate-learnmore-06MAY23-TESTD','unactioned','',NULL,NULL),(30313,43,'woopay-beta-merchantrecruitment-short-activate-button-09MAY23','Activate WooPay','https://directprice.co.uk/wp-admin/admin.php?page=wc-settings&tab=checkout&section=woocommerce_payments&method=platform_checkout','unactioned','',NULL,NULL),(30314,43,'woopay-beta-merchantrecruitment-short-activate-learnmore-button2-09MAY23','Learn More','https://woocommerce.com/woopay-businesses/?utm_source=inbox_note&utm_medium=product&utm_campaign=woopay-beta-merchantrecruitment-short-activate-learnmore-button2-09MAY23','unactioned','',NULL,NULL),(30315,44,'woopay-beta-merchantrecruitment-short-update-WCPay-09MAY23','Update WooCommerce Payments','https://directprice.co.uk/wp-admin/plugins.php?plugin_status=all','unactioned','',NULL,NULL),(30316,44,'woopay-beta-merchantrecruitment-short-update-activate-09MAY23','Activate WooPay','https://directprice.co.uk/wp-admin/admin.php?page=wc-settings&tab=checkout&section=woocommerce_payments&method=platform_checkout','unactioned','',NULL,NULL),(30317,47,'woocommerce-WCSubscriptions-June-2023-updated-needed-Plugin-Settings','See available updates','https://directprice.co.uk/wp-admin/plugins.php?plugin_status=all','unactioned','',NULL,NULL),(30318,47,'woocommerce-WCSubscriptions-June-2023-updated-needed-dismiss','Dismiss','#','actioned','',NULL,NULL),(30319,48,'woocommerce-WCReturnsWarranty-June-2023-updated-needed','See available updates','https://directprice.co.uk/wp-admin/plugins.php?plugin_status=all','unactioned','',NULL,NULL),(30320,48,'woocommerce-WCReturnsWarranty-June-2023-updated-needed','Dismiss','#','actioned','',NULL,NULL),(30321,49,'woocommerce-WCOPC-June-2023-updated-needed','See available updates','https://directprice.co.uk/wp-admin/plugins.php?plugin_status=all','actioned','',NULL,NULL),(30322,49,'woocommerce-WCOPC-June-2023-updated-needed','Dismiss','https://directprice.co.uk/wp-admin/#','actioned','',NULL,NULL),(30323,50,'woocommerce-WCGC-July-2023-update-needed','See available updates','https://directprice.co.uk/wp-admin/plugins.php?plugin_status=all','unactioned','',NULL,NULL),(30324,50,'woocommerce-WCGC-July-2023-update-needed','Dismiss','#','actioned','',NULL,NULL),(30325,51,'learn-more','Learn more','https://woocommerce.com/document/fedex/?utm_medium=product&utm_source=inbox_note&utm_campaign=learn-more#july-2023-api-outage','unactioned','',NULL,NULL),(30326,52,'plugin-list','See available updates','https://directprice.co.uk/wp-admin/plugins.php?plugin_status=all','unactioned','',NULL,NULL),(30327,52,'dismiss','Dismiss','https://directprice.co.uk/wp-admin/admin.php?page=wc-admin','actioned','',NULL,NULL),(30328,53,'woocommerce-WCStripe-Aug-2023-update-needed','See available updates','https://directprice.co.uk/wp-admin/update-core.php?','unactioned','',NULL,NULL),(30329,53,'dismiss','Dismiss','#','actioned','',NULL,NULL),(30330,54,'dismiss','Dismiss','#','actioned','',NULL,NULL),(30331,56,'dismiss','Dismiss','#','actioned','',NULL,NULL),(30332,57,'avalara_q3-2023_noAvaTax','Automate my sales tax','https://woocommerce.com/products/woocommerce-avatax/?utm_source=inbox_note&utm_medium=product&utm_campaign=avalara_q3-2023_noAvaTax','unactioned','',NULL,NULL),(30333,58,'woo-activation-survey-blockers-survey-button-22AUG23','Take our short survey','https://woocommerce.survey.fm/getting-started-with-woo','unactioned','',NULL,NULL),(30334,59,'woocommerce-usermeta-Sept2023-productvendors','See available updates','https://directprice.co.uk/wp-admin/plugins.php','unactioned','',NULL,NULL),(30335,59,'dismiss','Dismiss','https://directprice.co.uk/wp-admin/#','actioned','',NULL,NULL),(30336,60,'woocommerce-STRIPE-Oct-2023-update-needed','See available updates','https://directprice.co.uk/wp-admin/update-core.php','unactioned','',NULL,NULL),(30337,60,'dismiss','Dismiss','#','actioned','',NULL,NULL),(30338,61,'amazon-mcf-review-button-2023-12-07','Leave a review','https://woocommerce.com/products/woocommerce-amazon-fulfillment/?review&utm_source=inbox_note&utm_medium=product&utm_campaign=amazon-mcf-review-button-2023-12-07','actioned','',NULL,NULL),(30339,61,'amazon-mcf-support-button-2023-12-07','Request support','https://woocommerce.com/my-account/contact-support/?utm_source=inbox_note&utm_medium=product&utm_campaign=amazon-mcf-support-button-2023-12-07','actioned','',NULL,NULL),(30340,63,'view_docs','Learn about Deposit schedules','https://woocommerce.com/document/woopayments/deposits/deposit-schedule/?utm_source=inbox_note&utm_medium=product&utm_campaign=view_docs#available-funds','unactioned','',NULL,NULL),(30341,83,'woocommerce-payfast-may-2024-update-needed-click','See available updates','https://directprice.co.uk/wp-admin/update-core.php?','unactioned','',NULL,NULL),(30342,83,'woocommerce-payfast-may-2024-update-needed-dismiss','Dismiss','https://directprice.co.uk/wp-admin/#','actioned','',NULL,NULL),(30350,69,'update-db_done','Thanks!','https://directprice.co.uk/wp-admin/users.php?wc-hide-notice=update','actioned','woocommerce_hide_notices_nonce','woocommerce_hide_notices_nonce','_wc_notice_nonce');

--
-- Table structure for table `f1dqIoL_wc_admin_notes`
--

CREATE TABLE `f1dqIoL_wc_admin_notes` (
  `note_id` bigint unsigned NOT NULL AUTO_INCREMENT,
  `name` varchar(255) CHARACTER SET utf8mb4 COLLATE utf8mb4_unicode_520_ci NOT NULL,
  `type` varchar(20) CHARACTER SET utf8mb4 COLLATE utf8mb4_unicode_520_ci NOT NULL,
  `locale` varchar(20) CHARACTER SET utf8mb4 COLLATE utf8mb4_unicode_520_ci NOT NULL,
  `title` longtext CHARACTER SET utf8mb4 COLLATE utf8mb4_unicode_520_ci NOT NULL,
  `content` longtext CHARACTER SET utf8mb4 COLLATE utf8mb4_unicode_520_ci NOT NULL,
  `content_data` longtext CHARACTER SET utf8mb4 COLLATE utf8mb4_unicode_520_ci,
  `status` varchar(200) CHARACTER SET utf8mb4 COLLATE utf8mb4_unicode_520_ci NOT NULL,
  `source` varchar(200) CHARACTER SET utf8mb4 COLLATE utf8mb4_unicode_520_ci NOT NULL,
  `date_created` datetime NOT NULL DEFAULT '0000-00-00 00:00:00',
  `date_reminder` datetime DEFAULT NULL,
  `is_snoozable` tinyint(1) NOT NULL DEFAULT '0',
  `layout` varchar(20) CHARACTER SET utf8mb4 COLLATE utf8mb4_unicode_520_ci NOT NULL DEFAULT '',
  `image` varchar(200) CHARACTER SET utf8mb4 COLLATE utf8mb4_unicode_520_ci DEFAULT NULL,
  `is_deleted` tinyint(1) NOT NULL DEFAULT '0',
  `is_read` tinyint(1) NOT NULL DEFAULT '0',
  `icon` varchar(200) CHARACTER SET utf8mb4 COLLATE utf8mb4_unicode_520_ci NOT NULL DEFAULT 'info',
  PRIMARY KEY (`note_id`)
) ENGINE=InnoDB AUTO_INCREMENT=84 DEFAULT CHARSET=utf8mb4 COLLATE=utf8mb4_unicode_520_ci;

--
-- Dumping data for table `f1dqIoL_wc_admin_notes`
--

INSERT INTO `f1dqIoL_wc_admin_notes` VALUES (1,'wc-refund-returns-page','info','en_US','Set up a Refund and Returns Policy page to boost your store\'s credibility.','We have created a sample draft Refund and Returns Policy page for you. Please have a look and update it to fit your store.','{}','unactioned','woocommerce-core','2024-01-27 16:10:03',NULL,0,'plain','',0,0,'info'),(2,'wayflyer_bnpl_q4_2021','marketing','en_US','Grow your business with funding through Wayflyer','Fast, flexible financing to boost cash flow and help your business grow – one fee, no interest rates, penalties, equity, or personal guarantees. Based on your store’s performance, Wayflyer provides funding and analytical insights to invest in your business.','{}','pending','woocommerce.com','2024-01-27 16:15:55',NULL,0,'plain','',0,0,'info'),(3,'wc_shipping_mobile_app_usps_q4_2021','marketing','en_US','Print and manage your shipping labels with WooCommerce Shipping and the WooCommerce Mobile App','Save time by printing, purchasing, refunding, and tracking shipping labels generated by <a href=\"https://woocommerce.com/woocommerce-shipping/\">WooCommerce Shipping</a> – all directly from your mobile device!','{}','pending','woocommerce.com','2024-01-27 16:15:55',NULL,0,'plain','',0,0,'info'),(4,'woocommerce-services','info','en_US','WooCommerce Shipping & Tax','WooCommerce Shipping &amp; Tax helps get your store \"ready to sell\" as quickly as possible. You create your products. We take care of tax calculation, payment processing, and shipping label printing! Learn more about the extension that you just installed.','{}','pending','woocommerce.com','2024-01-27 16:15:55',NULL,0,'plain','',0,0,'info'),(5,'your-first-product','info','en_US','Your first product','That’s huge! You’re well on your way to building a successful online store — now it’s time to think about how you’ll fulfill your orders.<br /><br />Read our shipping guide to learn best practices and options for putting together your shipping strategy. And for WooCommerce stores in the United States, you can print discounted shipping labels via USPS with <a href=\"https://href.li/?https://woocommerce.com/shipping\" target=\"_blank\">WooCommerce Shipping</a>.','{}','pending','woocommerce.com','2024-01-27 16:15:55',NULL,0,'plain','',0,0,'info'),(6,'wc-admin-optimizing-the-checkout-flow','info','en_US','Optimizing the checkout flow','It’s crucial to get your store’s checkout as smooth as possible to avoid losing sales. Let’s take a look at how you can optimize the checkout experience for your shoppers.','{}','unactioned','woocommerce.com','2024-01-30 16:11:12',NULL,0,'plain','',0,1,'info'),(7,'wc-payments-qualitative-feedback','info','en_US','WooCommerce Payments setup - let us know what you think','Congrats on enabling WooCommerce Payments for your store. Please share your feedback in this 2 minute survey to help us improve the setup process.','{}','pending','woocommerce.com','2024-01-27 16:15:55',NULL,0,'plain','',0,0,'info'),(8,'share-your-feedback-on-paypal','info','en_US','Share your feedback on PayPal','Share your feedback in this 2 minute survey about how we can make the process of accepting payments more useful for your store.','{}','pending','woocommerce.com','2024-01-27 16:15:55',NULL,0,'plain','',0,0,'info'),(9,'google_listings_and_ads_install','marketing','en_US','Drive traffic and sales with Google','Reach online shoppers to drive traffic and sales for your store by showcasing products across Google, for free or with ads.','{}','unactioned','woocommerce.com','2024-05-08 16:16:00',NULL,0,'plain','',0,1,'info'),(10,'wc-subscriptions-security-update-3-0-15','info','en_US','WooCommerce Subscriptions security update!','We recently released an important security update to WooCommerce Subscriptions. To ensure your site’s data is protected, please upgrade <strong>WooCommerce Subscriptions to version 3.0.15</strong> or later.<br /><br />Click the button below to view and update to the latest Subscriptions version, or log in to <a href=\"https://woocommerce.com/my-dashboard\">WooCommerce.com Dashboard</a> and navigate to your <strong>Downloads</strong> page.<br /><br />We recommend always using the latest version of WooCommerce Subscriptions, and other software running on your site, to ensure maximum security.<br /><br />If you have any questions we are here to help — just <a href=\"https://woocommerce.com/my-account/create-a-ticket/\">open a ticket</a>.','{}','pending','woocommerce.com','2024-01-27 16:15:55',NULL,0,'plain','',0,0,'info'),(11,'woocommerce-core-update-5-4-0','info','en_US','Update to WooCommerce 5.4.1 now','WooCommerce 5.4.1 addresses a checkout issue discovered in WooCommerce 5.4. We recommend upgrading to WooCommerce 5.4.1 as soon as possible.','{}','pending','woocommerce.com','2024-01-27 16:15:55',NULL,0,'plain','',0,0,'info'),(12,'wcpay-promo-2020-11','marketing','en_US','wcpay-promo-2020-11','wcpay-promo-2020-11','{}','pending','woocommerce.com','2024-01-27 16:15:55',NULL,0,'plain','',0,0,'info'),(13,'wcpay-promo-2020-12','marketing','en_US','wcpay-promo-2020-12','wcpay-promo-2020-12','{}','pending','woocommerce.com','2024-01-27 16:15:55',NULL,0,'plain','',0,0,'info'),(14,'ppxo-pps-upgrade-paypal-payments-1','info','en_US','Get the latest PayPal extension for WooCommerce','Heads up! There’s a new PayPal on the block!<br /><br />Now is a great time to upgrade to our latest <a href=\"https://woocommerce.com/products/woocommerce-paypal-payments/\" target=\"_blank\">PayPal extension</a> to continue to receive support and updates with PayPal.<br /><br />Get access to a full suite of PayPal payment methods, extensive currency and country coverage, and pay later options with the all-new PayPal extension for WooCommerce.','{}','pending','woocommerce.com','2024-01-27 16:15:55',NULL,0,'plain','',0,0,'info'),(15,'ppxo-pps-upgrade-paypal-payments-2','info','en_US','Upgrade your PayPal experience!','Get access to a full suite of PayPal payment methods, extensive currency and country coverage, offer subscription and recurring payments, and the new PayPal pay later options.<br /><br />Start using our <a href=\"https://woocommerce.com/products/woocommerce-paypal-payments/\" target=\"_blank\">latest PayPal today</a> to continue to receive support and updates.','{}','pending','woocommerce.com','2024-01-27 16:15:55',NULL,0,'plain','',0,0,'info'),(16,'woocommerce-core-sqli-july-2021-need-to-update','update','en_US','Action required: Critical vulnerabilities in WooCommerce','In response to a critical vulnerability identified on July 13, 2021, we are working with the WordPress Plugins Team to deploy software updates to stores running WooCommerce (versions 3.3 to 5.5) and the WooCommerce Blocks feature plugin (versions 2.5 to 5.5).<br /><br />Our investigation into this vulnerability is ongoing, but <strong>we wanted to let you know now about the importance of updating immediately</strong>.<br /><br />For more information on which actions you should take, as well as answers to FAQs, please urgently review our blog post detailing this issue.','{}','pending','woocommerce.com','2024-01-27 16:15:55',NULL,0,'plain','',0,0,'info'),(17,'woocommerce-blocks-sqli-july-2021-need-to-update','update','en_US','Action required: Critical vulnerabilities in WooCommerce Blocks','In response to a critical vulnerability identified on July 13, 2021, we are working with the WordPress Plugins Team to deploy software updates to stores running WooCommerce (versions 3.3 to 5.5) and the WooCommerce Blocks feature plugin (versions 2.5 to 5.5).<br /><br />Our investigation into this vulnerability is ongoing, but <strong>we wanted to let you know now about the importance of updating immediately</strong>.<br /><br />For more information on which actions you should take, as well as answers to FAQs, please urgently review our blog post detailing this issue.','{}','pending','woocommerce.com','2024-01-27 16:15:55',NULL,0,'plain','',0,0,'info'),(18,'woocommerce-core-sqli-july-2021-store-patched','update','en_US','Solved: Critical vulnerabilities patched in WooCommerce','In response to a critical vulnerability identified on July 13, 2021, we worked with the WordPress Plugins Team to deploy software updates to stores running WooCommerce (versions 3.3 to 5.5) and the WooCommerce Blocks feature plugin (versions 2.5 to 5.5).<br /><br /><strong>Your store has been updated to the latest secure version(s)</strong>. For more information and answers to FAQs, please review our blog post detailing this issue.','{}','pending','woocommerce.com','2024-01-27 16:15:55',NULL,0,'plain','',0,0,'info'),(19,'woocommerce-blocks-sqli-july-2021-store-patched','update','en_US','Solved: Critical vulnerabilities patched in WooCommerce Blocks','In response to a critical vulnerability identified on July 13, 2021, we worked with the WordPress Plugins Team to deploy software updates to stores running WooCommerce (versions 3.3 to 5.5) and the WooCommerce Blocks feature plugin (versions 2.5 to 5.5).<br /><br /><strong>Your store has been updated to the latest secure version(s)</strong>. For more information and answers to FAQs, please review our blog post detailing this issue.','{}','pending','woocommerce.com','2024-01-27 16:15:55',NULL,0,'plain','',0,0,'info'),(20,'habit-moment-survey','marketing','en_US','We’re all ears! Share your experience so far with WooCommerce','We’d love your input to shape the future of WooCommerce together. Feel free to share any feedback, ideas or suggestions that you have.','{}','pending','woocommerce.com','2024-01-27 16:15:55',NULL,0,'plain','',0,0,'info'),(21,'woocommerce-core-paypal-march-2022-updated','update','en_US','Security auto-update of WooCommerce','<strong>Your store has been updated to the latest secure version of WooCommerce</strong>. We worked with WordPress to deploy PayPal Standard security updates for stores running WooCommerce (version 3.5 to 6.3). It’s recommended to disable PayPal Standard, and use <a href=\"https://woocommerce.com/products/woocommerce-paypal-payments/\" target=\"_blank\">PayPal Payments</a> to accept PayPal.','{}','pending','woocommerce.com','2024-01-27 16:15:55',NULL,0,'plain','',0,0,'info'),(22,'woocommerce-core-paypal-march-2022-updated-nopp','update','en_US','Security auto-update of WooCommerce','<strong>Your store has been updated to the latest secure version of WooCommerce</strong>. We worked with WordPress to deploy security updates related to PayPal Standard payment gateway for stores running WooCommerce (version 3.5 to 6.3).','{}','pending','woocommerce.com','2024-01-27 16:15:55',NULL,0,'plain','',0,0,'info'),(23,'pinterest_03_2022_update','marketing','en_US','Your Pinterest for WooCommerce plugin is out of date!','Update to the latest version of Pinterest for WooCommerce to continue using this plugin and keep your store connected with Pinterest. To update, visit <strong>Plugins &gt; Installed Plugins</strong>, and click on “update now” under Pinterest for WooCommerce.','{}','pending','woocommerce.com','2024-01-27 16:15:55',NULL,0,'plain','',0,0,'info'),(24,'store_setup_survey_survey_q2_2022','survey','en_US','How is your store setup going?','Our goal is to make sure you have all the right tools to start setting up your store in the smoothest way possible.\r\nWe’d love to know if we hit our mark and how we can improve. To collect your thoughts, we made a 2-minute survey.','{}','unactioned','woocommerce.com','2024-02-04 05:21:47',NULL,0,'plain','',0,1,'info'),(25,'woocommerce-payments-august-2022-need-to-update','update','en_US','Action required: Please update WooCommerce Payments','An updated secure version of WooCommerce Payments is available – please ensure that you’re using the latest patch version. For more information on what action you need to take, please review the article below.','{}','pending','woocommerce.com','2024-01-27 16:15:55',NULL,0,'plain','',0,0,'info'),(26,'woocommerce-payments-august-2022-store-patched','update','en_US','WooCommerce Payments has been automatically updated','You’re now running the latest secure version of WooCommerce Payments. We’ve worked with the WordPress Plugins team to deploy a security update to stores running WooCommerce Payments (version 3.9 to 4.5). For further information, please review the article below.','{}','pending','woocommerce.com','2024-01-27 16:15:55',NULL,0,'plain','',0,0,'info'),(27,'needs-update-eway-payment-gateway-rin-2022-12-20','update','en_US','Security vulnerability patched in WooCommerce Eway Gateway','In response to a potential vulnerability identified in WooCommerce Eway Gateway versions 3.1.0 to 3.5.0, we’ve worked to deploy security fixes and have released an updated version.\r\nNo external exploits have been detected, but we recommend you update to your latest supported version 3.1.26, 3.2.3, 3.3.1, 3.4.6, or 3.5.1','{}','pending','woocommerce.com','2024-01-27 16:15:55',NULL,0,'plain','',0,0,'info'),(28,'updated-eway-payment-gateway-rin-2022-12-20','update','en_US','WooCommerce Eway Gateway has been automatically updated','Your store is now running the latest secure version of WooCommerce Eway Gateway. We worked with the WordPress Plugins team to deploy a software update to stores running WooCommerce Eway Gateway (versions 3.1.0 to 3.5.0) in response to a security vulnerability that was discovered.','{}','pending','woocommerce.com','2024-01-27 16:15:55',NULL,0,'plain','',0,0,'info'),(29,'ecomm-wc-navigation-survey-2023','info','en_US','Navigating WooCommerce on WordPress.com','We are improving the WooCommerce navigation on WordPress.com and would love your help to make it better! Please share your experience with us in this 2-minute survey.','{}','pending','woocommerce.com','2024-01-27 16:15:55',NULL,0,'plain','',0,0,'info'),(30,'woopay-beta-merchantrecruitment-04MAY23','info','en_US','Increase conversions with WooPay — our fastest checkout yet','WooPay, a new express checkout feature built into WooCommerce Payments, is now available —and we’re inviting you to be one of the first to try it. \r\n<br><br>\r\nBoost conversions by offering your customers a simple, secure way to pay with a single click.\r\n<br><br>\r\nGet started in seconds.','{}','pending','woocommerce.com','2024-01-27 16:15:55',NULL,0,'plain','',0,0,'info'),(31,'woocommerce-wcpay-march-2023-update-needed','update','en_US','Action required: Security update for WooCommerce Payments','<strong>Your store requires a security update for WooCommerce Payments</strong>. Please update to the latest version of WooCommerce Payments immediately to address a potential vulnerability discovered on March 22. For more information on how to update, visit this WooCommerce Developer Blog Post.','{}','pending','woocommerce.com','2024-01-27 16:15:55',NULL,0,'plain','',0,0,'info'),(32,'tap_to_pay_iphone_q2_2023_no_wcpay','marketing','en_US','Accept in-person contactless payments on your iPhone','Tap to Pay on iPhone and WooCommerce Payments is quick, secure, and simple to set up — no extra terminals or card readers are needed. Accept contactless debit and credit cards, Apple Pay, and other NFC digital wallets in person.','{}','pending','woocommerce.com','2024-01-27 16:15:55',NULL,0,'plain','',0,0,'info'),(33,'woocommerce-WCPreOrders-april-2023-update-needed','update','en_US','Action required: Security update of WooCommerce Pre-Orders extension','<strong>Your store requires a security update for the WooCommerce Pre-Orders extension</strong>. Please update the WooCommerce Pre-Orders extension immediately to address a potential vulnerability discovered on April 11.','{}','pending','woocommerce.com','2024-01-27 16:15:55',NULL,0,'plain','',0,0,'info'),(34,'woopay-beta-merchantrecruitment-update-04MAY23','info','en_US','Increase conversions with WooPay — our fastest checkout yet','WooPay, a new express checkout feature built into WooCommerce Payments, is now available — and you’re invited to try it. \r\n<br /><br />\r\nBoost conversions by offering your customers a simple, secure way to pay with a single click.\r\n<br /><br />\r\nUpdate WooCommerce Payments to get started.','{}','pending','woocommerce.com','2024-01-27 16:15:55',NULL,0,'plain','',0,0,'info'),(35,'woopay-beta-existingmerchants-noaction-27APR23','info','en_US','WooPay is back!','Thanks for previously trying WooPay, the express checkout feature built into WooCommerce Payments. We’re excited to announce that WooPay availability has resumed. No action is required on your part.\r\n<br /><br />\r\nYou can now continue boosting conversions by offering your customers a simple, secure way to pay with a single click.','{}','pending','woocommerce.com','2024-01-27 16:15:55',NULL,0,'plain','',0,0,'info'),(36,'woopay-beta-existingmerchants-update-27APR23','info','en_US','WooPay is back!','Thanks for previously trying WooPay, the express checkout feature built into WooCommerce Payments. We’re excited to announce that WooPay availability has resumed.\r\n<br /><br />\r\n\r\nUpdate to the latest WooCommerce Payments version to continue boosting conversions by offering your customers a simple, secure way to pay with a single click.','{}','pending','woocommerce.com','2024-01-27 16:15:55',NULL,0,'plain','',0,0,'info'),(37,'woopay-beta-merchantrecruitment-short-04MAY23','info','en_US','Increase conversions with WooPay — our fastest checkout yet','Be one of the first to try WooPay, a new express checkout feature for WooCommerce Payments. \r\n<br><br>\r\nBoost conversions by letting customers pay with a single click.','{}','pending','woocommerce.com','2024-01-27 16:15:55',NULL,0,'plain','',0,0,'info'),(38,'woopay-beta-merchantrecruitment-short-update-04MAY23','info','en_US','Increase conversions with WooPay — our fastest checkout yet','Be one of the first to try WooPay, our new express checkout feature. <br>Boost conversions by letting customers pay with a single click. <br><br>Update to the latest version of WooCommerce Payments to get started.','{}','pending','woocommerce.com','2024-01-27 16:15:55',NULL,0,'plain','',0,0,'info'),(39,'woopay-beta-merchantrecruitment-short-06MAY23-TESTA','info','en_US','Increase conversions with WooPay — our fastest checkout yet','Be one of the first to try WooPay, a new express checkout feature for WooCommerce Payments. \r\n<br><br>\r\nBoost conversions by letting customers pay with a single click.','{}','pending','woocommerce.com','2024-01-27 16:15:55',NULL,0,'plain','',0,0,'info'),(40,'woopay-beta-merchantrecruitment-short-06MAY23-TESTB','info','en_US','Increase conversions with WooPay — our fastest checkout yet','Be one of the first to try WooPay, a new express checkout feature for WooCommerce Payments. \r\n<br><br>\r\nBoost conversions by letting customers pay with a single click.','{}','pending','woocommerce.com','2024-01-27 16:15:55',NULL,0,'plain','',0,0,'info'),(41,'woopay-beta-merchantrecruitment-short-06MAY23-TESTC','info','en_US','Increase conversions with WooPay — our fastest checkout yet','Be one of the first to try WooPay, a new express checkout feature for WooCommerce Payments. \r\n<br><br>\r\nBoost conversions by letting customers pay with a single click.','{}','pending','woocommerce.com','2024-01-27 16:15:55',NULL,0,'plain','',0,0,'info'),(42,'woopay-beta-merchantrecruitment-short-06MAY23-TESTD','info','en_US','Increase conversions with WooPay — our fastest checkout yet','Be one of the first to try WooPay, a new express checkout feature for WooCommerce Payments. \r\n<br><br>\r\nBoost conversions by letting customers pay with a single click.','{}','pending','woocommerce.com','2024-01-27 16:15:55',NULL,0,'plain','',0,0,'info'),(43,'woopay-beta-merchantrecruitment-short-09MAY23','info','en_US','Increase conversions with WooPay — our fastest checkout yet','Be one of the first to try WooPay, a new express checkout feature for WooCommerce Payments. \r\n<br><br>\r\nBoost conversions by letting customers pay with a single click.','{}','pending','woocommerce.com','2024-01-27 16:15:55',NULL,0,'plain','',0,0,'info'),(44,'woopay-beta-merchantrecruitment-short-update-09MAY23','info','en_US','Increase conversions with WooPay — our fastest checkout yet','Be one of the first to try WooPay, our new express checkout feature. <br>Boost conversions by letting customers pay with a single click. <br><br>Update to the latest version of WooCommerce Payments to get started.','{}','pending','woocommerce.com','2024-01-27 16:15:55',NULL,0,'plain','',0,0,'info'),(45,'woocommerce-WCstripe-May-2023-updated-needed','update','en_US','Action required: Security update of WooCommerce Stripe plugin','<strong>Your store requires a security update for the WooCommerce Stripe plugin</strong>. Please update the WooCommerce Stripe plugin immediately to address a potential vulnerability.','{}','pending','woocommerce.com','2024-01-27 16:15:55',NULL,0,'plain','',0,0,'info'),(46,'woocommerce-WCPayments-June-2023-updated-needed','update','en_US','Action required: Security update of WooCommerce Payments','<strong>Your store requires a security update for the WooCommerce Payments plugin</strong>. Please update the WooCommerce Payments plugin immediately to address a potential vulnerability.','{}','pending','woocommerce.com','2024-01-27 16:15:55',NULL,0,'plain','',0,0,'info'),(47,'woocommerce-WCSubscriptions-June-2023-updated-needed','marketing','en_US','Action required: Security update of WooCommerce Subscriptions','<strong>Your store requires a security update for the WooCommerce Subscriptions plugin</strong>. Please update the WooCommerce Subscriptions plugin immediately to address a potential vulnerability.','{}','pending','woocommerce.com','2024-01-27 16:15:55',NULL,0,'plain','',0,0,'info'),(48,'woocommerce-WCReturnsWarranty-June-2023-updated-needed','update','en_US','Action required: Security update of WooCommerce Returns and Warranty Requests extension','<strong>Your store requires a security update for the Returns and Warranty Requests extension</strong>.  Please update to the latest version of the WooCommerce Returns and Warranty Requests extension immediately to address a potential vulnerability discovered on May 31.','{}','pending','woocommerce.com','2024-01-27 16:15:55',NULL,0,'plain','',0,0,'info'),(49,'woocommerce-WCOPC-June-2023-updated-needed','update','en_US','Action required: Security update of WooCommerce One Page Checkout','<strong>Your shop requires a security update to address a vulnerability in the WooCommerce One Page Checkout extension</strong>. The fix for this vulnerability was released for this extension on June 13th. Please update immediately.','{}','pending','woocommerce.com','2024-01-27 16:15:55',NULL,0,'plain','',0,0,'info'),(50,'woocommerce-WCGC-July-2023-update-needed','update','en_US','Action required: Security update of WooCommerce GoCardless Extension','<strong>Your shop requires a security update to address a vulnerability in the WooCommerce GoCardless extension</strong>. The fix for this vulnerability was released on July 4th. Please update immediately.','{}','pending','woocommerce.com','2024-01-27 16:15:55',NULL,0,'plain','',0,0,'info'),(51,'woocommerce-shipping-fedex-api-outage-2023-07-16','warning','en_US','Scheduled FedEx API outage — July 2023','On July 16 there will be a full outage of the FedEx API from 04:00 to 08:00 AM UTC. Due to planned maintenance by FedEx, you\'ll be unable to provide FedEx shipping rates during this time. Follow the link below for more information and recommendations on how to minimize impact.','{}','pending','woocommerce.com','2024-01-27 16:15:55',NULL,0,'plain','',0,0,'info'),(52,'wcship-2023-07-hazmat-update-needed','update','en_US','Action required: USPS HAZMAT compliance update for WooCommerce Shipping & Tax extension','<strong>Your store requires an update for the WooCommerce Shipping extension</strong>. Please update to the latest version of the WooCommerce Shipping &amp; Tax extension immediately to ensure compliance with new USPS HAZMAT rules currently in effect.','{}','pending','woocommerce.com','2024-01-27 16:15:55',NULL,0,'plain','',0,0,'info'),(53,'woocommerce-WCStripe-Aug-2023-update-needed','update','en_US','Action required: Security update for WooCommerce Stripe plugin','<strong>Your shop requires an important security update for the  WooCommerce Stripe plugin</strong>. The fix for this vulnerability was released on July 31. Please update immediately.','{}','pending','woocommerce.com','2024-01-27 16:15:55',NULL,0,'plain','',0,0,'info'),(54,'woocommerce-WCStripe-Aug-2023-security-updated','update','en_US','Security update of WooCommerce Stripe plugin','<strong>Your store has been updated to the latest secure version of the WooCommerce Stripe plugin</strong>. This update was released on July 31.','{}','pending','woocommerce.com','2024-01-27 16:15:55',NULL,0,'plain','',0,0,'info'),(55,'woocommerce-WooPayments-Aug-2023-update-needed','update','en_US','Action required: Security update for WooPayments (WooCommerce Payments) plugin','<strong>Your shop requires an important security update for the WooPayments (WooCommerce Payments) extension</strong>. The fix for this vulnerability was released on July 31. Please update immediately.','{}','pending','woocommerce.com','2024-01-27 16:15:55',NULL,0,'plain','',0,0,'info'),(56,'woocommerce-WooPayments-Aug-2023-security-updated','update','en_US','Security update of WooPayments (WooCommerce Payments) plugin','<strong>Your store has been updated to the more secure version of WooPayments (WooCommerce Payments)</strong>. This update was released on July 31.','{}','pending','woocommerce.com','2024-01-27 16:15:55',NULL,0,'plain','',0,0,'info'),(57,'avalara_q3-2023_noAvaTax','marketing','en_US','Automatically calculate VAT in real time','Take the effort out of determining tax rates and sell confidently across borders with automated tax management from Avalara AvaTax— including built-in VAT calculation when you sell into or across the EU and UK. Save time and stay compliant when you let Avalara do the heavy lifting.','{}','pending','woocommerce.com','2024-01-27 16:15:55',NULL,0,'plain','',0,0,'info'),(58,'woo-activation-survey-blockers-22AUG23','info','en_US','How can we help you get that first sale?','Your feedback is vital. Please take a minute to share your experience of setting up your new store and whether anything is preventing you from making those first few sales. Together, we can make Woo even better!','{}','unactioned','woocommerce.com','2024-01-27 16:15:55',NULL,0,'plain','',0,0,'info'),(59,'woocommerce-usermeta-Sept2023-productvendors','update','en_US','Your store requires a security update','<strong>Your shop needs an update to address a vulnerability in WooCommerce.</strong> The fix was released on Sept 15. Please update WooCommerce to the latest version immediately. <a href=\"https://developer.woocommerce.com/2023/09/16/woocommerce-vulnerability-reintroduced-from-7-0-1/\" />Read our developer update</a> for more information.','{}','pending','woocommerce.com','2024-01-27 16:15:55',NULL,0,'plain','',0,0,'info'),(60,'woocommerce-STRIPE-Oct-2023-update-needed','update','en_US','Action required: Security update for WooCommerce Stripe Gateway','<strong>Your shop requires a security update to address a vulnerability in the WooCommerce Stripe Gateway</strong>. The fix for this vulnerability was released on October 17. Please update immediately.','{}','pending','woocommerce.com','2024-01-27 16:15:55',NULL,0,'plain','',0,0,'info'),(61,'amazon-mcf-reviews-2023-12-07','marketing','en_US','Enjoying Amazon MCF for WooCommerce?','We\'re Never Settle, the developers behind Amazon MCF for WooCommerce, and would be deeply honored to have your review. Reviews help immensely as other users can learn how MCF can solve their needs too! Not happy or need help? Please reach out for support and we’d love to make things right!','{}','pending','woocommerce.com','2024-01-27 16:15:55',NULL,0,'plain','',0,0,'info'),(62,'amazon_pay_reactivate_q1-24','marketing','en_US','Special offer: Activate 0% promo rate for Amazon Pay','For a limited time, Woo merchants who register with Amazon Pay can enjoy a promotional rate of 0% on all transaction fees for 30 days. Valid for businesses based in the United Kingdom. Terms and conditions apply.','{}','pending','woocommerce.com','2024-01-27 16:15:55',NULL,0,'plain','',0,0,'info'),(63,'remove_estimated_deposits_2024','marketing','en_US','Estimated deposits are going away','To provide more accurate deposit information and support the expansion of instant deposits, estimated deposit details will no longer be available in WooPayments. We recommend upgrading to the latest version of WooPayments for more detailed balance status information.','{}','pending','woocommerce.com','2024-01-27 16:15:55',NULL,0,'plain','',0,0,'info'),(65,'wc-admin-choosing-a-theme','marketing','en_US','Choosing a theme?','Check out the themes that are compatible with WooCommerce and choose one aligned with your brand and business needs.','{}','actioned','woocommerce-admin','2024-01-28 16:17:14',NULL,0,'plain','',0,1,'info'),(66,'wc-admin-customizing-product-catalog','info','en_US','How to customise your product catalogue','You want your product catalogue and images to look great and align with your brand. This guide will give you all the tips you need to get your products looking great in your store.','{}','unactioned','woocommerce-admin','2024-01-28 16:17:14',NULL,0,'plain','',0,1,'info'),(67,'wc-admin-mobile-app','info','en_US','Install Woo mobile app','Install the WooCommerce mobile app to manage orders, receive sales notifications, and view key metrics – wherever you are.','{}','unactioned','woocommerce-admin','2024-01-29 16:10:36',NULL,0,'plain','',0,1,'info'),(68,'custom_order_attribution_inbox_q1_2024','marketing','en_US','NEW: Custom Order Attribution','Order attribution tracking is now available for all Woo stores! See whether an order came from a search ad, video, or email. Make better marketing decisions and watch your products go from “maybe” to “must-have.”','{}','pending','woocommerce.com','2024-02-07 05:21:48',NULL,0,'plain','',0,0,'info'),(69,'wc-update-db-reminder','update','en_US','WooCommerce database update done','WooCommerce database update complete. Thank you for updating to the latest version!','{}','unactioned','woocommerce-core','2024-02-16 18:57:10',NULL,0,'plain','',0,1,'info'),(70,'wc-admin-launch-checklist','info','en_US','Ready to launch your store?','To make sure you never get that sinking \"what did I forget\" feeling, we\'ve put together the essential pre-launch checklist.','{}','unactioned','woocommerce-admin','2024-02-24 16:10:03',NULL,0,'plain','',0,1,'info'),(72,'airwallex_q1_2024','marketing','en_US','Save big on foreign exchange (FX) fees','Boost your international sales by offering Apple Pay, Google Pay, and 60+ local payment methods with Airwallex. Save time and money by settling payments directly in USD, EUR, HKD, SGD, AUD, and more — without the extra FX fees. Simple, cost-effective, fast.','{}','unactioned','woocommerce.com','2024-03-01 16:40:48',NULL,0,'plain','',0,1,'info'),(73,'wc_admin_UKpricingchange_WCPay_Q1_2024','marketing','en_US','Fee Changes for WooPayments in the EEA and UK','WooPayments fees for transactions between the EEA and UK will change as of 1st March, 2024. Transactions between the UK and EEA are now deemed by card networks to be cross-border, thus international payment fees will be applicable. This also changes base processing fees.','{}','pending','woocommerce.com','2024-03-01 16:40:48',NULL,0,'plain','',0,0,'info'),(77,'checkout_survey_new_users','survey','en_US','We\'d like your feedback on WooCommerce checkout','Your feedback is essential for us to improve the WooCommerce checkout and increase your conversion rate, turning more visitors into customers. Answer a few questions to help us understand your experience. It shouldn\'t take more than 5 minutes of your time.','{}','unactioned','woocommerce.com','2024-04-25 16:12:13',NULL,0,'plain','',0,1,'info'),(78,'affirm_q2_2024','marketing','en_US','Boost sales and increase average order value with Affirm!','Affirm’s flexible payment options empower customers to get exactly what they want, while making budget-friendly payments. Remove the price barrier and make it even easier for your customers to upgrade, bundle, and add on — with no late fees and clear payment plans. \r\n\r\n* Subject to eligibility. Terms apply.','{}','pending','woocommerce.com','2024-04-25 16:12:13',NULL,0,'plain','',0,0,'info'),(79,'wc-admin-real-time-order-alerts','info','en_US','Get real-time order alerts anywhere','Get notifications about store activity, including new orders and product reviews directly on your mobile devices with the Woo app.','{}','unactioned','woocommerce-admin','2024-04-26 17:13:56',NULL,0,'plain','',0,1,'info'),(80,'checkout_survey_new_users_no_orders','survey','en_US','We\'d like your feedback on WooCommerce checkout','Your feedback is essential for us to improve the WooCommerce checkout and increase your conversion rate, turning more visitors into customers. Answer a few questions to help us understand your experience. It shouldn\'t take more than 5 minutes of your time.','{}','pending','woocommerce.com','2024-05-01 18:26:49',NULL,0,'plain','',0,0,'info'),(81,'wc-admin-orders-milestone','info','en_US','Congratulations on processing 10 orders!','You\'ve hit the 10 orders milestone! Look at you go. Browse some WooCommerce success stories for inspiration.','{\"current_milestone\":10}','unactioned','woocommerce-admin','2024-05-07 17:18:54',NULL,0,'plain','',0,1,'info'),(82,'wc-admin-new-sales-record','info','en_US','New sales record!','Woohoo, May 7th was your record day for sales! Net sales was £5,803.61 beating the previous record of £3,004.52 set on March 19th.','{\"old_record_date\":\"2024-03-19\",\"old_record_amt\":3004.51999999999998181010596454143524169921875,\"new_record_date\":\"2024-05-07\",\"new_record_amt\":5803.610000000000582076609134674072265625}','unactioned','woocommerce-admin','2024-05-08 16:15:59',NULL,0,'plain','',0,1,'info'),(83,'woocommerce-payfast-may-2024-update-needed','update','en_US','An important update is required for the Payfast Payment Gateway','<strong>Please update to the latest version of the Payfast Payment Gateway for WooCommerce immediately to address a security vulnerability</strong>. This update is required to ensure that your transactions continue to process.','{}','pending','woocommerce.com','2024-05-13 16:12:22',NULL,0,'plain','',0,0,'info');

--
-- Table structure for table `f1dqIoL_wc_category_lookup`
--

CREATE TABLE `f1dqIoL_wc_category_lookup` (
  `category_tree_id` bigint unsigned NOT NULL,
  `category_id` bigint unsigned NOT NULL,
  PRIMARY KEY (`category_tree_id`,`category_id`)
) ENGINE=InnoDB DEFAULT CHARSET=utf8mb4 COLLATE=utf8mb4_unicode_520_ci;

--
-- Dumping data for table `f1dqIoL_wc_category_lookup`
--

INSERT INTO `f1dqIoL_wc_category_lookup` VALUES (65,65),(65,116),(65,117),(65,118),(65,119),(65,120),(116,116),(117,117),(118,118),(119,119),(120,120),(308,308),(441,308),(441,441),(441,448),(441,491),(442,442),(442,548),(442,627),(442,628),(442,630),(442,631),(442,634),(442,635),(443,443),(445,445),(445,545),(446,446),(446,550),(446,569),(446,575),(448,448),(491,491),(545,545),(548,548),(550,550),(569,569),(575,575),(622,622),(622,623),(623,623),(627,627),(628,628),(630,630),(631,631),(634,634),(635,635);

--
-- Table structure for table `f1dqIoL_wc_customer_lookup`
--

CREATE TABLE `f1dqIoL_wc_customer_lookup` (
  `customer_id` bigint unsigned NOT NULL AUTO_INCREMENT,
  `user_id` bigint unsigned DEFAULT NULL,
  `username` varchar(60) CHARACTER SET utf8mb4 COLLATE utf8mb4_unicode_520_ci NOT NULL DEFAULT '',
  `first_name` varchar(255) CHARACTER SET utf8mb4 COLLATE utf8mb4_unicode_520_ci NOT NULL,
  `last_name` varchar(255) CHARACTER SET utf8mb4 COLLATE utf8mb4_unicode_520_ci NOT NULL,
  `email` varchar(100) CHARACTER SET utf8mb4 COLLATE utf8mb4_unicode_520_ci DEFAULT NULL,
  `date_last_active` timestamp NULL DEFAULT NULL,
  `date_registered` timestamp NULL DEFAULT NULL,
  `country` char(2) CHARACTER SET utf8mb4 COLLATE utf8mb4_unicode_520_ci NOT NULL DEFAULT '',
  `postcode` varchar(20) CHARACTER SET utf8mb4 COLLATE utf8mb4_unicode_520_ci NOT NULL DEFAULT '',
  `city` varchar(100) CHARACTER SET utf8mb4 COLLATE utf8mb4_unicode_520_ci NOT NULL DEFAULT '',
  `state` varchar(100) CHARACTER SET utf8mb4 COLLATE utf8mb4_unicode_520_ci NOT NULL DEFAULT '',
  PRIMARY KEY (`customer_id`),
  UNIQUE KEY `user_id` (`user_id`),
  KEY `email` (`email`)
) ENGINE=InnoDB AUTO_INCREMENT=37 DEFAULT CHARSET=utf8mb4 COLLATE=utf8mb4_unicode_520_ci;

--
-- Dumping data for table `f1dqIoL_wc_customer_lookup`
--

INSERT INTO `f1dqIoL_wc_customer_lookup` VALUES (1,2,'rsakshaya','','','rsakshaya@hotmail.com','2024-03-12 00:00:00','2024-02-09 18:44:41','','','',''),(2,4,'lovetack81','Jeyaruban','Ganeshalingham','lovetack@hotmail.co.uk','2024-05-21 21:10:33','2024-02-22 12:36:22','GB','LL30 2DQ','Llandudno',''),(3,3,'Treforris superstore','Kamalanathan','Thillainathan','kamal_nithi@hotmail.com','2024-02-26 00:00:00','2024-02-22 12:11:47','GB','LL34 6UB','Dwygyfylchi','Conwy'),(4,6,'user123','','','user123@gmail.com','2024-02-26 00:00:00','2024-02-22 18:48:05','','','',''),(6,9,'altonexpress20','','','altonexpress20@gmail.com','2024-03-17 00:00:00','2024-03-17 15:23:36','','','',''),(7,10,'jtkemporiumltd','','','jtkemporiumltd@gmail.com','2024-03-18 00:00:00','2024-03-17 20:22:31','','','',''),(8,8,'wholesaleeuk','jeyaruban','ganeshalingam','lovetack@hotmail.co.uk','2024-03-19 12:13:35','2024-03-17 07:50:45','','LL30 2DQ','Llandudno',''),(9,11,'vathani0116','Thanenthiran','Selvavelayutham','vathani0116@gmail.com','2024-03-19 12:28:21','2024-03-19 10:12:01','GB','LL28 4LG','Rhos on Sea',''),(10,12,'kumarvijai01','','','kumarvijai01@gmail.com','2024-03-20 00:00:00','2024-03-20 16:46:23','','','',''),(31,35,'kamal_nithi','Kamalanathan','Thillainathan','kamal_nithi@hotmail.co.uk','2024-05-07 16:15:09','2024-04-28 09:51:55','GB','LL34 6UB','Penmaenmawr',''),(32,36,'ernestthashvin','Thananjcheliyan Ernest','Ernest','ernestnithish@gmail.com','2024-05-22 20:06:11','2024-05-02 11:18:13','GB','LL18 4LT','Rhyl',''),(33,37,'pparunan','Arunan','Perinpanayagam','pparunan@hotmail.co.uk','2024-05-09 18:33:18','2024-05-07 07:51:57','GB','LL11 5AG','Brymbo',''),(34,38,'gowshop22','gowthaman','karunakaran','gowshop22@gmail.com','2024-05-07 15:20:05','2024-05-07 12:04:40','GB','LL18 1SH','rhyl',''),(35,39,'sritharma94','Uthajashiry','Tharmalingam','sritharma94@gmail.com','2024-05-07 23:17:18','2024-05-07 22:01:01','GB','LL19 7HF','Prestatyn',''),(36,NULL,'','','','','2024-05-11 01:42:42',NULL,'','','','');

--
-- Table structure for table `f1dqIoL_wc_download_log`
--

CREATE TABLE `f1dqIoL_wc_download_log` (
  `download_log_id` bigint unsigned NOT NULL AUTO_INCREMENT,
  `timestamp` datetime NOT NULL,
  `permission_id` bigint unsigned NOT NULL,
  `user_id` bigint unsigned DEFAULT NULL,
  `user_ip_address` varchar(100) CHARACTER SET utf8mb4 COLLATE utf8mb4_unicode_520_ci DEFAULT '',
  PRIMARY KEY (`download_log_id`),
  KEY `permission_id` (`permission_id`),
  KEY `timestamp` (`timestamp`)
) ENGINE=InnoDB DEFAULT CHARSET=utf8mb4 COLLATE=utf8mb4_unicode_520_ci;

--
-- Dumping data for table `f1dqIoL_wc_download_log`
--


--
-- Table structure for table `f1dqIoL_wc_order_addresses`
--

CREATE TABLE `f1dqIoL_wc_order_addresses` (
  `id` bigint unsigned NOT NULL AUTO_INCREMENT,
  `order_id` bigint unsigned NOT NULL,
  `address_type` varchar(20) CHARACTER SET utf8mb4 COLLATE utf8mb4_unicode_520_ci DEFAULT NULL,
  `first_name` text CHARACTER SET utf8mb4 COLLATE utf8mb4_unicode_520_ci,
  `last_name` text CHARACTER SET utf8mb4 COLLATE utf8mb4_unicode_520_ci,
  `company` text CHARACTER SET utf8mb4 COLLATE utf8mb4_unicode_520_ci,
  `address_1` text CHARACTER SET utf8mb4 COLLATE utf8mb4_unicode_520_ci,
  `address_2` text CHARACTER SET utf8mb4 COLLATE utf8mb4_unicode_520_ci,
  `city` text CHARACTER SET utf8mb4 COLLATE utf8mb4_unicode_520_ci,
  `state` text CHARACTER SET utf8mb4 COLLATE utf8mb4_unicode_520_ci,
  `postcode` text CHARACTER SET utf8mb4 COLLATE utf8mb4_unicode_520_ci,
  `country` text CHARACTER SET utf8mb4 COLLATE utf8mb4_unicode_520_ci,
  `email` varchar(320) CHARACTER SET utf8mb4 COLLATE utf8mb4_unicode_520_ci DEFAULT NULL,
  `phone` varchar(100) CHARACTER SET utf8mb4 COLLATE utf8mb4_unicode_520_ci DEFAULT NULL,
  PRIMARY KEY (`id`),
  UNIQUE KEY `address_type_order_id` (`address_type`,`order_id`),
  KEY `order_id` (`order_id`),
  KEY `email` (`email`(191)),
  KEY `phone` (`phone`)
) ENGINE=InnoDB AUTO_INCREMENT=39 DEFAULT CHARSET=utf8mb4 COLLATE=utf8mb4_unicode_520_ci;

--
-- Dumping data for table `f1dqIoL_wc_order_addresses`
--

INSERT INTO `f1dqIoL_wc_order_addresses` VALUES (1,24211,'billing','Jeyaruban','Ganeshalingham','Premier Stores','48-49 Alexandra Road',NULL,'Llandudno','Conwy','LL30 2DQ',NULL,'lovetack@hotmail.co.uk','+447977706618'),(2,24212,'billing','Jeyaruban','Ganeshalingham','Premier Stores','48-49 Alexandra Road',NULL,'Llandudno','Conwy','LL30 2DQ',NULL,'lovetack@hotmail.co.uk','+447977706618'),(3,24554,'billing','Jeyaruban','Ganeshalingham','Premier Stores','48-49 Alexandra Road',NULL,'Llandudno','Conwy','LL30 2DQ',NULL,'lovetack@hotmail.co.uk','+447977706618'),(4,24555,'billing','Jeyaruban','Ganeshalingham','Premier Stores','48-49 Alexandra Road',NULL,'Llandudno','Conwy','LL30 2DQ',NULL,'lovetack@hotmail.co.uk','+447977706618'),(5,24556,'billing','Jeyaruban','Ganeshalingham','Premier Stores','48-49 Alexandra Road',NULL,'Llandudno','Conwy','LL30 2DQ',NULL,'lovetack@hotmail.co.uk','+447977706618'),(6,25196,'billing','jeyaruban','ganeshalingam','Alexandra Stores','48-49 Alexandra Road',NULL,'Llandudno',NULL,'LL30 2DQ',NULL,'lovetack@hotmail.co.uk','+447977706618'),(7,25196,'shipping','jeyaruban','ganeshalingam','Alexandra Stores','48-49 Alexandra Road',NULL,'Llandudno',NULL,'LL30 2DQ','GB',NULL,NULL),(8,25197,'billing','Thanenthiran','Selvavelayutham','Penrhyn Store','106 Penrhyn Avenue',NULL,'Rhos on Sea',NULL,'LL28 4LG','GB','vathani0116@gmail.com','07482793726'),(9,25197,'shipping','Thanenthiran','Selvavelayutham','Penrhyn Store','106 Penrhyn Avenue',NULL,'Rhos on Sea',NULL,'LL28 4LG','GB',NULL,NULL),(10,25198,'billing','Jeyaruban','Ganeshalingham','Premier Stores','48-49 Alexandra Road',NULL,'Llandudno',NULL,'LL30 2DQ','GB','lovetack@hotmail.co.uk','+447977706618'),(11,25198,'shipping','Jeyaruban','Ganeshalingham','Premier Stores','48-49 Alexandra Road',NULL,'Llandudno',NULL,'LL30 2DQ','GB',NULL,NULL),(12,25228,'billing','Jeyaruban','Ganeshalingham','Premier Stores','48-49 Alexandra Road',NULL,'Llandudno',NULL,'LL30 2DQ','GB','lovetack@hotmail.co.uk','+447977706618'),(13,25228,'shipping','Jeyaruban','Ganeshalingham','Premier Stores','48-49 Alexandra Road',NULL,'Llandudno',NULL,'LL30 2DQ','GB',NULL,NULL),(14,25234,'billing','Jeyaruban','Ganeshalingham','Premier Stores','48-49 Alexandra Road',NULL,'Llandudno',NULL,'LL30 2DQ','GB','lovetack@hotmail.co.uk','+447977706618'),(15,25234,'shipping','Jeyaruban','Ganeshalingham','Premier Stores','48-49 Alexandra Road',NULL,'Llandudno',NULL,'LL30 2DQ','GB',NULL,NULL),(16,25235,'billing','Jeyaruban','Ganeshalingham','Premier Stores','48-49 Alexandra Road',NULL,'Llandudno',NULL,'LL30 2DQ','GB','lovetack@hotmail.co.uk','+447977706618'),(17,25235,'shipping','Jeyaruban','Ganeshalingham','Premier Stores','48-49 Alexandra Road',NULL,'Llandudno',NULL,'LL30 2DQ','GB',NULL,NULL),(18,25245,'billing','Jeyaruban','Ganeshalingham','Premier Stores','48-49 Alexandra Road',NULL,'Llandudno',NULL,'LL30 2DQ','GB','lovetack@hotmail.co.uk','+447977706618'),(19,25245,'shipping','Jeyaruban','Ganeshalingham','Premier Stores','48-49 Alexandra Road',NULL,'Llandudno',NULL,'LL30 2DQ','GB',NULL,NULL),(20,25602,'billing','Jeyaruban','Ganeshalingham','Premier Stores','48-49 Alexandra Road',NULL,'Llandudno',NULL,'LL30 2DQ','GB','lovetack@hotmail.co.uk','+447977706618'),(21,25602,'shipping','Jeyaruban','Ganeshalingham','Premier Stores','48-49 Alexandra Road',NULL,'Llandudno',NULL,'LL30 2DQ','GB',NULL,NULL),(22,25603,'billing','Thananjcheliyan Ernest','Ernest','Nishanthini ltd','43 trellewelyn Road',NULL,'Rhyl',NULL,'LL18 4LT','GB','ernestnithish@gmail.com','07752652321'),(23,25603,'shipping','Thananjcheliyan Ernest','Ernest','Nishanthini ltd','43 trellewelyn Road',NULL,'Rhyl',NULL,'LL18 4LT','GB',NULL,NULL),(24,26030,'billing','Gowthaman','Karunakaran','gk convenience store','29 sussex street',NULL,'rhyl',NULL,'LL18 1SH','GB','gowshop22@gmail.com','074781004441'),(25,26030,'shipping','Gowthaman','Karunakaran','gk convenience store','29 sussex street',NULL,'rhyl',NULL,'LL18 1SH','GB',NULL,NULL),(26,26032,'billing','Kamalanathan','Thillainathan','Treforris superstore','Treforris road',NULL,'Penmaenmawr',NULL,'LL34 6UB','GB','kamal_nithi@hotmail.co.uk','07867387950'),(27,26032,'shipping','Kamalanathan','Thillainathan','Treforris superstore','Treforris road',NULL,'Penmaenmawr',NULL,'LL34 6UB','GB',NULL,NULL),(28,26033,'billing','Uthajashiry','Tharmalingam','Premier','9-10 stastion Road',NULL,'Prestatyn',NULL,'LL19 7HF','GB','sritharma94@gmail.com','07743255025'),(29,26033,'shipping','Uthajashiry','Tharmalingam','Premier','9-10 stastion Road',NULL,'Prestatyn',NULL,'LL19 7HF','GB',NULL,NULL),(30,26038,'billing','Arunan','Perinpanayagam','Premier store','Offa street',NULL,'Brymbo',NULL,'LL11 5AG','GB','pparunan@hotmail.co.uk','07889966069'),(31,26038,'shipping','Arunan','Perinpanayagam','Premier store','Offa street',NULL,'Brymbo',NULL,'LL11 5AG','GB',NULL,NULL),(32,26044,'shipping',NULL,NULL,NULL,'48-49 Alexandra Road',NULL,'Llandudno',NULL,'LL30 2DQ','GB',NULL,NULL),(33,26059,'billing','Thananjcheliyan Ernest','Ernest','Nishanthini ltd','43 trellewelyn Road',NULL,'Rhyl',NULL,'LL18 4LT','GB','ernestnithish@gmail.com','07752652321'),(34,26059,'shipping','Thananjcheliyan Ernest','Ernest','Nishanthini ltd','43 trellewelyn Road',NULL,'Rhyl',NULL,'LL18 4LT','GB',NULL,NULL),(35,26233,'billing','Jeyaruban','Ganeshalingham','Alexandra stores','48-49 Alexandra Road',NULL,'Llandudno',NULL,'LL30 2DQ','GB','lovetack@hotmail.co.uk','+447977706618'),(36,26233,'shipping','Jeyaruban','Ganeshalingham','Alexandra stores','48-49 Alexandra Road',NULL,'Llandudno',NULL,'LL30 2DQ','GB',NULL,NULL),(37,26234,'billing','Thananjcheliyan Ernest','Ernest','Nishanthini ltd','43 trellewelyn Road',NULL,'Rhyl',NULL,'LL18 4LT','GB','ernestnithish@gmail.com','07752652321'),(38,26234,'shipping','Thananjcheliyan Ernest','Ernest','Nishanthini ltd','43 trellewelyn Road',NULL,'Rhyl',NULL,'LL18 4LT','GB',NULL,NULL);

--
-- Table structure for table `f1dqIoL_wc_order_coupon_lookup`
--

CREATE TABLE `f1dqIoL_wc_order_coupon_lookup` (
  `order_id` bigint unsigned NOT NULL,
  `coupon_id` bigint NOT NULL,
  `date_created` datetime NOT NULL DEFAULT '0000-00-00 00:00:00',
  `discount_amount` double NOT NULL DEFAULT '0',
  PRIMARY KEY (`order_id`,`coupon_id`),
  KEY `coupon_id` (`coupon_id`),
  KEY `date_created` (`date_created`)
) ENGINE=InnoDB DEFAULT CHARSET=utf8mb4 COLLATE=utf8mb4_unicode_520_ci;

--
-- Dumping data for table `f1dqIoL_wc_order_coupon_lookup`
--


--
-- Table structure for table `f1dqIoL_wc_order_operational_data`
--

CREATE TABLE `f1dqIoL_wc_order_operational_data` (
  `id` bigint unsigned NOT NULL AUTO_INCREMENT,
  `order_id` bigint unsigned DEFAULT NULL,
  `created_via` varchar(100) CHARACTER SET utf8mb4 COLLATE utf8mb4_unicode_520_ci DEFAULT NULL,
  `woocommerce_version` varchar(20) CHARACTER SET utf8mb4 COLLATE utf8mb4_unicode_520_ci DEFAULT NULL,
  `prices_include_tax` tinyint(1) DEFAULT NULL,
  `coupon_usages_are_counted` tinyint(1) DEFAULT NULL,
  `download_permission_granted` tinyint(1) DEFAULT NULL,
  `cart_hash` varchar(100) CHARACTER SET utf8mb4 COLLATE utf8mb4_unicode_520_ci DEFAULT NULL,
  `new_order_email_sent` tinyint(1) DEFAULT NULL,
  `order_key` varchar(100) CHARACTER SET utf8mb4 COLLATE utf8mb4_unicode_520_ci DEFAULT NULL,
  `order_stock_reduced` tinyint(1) DEFAULT NULL,
  `date_paid_gmt` datetime DEFAULT NULL,
  `date_completed_gmt` datetime DEFAULT NULL,
  `shipping_tax_amount` decimal(26,8) DEFAULT NULL,
  `shipping_total_amount` decimal(26,8) DEFAULT NULL,
  `discount_tax_amount` decimal(26,8) DEFAULT NULL,
  `discount_total_amount` decimal(26,8) DEFAULT NULL,
  `recorded_sales` tinyint(1) DEFAULT NULL,
  PRIMARY KEY (`id`),
  UNIQUE KEY `order_id` (`order_id`),
  KEY `order_key` (`order_key`)
) ENGINE=InnoDB AUTO_INCREMENT=178 DEFAULT CHARSET=utf8mb4 COLLATE=utf8mb4_unicode_520_ci;

--
-- Dumping data for table `f1dqIoL_wc_order_operational_data`
--

INSERT INTO `f1dqIoL_wc_order_operational_data` VALUES (1,24211,'checkout','8.6.1',0,0,0,'18165347c8a5731557e5957b76ba1396',1,'wc_order_W8JQ2iUMINLCb',0,NULL,NULL,0.00000000,0.00000000,0.00000000,0.00000000,0),(6,24212,'checkout','8.6.1',0,0,0,'8deaa55feb8930e1993592deceeaad91',1,'wc_order_dli3x42vyuQoY',0,NULL,NULL,0.00000000,0.00000000,0.00000000,0.00000000,0),(11,24554,'checkout','8.6.1',0,0,0,'18e90f9b61abf5eef5461a66f4c945fa',0,'wc_order_3b1oiK6WDLbkb',0,NULL,NULL,0.00000000,0.00000000,0.00000000,0.00000000,0),(12,24555,'checkout','8.6.1',0,0,0,'7a252416d5959b1cb9634a8a1b0d948b',0,'wc_order_d7crSThWDBXdq',0,NULL,NULL,0.00000000,0.00000000,0.00000000,0.00000000,0),(13,24556,'checkout','8.7.0',0,1,1,'641f84a2b83e3b84625c30f8887b9bb0',1,'wc_order_dchLomRwVnM1X',1,'2024-03-10 09:58:42','2024-03-10 10:01:09',0.00000000,0.00000000,0.00000000,0.00000000,1),(27,25196,'checkout','8.6.1',0,0,0,'f7b9b13952fd13b44fe574644ca4d9ea',0,'wc_order_F3I93k4bEkaWT',0,NULL,NULL,0.00000000,9.99000000,0.00000000,0.00000000,0),(28,25197,'checkout','8.7.0',0,1,1,'c605ecea94543b61434c188f6435496b',1,'wc_order_HM8eyx80so2Q4',1,'2024-03-19 14:28:19','2024-03-22 18:52:17',0.00000000,0.00000000,0.00000000,0.00000000,1),(33,25198,'checkout','8.7.0',0,1,1,'84fd1868c099e7ed6e20095040fac138',1,'wc_order_EkqnaLg8dLqI5',1,'2024-03-19 13:00:46','2024-03-22 18:52:20',0.00000000,0.00000000,0.00000000,0.00000000,1),(45,25228,'checkout','8.7.0',0,1,1,'3a80fc7e33b80b5e55c8b3db3404300d',1,'wc_order_IoE599CetEEfI',1,'2024-03-27 11:51:25','2024-03-28 09:56:52',0.00000000,9.99000000,0.00000000,0.00000000,1),(53,25232,NULL,'8.7.0',0,NULL,NULL,NULL,NULL,NULL,NULL,NULL,NULL,0.00000000,0.00000000,0.00000000,0.00000000,NULL),(57,25234,'checkout','8.7.0',0,1,1,'f74d027bdf2d6ac0b3e6d7d2367dd094',1,'wc_order_k4ny86Z7KVaog',1,'2024-04-11 05:03:38','2024-04-11 05:03:38',0.00000000,0.00000000,0.00000000,0.00000000,1),(64,25235,'checkout','8.7.0',0,1,1,'8d7a1b5d1ad2dc79d34d6057537abfd0',1,'wc_order_OOy5j5a9DjUXC',1,'2024-04-20 03:36:06','2024-04-20 03:37:12',0.00000000,0.00000000,0.00000000,0.00000000,1),(72,25245,'checkout','8.8.2',0,0,0,'ea297edad5344b05ad11f4ddca17862a',1,'wc_order_hogBI4N8miv33',0,NULL,NULL,0.00000000,9.99000000,0.00000000,0.00000000,0),(80,25602,'checkout','8.8.3',0,1,1,'1aab81e823f4e20b2f04dcc0649f7171',1,'wc_order_UAUBnMjjhoZKV',1,'2024-04-29 11:55:01','2024-05-03 15:33:34',0.00000000,0.00000000,0.00000000,0.00000000,1),(87,25603,'checkout','8.8.3',0,1,1,'6659ee7b12254dfae6e70b7d63d5cf8d',1,'wc_order_ojxn90Mud2NDR',1,'2024-05-02 11:55:14','2024-05-03 15:38:22',0.00000000,0.00000000,0.00000000,0.00000000,1),(95,25605,NULL,'8.8.3',0,NULL,NULL,NULL,NULL,NULL,NULL,NULL,NULL,0.00000000,0.00000000,0.00000000,0.00000000,NULL),(99,25606,NULL,'8.8.3',0,NULL,NULL,NULL,NULL,NULL,NULL,NULL,NULL,0.00000000,0.00000000,0.00000000,0.00000000,NULL),(102,26030,'checkout','8.8.3',0,1,1,'5a99f138ee8185deec5a0c8521a278a3',1,'wc_order_N83IWN69I2s88',1,'2024-05-07 15:37:01','2024-05-10 10:59:27',0.00000000,0.00000000,0.00000000,0.00000000,1),(109,26032,'checkout','8.8.3',0,1,1,'2087d2c878e3382123e91e88704aa97e',1,'wc_order_nACFtwkxgIohQ',1,'2024-05-07 16:37:26','2024-05-09 17:01:05',0.00000000,0.00000000,0.00000000,0.00000000,1),(116,26033,'checkout','8.8.3',0,1,1,'bd9a03307117845c0cf003610f687a24',1,'wc_order_6tSa9QkPn8x4A',1,'2024-05-08 10:08:12','2024-05-10 11:27:58',0.00000000,0.00000000,0.00000000,0.00000000,1),(123,26037,NULL,'8.8.3',0,NULL,NULL,NULL,NULL,NULL,NULL,NULL,NULL,0.00000000,0.00000000,0.00000000,0.00000000,NULL),(127,26038,'checkout','8.8.3',0,1,1,'533d867ae8dc8e54cef3ed5433f2116b',1,'wc_order_HmqMrnZtPsJeD',1,'2024-05-10 10:50:23','2024-05-13 10:00:38',0.00000000,9.99000000,0.00000000,0.00000000,1),(134,26041,NULL,'8.8.3',0,NULL,NULL,NULL,NULL,NULL,NULL,NULL,NULL,0.00000000,0.00000000,0.00000000,0.00000000,NULL),(138,26042,NULL,'8.8.3',0,NULL,NULL,NULL,NULL,NULL,NULL,NULL,NULL,0.00000000,0.00000000,0.00000000,0.00000000,NULL),(142,26044,'openpos','8.8.3',NULL,0,1,'03264dfc118e8aff9c9b50a12434bed2',1,'wc_order_YFE87V56Ugsiu',0,'2024-05-11 01:42:42',NULL,0.00000000,0.00000000,0.00000000,0.00000000,0),(155,26059,'checkout','8.9.0',0,1,1,'381edbec04ddc4b88e3766df233b8706',1,'wc_order_oPI4CIPKNBqZj',1,'2024-05-14 11:26:15','2024-05-17 09:23:44',0.00000000,0.00000000,0.00000000,0.00000000,1),(163,26061,NULL,'8.9.0',0,NULL,NULL,NULL,NULL,NULL,NULL,NULL,NULL,0.00000000,0.00000000,0.00000000,0.00000000,NULL),(166,26233,'checkout','8.9.1',0,1,1,'54964f6e9381173ef48719aa08ea7011',1,'wc_order_beY5YFB2KYSOO',1,'2024-05-23 04:57:38','2024-05-23 04:57:38',0.00000000,0.00000000,0.00000000,0.00000000,1),(171,26234,'checkout','8.9.1',0,1,0,'f12344d9f44781421481d01b37685a1c',1,'wc_order_00QgM8aZp6jzF',1,NULL,NULL,0.00000000,0.00000000,0.00000000,0.00000000,1);

--
-- Table structure for table `f1dqIoL_wc_order_product_lookup`
--

CREATE TABLE `f1dqIoL_wc_order_product_lookup` (
  `order_item_id` bigint unsigned NOT NULL,
  `order_id` bigint unsigned NOT NULL,
  `product_id` bigint unsigned NOT NULL,
  `variation_id` bigint unsigned NOT NULL,
  `customer_id` bigint unsigned DEFAULT NULL,
  `date_created` datetime NOT NULL DEFAULT '0000-00-00 00:00:00',
  `product_qty` int NOT NULL,
  `product_net_revenue` double NOT NULL DEFAULT '0',
  `product_gross_revenue` double NOT NULL DEFAULT '0',
  `coupon_amount` double NOT NULL DEFAULT '0',
  `tax_amount` double NOT NULL DEFAULT '0',
  `shipping_amount` double NOT NULL DEFAULT '0',
  `shipping_tax_amount` double NOT NULL DEFAULT '0',
  PRIMARY KEY (`order_item_id`),
  KEY `order_id` (`order_id`),
  KEY `product_id` (`product_id`),
  KEY `customer_id` (`customer_id`),
  KEY `date_created` (`date_created`)
) ENGINE=InnoDB DEFAULT CHARSET=utf8mb4 COLLATE=utf8mb4_unicode_520_ci;

--
-- Dumping data for table `f1dqIoL_wc_order_product_lookup`
--

INSERT INTO `f1dqIoL_wc_order_product_lookup` VALUES (1,24211,24141,0,2,'2024-02-24 23:19:47',20,239.8,239.8,0,0,0,0),(2,24212,24141,0,2,'2024-02-25 09:20:20',1,11.99,11.99,0,0,0,0),(3,24212,24138,0,2,'2024-02-25 09:20:20',1,26.99,26.99,0,0,0,0),(4,24212,24132,0,2,'2024-02-25 09:20:20',1,26.99,26.99,0,0,0,0),(5,24212,24129,0,2,'2024-02-25 09:20:20',1,26.99,26.99,0,0,0,0),(6,24212,24126,0,2,'2024-02-25 09:20:20',1,26.99,26.99,0,0,0,0),(7,24212,24123,0,2,'2024-02-25 09:20:20',1,26.99,26.99,0,0,0,0),(8,24212,24120,0,2,'2024-02-25 09:20:20',1,26.99,26.99,0,0,0,0),(9,24212,24117,0,2,'2024-02-25 09:20:20',1,26.99,26.99,0,0,0,0),(10,24212,24114,0,2,'2024-02-25 09:20:20',1,26.99,26.99,0,0,0,0),(11,24212,24111,0,2,'2024-02-25 09:20:20',1,26.99,26.99,0,0,0,0),(12,24212,24108,0,2,'2024-02-25 09:20:20',1,26.99,26.99,0,0,0,0),(23,24554,23556,0,2,'2024-03-10 09:33:13',4,77.96,77.96,0,0,0,0),(24,24554,24002,0,2,'2024-03-10 09:33:13',1,27.49,27.49,0,0,0,0),(25,24554,23999,0,2,'2024-03-10 09:33:13',1,27.49,27.49,0,0,0,0),(26,24554,23996,0,2,'2024-03-10 09:33:13',1,27.49,27.49,0,0,0,0),(27,24554,23993,0,2,'2024-03-10 09:33:13',4,109.96,109.96,0,0,0,0),(28,24555,23556,0,2,'2024-03-10 09:46:17',4,77.96,93.552,0,15.592,0,0),(29,24555,24002,0,2,'2024-03-10 09:46:17',1,27.49,32.988,0,5.498,0,0),(30,24555,23999,0,2,'2024-03-10 09:46:17',1,27.49,32.988,0,5.498,0,0),(31,24555,23996,0,2,'2024-03-10 09:46:17',1,27.49,32.988,0,5.498,0,0),(32,24555,23993,0,2,'2024-03-10 09:46:17',4,109.96,131.952,0,21.992,0,0),(34,24556,23972,0,2,'2024-03-10 09:56:28',1,27.49,32.988,0,5.498,0,0),(35,24556,23884,0,2,'2024-03-10 09:56:28',1,27.49,32.988,0,5.498,0,0),(36,24556,23869,0,2,'2024-03-10 09:56:28',1,27.49,32.988,0,5.498,0,0),(37,24556,23975,0,2,'2024-03-10 09:56:28',1,27.49,32.988,0,5.498,0,0),(38,24556,23871,0,2,'2024-03-10 09:56:28',1,27.49,32.988,0,5.498,0,0),(39,24556,23875,0,2,'2024-03-10 09:56:28',2,54.98,65.976,0,10.996,0,0),(40,24556,23981,0,2,'2024-03-10 09:56:28',2,54.98,65.976,0,10.996,0,0),(41,24556,24141,0,2,'2024-03-10 09:56:28',1,11.99,14.388,0,2.398,0,0),(42,24556,24135,0,2,'2024-03-10 09:56:28',1,26.99,32.388,0,5.398,0,0),(43,24556,24138,0,2,'2024-03-10 09:56:28',1,26.99,32.388,0,5.398,0,0),(44,24556,24132,0,2,'2024-03-10 09:56:28',1,26.99,32.388,0,5.398,0,0),(45,24556,24129,0,2,'2024-03-10 09:56:28',1,26.99,32.388,0,5.398,0,0),(46,24556,24126,0,2,'2024-03-10 09:56:28',1,26.99,32.388,0,5.398,0,0),(47,24556,24114,0,2,'2024-03-10 09:56:28',1,26.99,32.388,0,5.398,0,0),(48,24556,24111,0,2,'2024-03-10 09:56:28',1,26.99,32.388,0,5.398,0,0),(49,24556,23843,0,2,'2024-03-10 09:56:28',1,26.99,32.388,0,5.398,0,0),(50,24556,23834,0,2,'2024-03-10 09:56:28',1,26.99,32.388,0,5.398,0,0),(51,24556,23831,0,2,'2024-03-10 09:56:28',1,26.99,32.388,0,5.398,0,0),(52,24556,23828,0,2,'2024-03-10 09:56:28',1,26.99,32.388,0,5.398,0,0),(53,24556,23810,0,2,'2024-03-10 09:56:28',1,26.99,32.388,0,5.398,0,0),(54,24556,23813,0,2,'2024-03-10 09:56:28',1,26.99,32.388,0,5.398,0,0),(55,24556,23816,0,2,'2024-03-10 09:56:28',1,26.99,32.388,0,5.398,0,0),(56,24556,23819,0,2,'2024-03-10 09:56:28',1,26.99,32.388,0,5.398,0,0),(57,24556,23822,0,2,'2024-03-10 09:56:28',1,26.99,32.388,0,5.398,0,0),(58,24556,23825,0,2,'2024-03-10 09:56:28',1,26.99,32.388,0,5.398,0,0),(59,24556,23807,0,2,'2024-03-10 09:56:28',3,80.97,97.164,0,16.194,0,0),(60,24556,23804,0,2,'2024-03-10 09:56:28',1,26.99,32.388,0,5.398,0,0),(61,24556,23801,0,2,'2024-03-10 09:56:28',1,26.99,32.388,0,5.398,0,0),(62,24556,23780,0,2,'2024-03-10 09:56:28',1,26.99,32.388,0,5.398,0,0),(63,24556,23777,0,2,'2024-03-10 09:56:28',1,26.99,32.388,0,5.398,0,0),(64,24556,23774,0,2,'2024-03-10 09:56:28',1,26.99,32.388,0,5.398,0,0),(65,24556,23792,0,2,'2024-03-10 09:56:28',1,26.99,32.388,0,5.398,0,0),(66,24556,23795,0,2,'2024-03-10 09:56:28',1,26.99,32.388,0,5.398,0,0),(67,24556,23728,0,2,'2024-03-10 09:56:28',1,19.49,23.388,0,3.898,0,0),(68,24556,23725,0,2,'2024-03-10 09:56:28',1,19.49,23.388,0,3.898,0,0),(69,24556,23722,0,2,'2024-03-10 09:56:28',1,19.49,23.388,0,3.898,0,0),(70,24556,23719,0,2,'2024-03-10 09:56:28',1,19.49,23.388,0,3.898,0,0),(71,24556,23716,0,2,'2024-03-10 09:56:28',1,19.49,23.388,0,3.898,0,0),(72,24556,23713,0,2,'2024-03-10 09:56:28',1,19.49,23.388,0,3.898,0,0),(73,24556,23695,0,2,'2024-03-10 09:56:28',1,19.49,23.388,0,3.898,0,0),(74,24556,23698,0,2,'2024-03-10 09:56:28',1,19.49,23.388,0,3.898,0,0),(75,24556,23701,0,2,'2024-03-10 09:56:28',1,19.49,23.388,0,3.898,0,0),(76,24556,23704,0,2,'2024-03-10 09:56:28',1,19.49,23.388,0,3.898,0,0),(77,24556,23707,0,2,'2024-03-10 09:56:28',1,19.49,23.388,0,3.898,0,0),(78,24556,23710,0,2,'2024-03-10 09:56:28',1,19.49,23.388,0,3.898,0,0),(79,24556,23692,0,2,'2024-03-10 09:56:28',1,19.49,23.388,0,3.898,0,0),(80,24556,23688,0,2,'2024-03-10 09:56:28',1,19.49,23.388,0,3.898,0,0),(81,24556,23685,0,2,'2024-03-10 09:56:28',1,19.49,23.388,0,3.898,0,0),(82,24556,23682,0,2,'2024-03-10 09:56:28',1,19.49,23.388,0,3.898,0,0),(83,24556,23679,0,2,'2024-03-10 09:56:28',1,19.49,23.388,0,3.898,0,0),(84,24556,23676,0,2,'2024-03-10 09:56:28',1,19.49,23.388,0,3.898,0,0),(85,24556,23670,0,2,'2024-03-10 09:56:28',1,19.49,23.388,0,3.898,0,0),(86,24556,23666,0,2,'2024-03-10 09:56:28',1,19.49,23.388,0,3.898,0,0),(87,24556,23663,0,2,'2024-03-10 09:56:28',1,19.49,23.388,0,3.898,0,0),(88,24556,23647,0,2,'2024-03-10 09:56:28',1,19.49,23.388,0,3.898,0,0),(89,24556,23644,0,2,'2024-03-10 09:56:28',1,19.49,23.388,0,3.898,0,0),(90,24556,23641,0,2,'2024-03-10 09:56:28',1,19.49,23.388,0,3.898,0,0),(91,24556,23638,0,2,'2024-03-10 09:56:28',1,19.49,23.388,0,3.898,0,0),(92,24556,23635,0,2,'2024-03-10 09:56:28',1,19.49,23.388,0,3.898,0,0),(93,24556,23632,0,2,'2024-03-10 09:56:28',1,19.49,23.388,0,3.898,0,0),(94,24556,23629,0,2,'2024-03-10 09:56:28',1,19.49,23.388,0,3.898,0,0),(96,25196,24777,0,8,'2024-03-19 12:13:35',1,25.69,34.158,0,5.138,3.33,0),(97,25196,24774,0,8,'2024-03-19 12:13:35',1,25.69,34.158,0,5.138,3.33,0),(98,25196,24771,0,8,'2024-03-19 12:13:35',1,25.69,34.158,0,5.138,3.33,0),(140,25197,24634,0,9,'2024-03-19 12:28:21',1,19.49,23.388,0,3.898,0,0),(141,25197,24637,0,9,'2024-03-19 12:28:21',2,38.98,46.776,0,7.796,0,0),(142,25197,24628,0,9,'2024-03-19 12:28:21',1,19.49,23.388,0,3.898,0,0),(143,25197,24625,0,9,'2024-03-19 12:28:21',1,19.49,23.388,0,3.898,0,0),(144,25197,24622,0,9,'2024-03-19 12:28:21',2,38.98,46.776,0,7.796,0,0),(145,25197,24616,0,9,'2024-03-19 12:28:21',2,38.98,46.776,0,7.796,0,0),(146,25197,24610,0,9,'2024-03-19 12:28:21',1,19.49,23.388,0,3.898,0,0),(147,25197,24591,0,9,'2024-03-19 12:28:21',1,19.49,23.388,0,3.898,0,0),(148,25197,24585,0,9,'2024-03-19 12:28:21',2,38.98,46.776,0,7.796,0,0),(149,25197,24126,0,9,'2024-03-19 12:28:21',1,19.49,23.388,0,3.898,0,0),(150,25197,24120,0,9,'2024-03-19 12:28:21',1,19.49,23.388,0,3.898,0,0),(151,25197,24099,0,9,'2024-03-19 12:28:21',1,19.49,23.388,0,3.898,0,0),(152,25197,24087,0,9,'2024-03-19 12:28:21',1,19.49,23.388,0,3.898,0,0),(153,25197,23858,0,9,'2024-03-19 12:28:21',1,19.49,23.388,0,3.898,0,0),(154,25197,23750,0,9,'2024-03-19 12:28:21',2,38.98,46.776,0,7.796,0,0),(155,25197,23725,0,9,'2024-03-19 12:28:21',1,19.49,23.388,0,3.898,0,0),(156,25197,23722,0,9,'2024-03-19 12:28:21',1,19.49,23.388,0,3.898,0,0),(157,25197,23716,0,9,'2024-03-19 12:28:21',2,38.98,46.776,0,7.796,0,0),(158,25197,23710,0,9,'2024-03-19 12:28:21',1,19.49,23.388,0,3.898,0,0),(159,25197,23701,0,9,'2024-03-19 12:28:21',1,19.49,23.388,0,3.898,0,0),(160,25197,23695,0,9,'2024-03-19 12:28:21',2,38.98,46.776,0,7.796,0,0),(161,25197,23682,0,9,'2024-03-19 12:28:21',2,38.98,46.776,0,7.796,0,0),(162,25197,23676,0,9,'2024-03-19 12:28:21',1,19.49,23.388,0,3.898,0,0),(163,25197,23644,0,9,'2024-03-19 12:28:21',1,19.49,23.388,0,3.898,0,0),(164,25197,23647,0,9,'2024-03-19 12:28:21',1,19.49,23.388,0,3.898,0,0),(165,25197,23635,0,9,'2024-03-19 12:28:21',1,19.49,23.388,0,3.898,0,0),(166,25197,23632,0,9,'2024-03-19 12:28:21',1,19.49,23.388,0,3.898,0,0),(167,25197,23629,0,9,'2024-03-19 12:28:21',1,19.49,23.388,0,3.898,0,0),(168,25197,23619,0,9,'2024-03-19 12:28:21',1,19.49,23.388,0,3.898,0,0),(169,25197,23613,0,9,'2024-03-19 12:28:21',3,58.47,70.164,0,11.694,0,0),(170,25197,23610,0,9,'2024-03-19 12:28:21',1,19.49,23.388,0,3.898,0,0),(171,25197,23592,0,9,'2024-03-19 12:28:21',1,19.49,23.388,0,3.898,0,0),(172,25197,23595,0,9,'2024-03-19 12:28:21',1,19.49,23.388,0,3.898,0,0),(173,25197,23579,0,9,'2024-03-19 12:28:21',1,19.49,23.388,0,3.898,0,0),(174,25197,23582,0,9,'2024-03-19 12:28:21',1,19.49,23.388,0,3.898,0,0),(175,25197,23570,0,9,'2024-03-19 12:28:21',1,19.49,23.388,0,3.898,0,0),(176,25197,23556,0,9,'2024-03-19 12:28:21',1,19.49,23.388,0,3.898,0,0),(179,25198,23978,0,2,'2024-03-19 12:58:54',1,27.49,32.988,0,5.498,0,0),(180,25198,23981,0,2,'2024-03-19 12:58:54',3,82.47,98.964,0,16.494,0,0),(181,25198,23951,0,2,'2024-03-19 12:58:54',2,54.98,65.976,0,10.996,0,0),(182,25198,23954,0,2,'2024-03-19 12:58:54',1,27.49,32.988,0,5.498,0,0),(183,25198,23948,0,2,'2024-03-19 12:58:54',1,27.49,32.988,0,5.498,0,0),(184,25198,23936,0,2,'2024-03-19 12:58:54',1,27.49,32.988,0,5.498,0,0),(185,25198,23939,0,2,'2024-03-19 12:58:54',1,27.49,32.988,0,5.498,0,0),(186,25198,23942,0,2,'2024-03-19 12:58:54',1,27.49,32.988,0,5.498,0,0),(187,25198,23945,0,2,'2024-03-19 12:58:54',1,27.49,32.988,0,5.498,0,0),(188,25198,23963,0,2,'2024-03-19 12:58:54',1,27.49,32.988,0,5.498,0,0),(189,25198,24002,0,2,'2024-03-19 12:58:54',1,27.49,32.988,0,5.498,0,0),(190,25198,23924,0,2,'2024-03-19 12:58:54',1,27.49,32.988,0,5.498,0,0),(191,25198,23921,0,2,'2024-03-19 12:58:54',1,27.49,32.988,0,5.498,0,0),(192,25198,23914,0,2,'2024-03-19 12:58:54',1,27.49,32.988,0,5.498,0,0),(193,25198,23908,0,2,'2024-03-19 12:58:54',1,27.49,32.988,0,5.498,0,0),(194,25198,23918,0,2,'2024-03-19 12:58:54',1,27.49,32.988,0,5.498,0,0),(195,25198,23858,0,2,'2024-03-19 12:58:54',1,19.49,23.388,0,3.898,0,0),(196,25198,23855,0,2,'2024-03-19 12:58:54',1,19.49,23.388,0,3.898,0,0),(197,25198,23822,0,2,'2024-03-19 12:58:54',1,19.49,23.388,0,3.898,0,0),(198,25198,23801,0,2,'2024-03-19 12:58:54',2,38.98,46.776,0,7.796,0,0),(199,25198,23798,0,2,'2024-03-19 12:58:54',1,19.49,23.388,0,3.898,0,0),(200,25198,23795,0,2,'2024-03-19 12:58:54',2,38.98,46.776,0,7.796,0,0),(201,25198,23789,0,2,'2024-03-19 12:58:54',1,19.49,23.388,0,3.898,0,0),(202,25198,23774,0,2,'2024-03-19 12:58:54',2,38.98,46.776,0,7.796,0,0),(203,25198,23765,0,2,'2024-03-19 12:58:54',1,19.49,23.388,0,3.898,0,0),(204,25198,23762,0,2,'2024-03-19 12:58:54',2,38.98,46.776,0,7.796,0,0),(205,25198,23759,0,2,'2024-03-19 12:58:54',1,19.49,23.388,0,3.898,0,0),(206,25198,23756,0,2,'2024-03-19 12:58:54',1,19.49,23.388,0,3.898,0,0),(207,25198,23753,0,2,'2024-03-19 12:58:54',1,19.49,23.388,0,3.898,0,0),(208,25198,23725,0,2,'2024-03-19 12:58:54',2,38.98,46.776,0,7.796,0,0),(209,25198,23692,0,2,'2024-03-19 12:58:54',2,38.98,46.776,0,7.796,0,0),(210,25198,23644,0,2,'2024-03-19 12:58:54',2,38.98,46.776,0,7.796,0,0),(211,25198,23592,0,2,'2024-03-19 12:58:54',1,19.49,23.388,0,3.898,0,0),(212,25198,23579,0,2,'2024-03-19 12:58:54',1,19.49,23.388,0,3.898,0,0),(213,25198,23556,0,2,'2024-03-19 12:58:54',1,19.49,23.388,0,3.898,0,0),(214,25198,24141,0,2,'2024-03-19 12:58:54',2,38.98,46.776,0,7.796,0,0),(215,25198,24135,0,2,'2024-03-19 12:58:54',1,19.49,23.388,0,3.898,0,0),(216,25198,24120,0,2,'2024-03-19 12:58:54',1,19.49,23.388,0,3.898,0,0),(217,25198,24087,0,2,'2024-03-19 12:58:54',1,19.49,23.388,0,3.898,0,0),(218,25198,23972,0,2,'2024-03-19 12:58:54',1,27.49,32.988,0,5.498,0,0),(219,25198,23902,0,2,'2024-03-19 12:58:54',1,27.49,32.988,0,5.498,0,0),(220,25198,23899,0,2,'2024-03-19 12:58:54',1,27.49,32.988,0,5.498,0,0),(221,25198,23896,0,2,'2024-03-19 12:58:54',1,27.49,32.988,0,5.498,0,0),(222,25198,23887,0,2,'2024-03-19 12:58:54',1,27.49,32.988,0,5.498,0,0),(223,25198,23878,0,2,'2024-03-19 12:58:54',1,27.49,32.988,0,5.498,0,0),(224,25198,23871,0,2,'2024-03-19 12:58:54',1,27.49,32.988,0,5.498,0,0),(225,25198,23869,0,2,'2024-03-19 12:58:54',1,27.49,32.988,0,5.498,0,0),(226,25198,24634,0,2,'2024-03-19 12:58:54',1,19.49,23.388,0,3.898,0,0),(227,25198,24628,0,2,'2024-03-19 12:58:54',2,38.98,46.776,0,7.796,0,0),(228,25198,24616,0,2,'2024-03-19 12:58:54',1,19.49,23.388,0,3.898,0,0),(229,25198,24585,0,2,'2024-03-19 12:58:54',2,38.98,46.776,0,7.796,0,0),(230,25198,24591,0,2,'2024-03-19 12:58:54',1,19.49,23.388,0,3.898,0,0),(231,25198,24582,0,2,'2024-03-19 12:58:54',1,19.49,23.388,0,3.898,0,0),(234,25228,24634,0,2,'2024-03-27 11:49:29',2,38.98,47.263317,0,7.796,0.487317,0),(235,25228,24628,0,2,'2024-03-27 11:49:29',3,58.47,70.894976,0,11.694,0.730976,0),(236,25228,24594,0,2,'2024-03-27 11:49:29',2,38.98,47.263317,0,7.796,0.487317,0),(237,25228,24582,0,2,'2024-03-27 11:49:29',1,19.49,23.631659,0,3.898,0.243659,0),(238,25228,24123,0,2,'2024-03-27 11:49:29',1,19.49,23.631659,0,3.898,0.243659,0),(239,25228,24108,0,2,'2024-03-27 11:49:29',1,19.49,23.631659,0,3.898,0.243659,0),(240,25228,23561,0,2,'2024-03-27 11:49:29',1,19.39,23.511659,0,3.878,0.243659,0),(241,25228,24102,0,2,'2024-03-27 11:49:29',2,38.98,47.263317,0,7.796,0.487317,0),(242,25228,23750,0,2,'2024-03-27 11:49:29',1,19.39,23.511659,0,3.878,0.243659,0),(243,25228,24616,0,2,'2024-03-27 11:49:29',1,19.49,23.631659,0,3.898,0.243659,0),(244,25228,24591,0,2,'2024-03-27 11:49:29',2,38.98,47.263317,0,7.796,0.487317,0),(245,25228,24585,0,2,'2024-03-27 11:49:29',3,58.47,70.894976,0,11.694,0.730976,0),(246,25228,24141,0,2,'2024-03-27 11:49:29',1,19.49,23.631659,0,3.898,0.243659,0),(247,25228,23822,0,2,'2024-03-27 11:49:29',1,19.39,23.511659,0,3.878,0.243659,0),(248,25228,23582,0,2,'2024-03-27 11:49:29',1,19.39,23.511659,0,3.878,0.243659,0),(249,25228,23579,0,2,'2024-03-27 11:49:29',1,19.39,23.511659,0,3.878,0.243659,0),(250,25228,23725,0,2,'2024-03-27 11:49:29',1,19.39,23.511659,0,3.878,0.243659,0),(251,25228,23613,0,2,'2024-03-27 11:49:29',3,58.17,70.534976,0,11.634,0.730976,0),(252,25228,23592,0,2,'2024-03-27 11:49:29',2,38.78,47.023317,0,7.756,0.487317,0),(253,25228,23635,0,2,'2024-03-27 11:49:29',1,19.39,23.511659,0,3.878,0.243659,0),(254,25228,24120,0,2,'2024-03-27 11:49:29',2,38.98,47.263317,0,7.796,0.487317,0),(255,25228,25223,0,2,'2024-03-27 11:49:29',3,58.47,70.894976,0,11.694,0.730976,0),(256,25228,23728,0,2,'2024-03-27 11:49:29',1,19.39,23.511659,0,3.878,0.243659,0),(257,25228,23685,0,2,'2024-03-27 11:49:29',1,19.39,23.511659,0,3.878,0.243659,0),(258,25228,23644,0,2,'2024-03-27 11:49:29',1,19.39,23.511659,0,3.878,0.243659,0),(259,25228,23647,0,2,'2024-03-27 11:49:29',1,19.39,23.511659,0,3.878,0.243659,0),(260,25228,23666,0,2,'2024-03-27 11:49:29',1,19.39,23.511659,0,3.878,0.243659,0),(292,25234,24628,0,2,'2024-04-09 08:50:46',2,37.5,45,0,7.5,0,0),(293,25234,24616,0,2,'2024-04-09 08:50:46',1,18.75,22.5,0,3.75,0,0),(294,25234,24591,0,2,'2024-04-09 08:50:46',1,18.75,22.5,0,3.75,0,0),(295,25234,24582,0,2,'2024-04-09 08:50:46',1,18.75,22.5,0,3.75,0,0),(296,25234,24126,0,2,'2024-04-09 08:50:46',1,18.75,22.5,0,3.75,0,0),(297,25234,24102,0,2,'2024-04-09 08:50:46',1,18.75,22.5,0,3.75,0,0),(298,25234,24087,0,2,'2024-04-09 08:50:46',1,18.75,22.5,0,3.75,0,0),(299,25234,23855,0,2,'2024-04-09 08:50:46',1,18.99,22.788,0,3.798,0,0),(300,25234,23822,0,2,'2024-04-09 08:50:46',1,18.99,22.788,0,3.798,0,0),(301,25234,23813,0,2,'2024-04-09 08:50:46',1,18.99,22.788,0,3.798,0,0),(302,25234,23810,0,2,'2024-04-09 08:50:46',1,18.99,22.788,0,3.798,0,0),(303,25234,23804,0,2,'2024-04-09 08:50:46',1,18.99,22.788,0,3.798,0,0),(304,25234,23792,0,2,'2024-04-09 08:50:46',2,37.98,45.576,0,7.596,0,0),(305,25234,23786,0,2,'2024-04-09 08:50:46',1,18.99,22.788,0,3.798,0,0),(306,25234,23783,0,2,'2024-04-09 08:50:46',1,18.99,22.788,0,3.798,0,0),(307,25234,23774,0,2,'2024-04-09 08:50:46',1,18.99,22.788,0,3.798,0,0),(308,25234,23771,0,2,'2024-04-09 08:50:46',1,18.99,22.788,0,3.798,0,0),(309,25234,23765,0,2,'2024-04-09 08:50:46',1,18.99,22.788,0,3.798,0,0),(310,25234,23756,0,2,'2024-04-09 08:50:46',2,37.98,45.576,0,7.596,0,0),(311,25234,23682,0,2,'2024-04-09 08:50:46',1,18.75,22.5,0,3.75,0,0),(312,25234,23644,0,2,'2024-04-09 08:50:46',2,37.5,45,0,7.5,0,0),(313,25234,23592,0,2,'2024-04-09 08:50:46',2,37.5,45,0,7.5,0,0),(314,25234,23582,0,2,'2024-04-09 08:50:46',1,18.75,22.5,0,3.75,0,0),(315,25234,23579,0,2,'2024-04-09 08:50:46',1,18.75,22.5,0,3.75,0,0),(316,25234,23556,0,2,'2024-04-09 08:50:46',1,18.75,22.5,0,3.75,0,0),(317,25234,23984,0,2,'2024-04-09 08:50:46',1,27.49,32.988,0,5.498,0,0),(318,25234,23975,0,2,'2024-04-09 08:50:46',1,27.49,32.988,0,5.498,0,0),(319,25234,23972,0,2,'2024-04-09 08:50:46',1,27.49,32.988,0,5.498,0,0),(320,25234,23957,0,2,'2024-04-09 08:50:46',1,27.49,32.988,0,5.498,0,0),(321,25234,23954,0,2,'2024-04-09 08:50:46',1,27.49,32.988,0,5.498,0,0),(322,25234,23951,0,2,'2024-04-09 08:50:46',1,27.49,32.988,0,5.498,0,0),(323,25234,23939,0,2,'2024-04-09 08:50:46',1,27.49,32.988,0,5.498,0,0),(324,25234,23936,0,2,'2024-04-09 08:50:46',1,27.49,32.988,0,5.498,0,0),(325,25234,23933,0,2,'2024-04-09 08:50:46',1,27.49,32.988,0,5.498,0,0),(326,25234,23924,0,2,'2024-04-09 08:50:46',1,27.49,32.988,0,5.498,0,0),(327,25234,23921,0,2,'2024-04-09 08:50:46',1,27.49,32.988,0,5.498,0,0),(328,25234,23914,0,2,'2024-04-09 08:50:46',1,27.49,32.988,0,5.498,0,0),(329,25234,23918,0,2,'2024-04-09 08:50:46',1,27.49,32.988,0,5.498,0,0),(330,25234,23908,0,2,'2024-04-09 08:50:46',1,27.49,32.988,0,5.498,0,0),(331,25234,23902,0,2,'2024-04-09 08:50:46',1,27.49,32.988,0,5.498,0,0),(332,25234,23996,0,2,'2024-04-09 08:50:46',1,27.49,32.988,0,5.498,0,0),(333,25234,23871,0,2,'2024-04-09 08:50:46',1,27.49,32.988,0,5.498,0,0),(334,25234,23623,0,2,'2024-04-09 08:50:46',2,37.5,45,0,7.5,0,0),(335,25234,23695,0,2,'2024-04-09 08:50:46',4,75,90,0,15,0,0),(336,25234,23613,0,2,'2024-04-09 08:50:46',7,131.25,157.5,0,26.25,0,0),(337,25234,23635,0,2,'2024-04-09 08:50:46',1,18.75,22.5,0,3.75,0,0),(338,25234,25223,0,2,'2024-04-09 08:50:46',2,37.5,45,0,7.5,0,0),(339,25234,24585,0,2,'2024-04-09 08:50:46',3,56.25,67.5,0,11.25,0,0),(340,25234,24625,0,2,'2024-04-09 08:50:46',1,18.75,22.5,0,3.75,0,0),(341,25234,24120,0,2,'2024-04-09 08:50:46',2,37.5,45,0,7.5,0,0),(342,25234,23981,0,2,'2024-04-09 08:50:46',2,54.98,65.976,0,10.996,0,0),(343,25234,23963,0,2,'2024-04-09 08:50:46',2,54.98,65.976,0,10.996,0,0),(344,25234,23948,0,2,'2024-04-09 08:50:46',1,27.49,32.988,0,5.498,0,0),(345,25234,23875,0,2,'2024-04-09 08:50:46',2,54.98,65.976,0,10.996,0,0),(346,25234,23869,0,2,'2024-04-09 08:50:46',2,54.98,65.976,0,10.996,0,0),(349,25235,23728,0,2,'2024-04-19 10:00:11',1,18.75,22.5,0,3.75,0,0),(350,25235,23725,0,2,'2024-04-19 10:00:11',2,37.5,45,0,7.5,0,0),(351,25235,23698,0,2,'2024-04-19 10:00:11',1,18.75,22.5,0,3.75,0,0),(352,25235,23692,0,2,'2024-04-19 10:00:11',1,18.75,22.5,0,3.75,0,0),(353,25235,23682,0,2,'2024-04-19 10:00:11',1,18.75,22.5,0,3.75,0,0),(354,25235,23647,0,2,'2024-04-19 10:00:11',1,18.75,22.5,0,3.75,0,0),(355,25235,23635,0,2,'2024-04-19 10:00:11',1,18.75,22.5,0,3.75,0,0),(356,25235,23632,0,2,'2024-04-19 10:00:11',1,18.75,22.5,0,3.75,0,0),(357,25235,23613,0,2,'2024-04-19 10:00:11',10,187.5,225,0,37.5,0,0),(358,25235,23604,0,2,'2024-04-19 10:00:11',1,18.75,22.5,0,3.75,0,0),(359,25235,23595,0,2,'2024-04-19 10:00:11',2,37.5,45,0,7.5,0,0),(360,25235,23592,0,2,'2024-04-19 10:00:11',2,37.5,45,0,7.5,0,0),(361,25235,23570,0,2,'2024-04-19 10:00:11',2,37.5,45,0,7.5,0,0),(362,25235,23556,0,2,'2024-04-19 10:00:11',1,18.75,22.5,0,3.75,0,0),(363,25235,23552,0,2,'2024-04-19 10:00:11',1,18.75,22.5,0,3.75,0,0),(364,25235,24634,0,2,'2024-04-19 10:00:11',1,18.75,22.5,0,3.75,0,0),(365,25235,24628,0,2,'2024-04-19 10:00:11',1,18.75,22.5,0,3.75,0,0),(366,25235,24625,0,2,'2024-04-19 10:00:11',1,18.75,22.5,0,3.75,0,0),(367,25235,24594,0,2,'2024-04-19 10:00:11',2,37.5,45,0,7.5,0,0),(368,25235,24591,0,2,'2024-04-19 10:00:11',2,37.5,45,0,7.5,0,0),(369,25235,24585,0,2,'2024-04-19 10:00:11',2,37.5,45,0,7.5,0,0),(370,25235,24123,0,2,'2024-04-19 10:00:11',1,18.75,22.5,0,3.75,0,0),(371,25235,24126,0,2,'2024-04-19 10:00:11',1,18.75,22.5,0,3.75,0,0),(372,25235,24102,0,2,'2024-04-19 10:00:11',2,37.5,45,0,7.5,0,0),(373,25235,23858,0,2,'2024-04-19 10:00:11',1,18.99,22.788,0,3.798,0,0),(374,25235,23840,0,2,'2024-04-19 10:00:11',1,18.99,22.788,0,3.798,0,0),(375,25235,23834,0,2,'2024-04-19 10:00:11',1,18.99,22.788,0,3.798,0,0),(376,25235,23822,0,2,'2024-04-19 10:00:11',1,18.99,22.788,0,3.798,0,0),(377,25235,23810,0,2,'2024-04-19 10:00:11',1,18.99,22.788,0,3.798,0,0),(378,25235,23804,0,2,'2024-04-19 10:00:11',1,18.99,22.788,0,3.798,0,0),(379,25235,23801,0,2,'2024-04-19 10:00:11',1,18.99,22.788,0,3.798,0,0),(380,25235,23792,0,2,'2024-04-19 10:00:11',1,18.99,22.788,0,3.798,0,0),(381,25235,23786,0,2,'2024-04-19 10:00:11',1,18.99,22.788,0,3.798,0,0),(382,25235,23789,0,2,'2024-04-19 10:00:11',1,18.99,22.788,0,3.798,0,0),(383,25235,23783,0,2,'2024-04-19 10:00:11',1,18.99,22.788,0,3.798,0,0),(384,25235,23774,0,2,'2024-04-19 10:00:11',1,18.99,22.788,0,3.798,0,0),(385,25235,23756,0,2,'2024-04-19 10:00:11',1,18.99,22.788,0,3.798,0,0),(386,25235,23753,0,2,'2024-04-19 10:00:11',1,18.99,22.788,0,3.798,0,0),(387,25235,23951,0,2,'2024-04-19 10:00:11',2,54.98,65.976,0,10.996,0,0),(388,25235,23942,0,2,'2024-04-19 10:00:11',1,27.49,32.988,0,5.498,0,0),(389,25235,23871,0,2,'2024-04-19 10:00:11',1,27.49,32.988,0,5.498,0,0),(390,25235,23966,0,2,'2024-04-19 10:00:11',1,27.49,32.988,0,5.498,0,0),(391,25235,23981,0,2,'2024-04-19 10:00:11',2,54.98,65.976,0,10.996,0,0),(392,25235,25223,0,2,'2024-04-19 10:00:11',4,75,90,0,15,0,0),(393,25235,24616,0,2,'2024-04-19 10:00:11',1,18.75,22.5,0,3.75,0,0),(394,25235,24604,0,2,'2024-04-19 10:00:11',2,37.5,45,0,7.5,0,0),(395,25235,24582,0,2,'2024-04-19 10:00:11',3,56.25,67.5,0,11.25,0,0),(396,25235,24120,0,2,'2024-04-19 10:00:11',3,56.25,67.5,0,11.25,0,0),(399,25245,25143,25147,2,'2024-04-28 08:25:19',1,12.49,17.4855,0,2.498,2.4975,0),(400,25245,25143,25148,2,'2024-04-28 08:25:19',1,12.49,17.4855,0,2.498,2.4975,0),(401,25245,24951,25242,2,'2024-04-28 08:25:19',1,12.99,18.0855,0,2.598,2.4975,0),(402,25245,24951,25243,2,'2024-04-28 08:25:19',1,12.99,18.0855,0,2.598,2.4975,0),(405,25602,23728,0,2,'2024-04-29 11:29:56',1,18.75,22.5,0,3.75,0,0),(406,25602,23710,0,2,'2024-04-29 11:29:56',1,18.75,22.5,0,3.75,0,0),(407,25602,23701,0,2,'2024-04-29 11:29:56',1,18.75,22.5,0,3.75,0,0),(408,25602,23695,0,2,'2024-04-29 11:29:56',1,18.75,22.5,0,3.75,0,0),(409,25602,23692,0,2,'2024-04-29 11:29:56',1,18.75,22.5,0,3.75,0,0),(410,25602,23666,0,2,'2024-04-29 11:29:56',1,18.75,22.5,0,3.75,0,0),(411,25602,23663,0,2,'2024-04-29 11:29:56',1,18.75,22.5,0,3.75,0,0),(412,25602,23644,0,2,'2024-04-29 11:29:56',2,37.5,45,0,7.5,0,0),(414,25602,23632,0,2,'2024-04-29 11:29:56',1,18.75,22.5,0,3.75,0,0),(415,25602,23629,0,2,'2024-04-29 11:29:56',1,18.75,22.5,0,3.75,0,0),(416,25602,23626,0,2,'2024-04-29 11:29:56',1,18.75,22.5,0,3.75,0,0),(417,25602,23595,0,2,'2024-04-29 11:29:56',1,18.75,22.5,0,3.75,0,0),(419,25602,23585,0,2,'2024-04-29 11:29:56',1,18.75,22.5,0,3.75,0,0),(420,25602,23582,0,2,'2024-04-29 11:29:56',1,18.75,22.5,0,3.75,0,0),(421,25602,23570,0,2,'2024-04-29 11:29:56',1,18.75,22.5,0,3.75,0,0),(422,25602,23573,0,2,'2024-04-29 11:29:56',1,18.75,22.5,0,3.75,0,0),(423,25602,24637,0,2,'2024-04-29 11:29:56',1,18.75,22.5,0,3.75,0,0),(424,25602,24628,0,2,'2024-04-29 11:29:56',3,56.25,67.5,0,11.25,0,0),(425,25602,24625,0,2,'2024-04-29 11:29:56',1,18.75,22.5,0,3.75,0,0),(426,25602,24622,0,2,'2024-04-29 11:29:56',1,18.75,22.5,0,3.75,0,0),(427,25602,24616,0,2,'2024-04-29 11:29:56',1,18.75,22.5,0,3.75,0,0),(428,25602,24597,0,2,'2024-04-29 11:29:56',1,18.75,22.5,0,3.75,0,0),(429,25602,24591,0,2,'2024-04-29 11:29:56',1,18.75,22.5,0,3.75,0,0),(430,25602,24585,0,2,'2024-04-29 11:29:56',4,75,90,0,15,0,0),(431,25602,24582,0,2,'2024-04-29 11:29:56',1,18.75,22.5,0,3.75,0,0),(432,25602,24132,0,2,'2024-04-29 11:29:56',1,18.75,22.5,0,3.75,0,0),(433,25602,24120,0,2,'2024-04-29 11:29:56',1,18.75,22.5,0,3.75,0,0),(434,25602,24108,0,2,'2024-04-29 11:29:56',1,18.75,22.5,0,3.75,0,0),(435,25602,24111,0,2,'2024-04-29 11:29:56',1,18.75,22.5,0,3.75,0,0),(436,25602,24102,0,2,'2024-04-29 11:29:56',3,56.25,67.5,0,11.25,0,0),(437,25602,24087,0,2,'2024-04-29 11:29:56',1,18.75,22.5,0,3.75,0,0),(438,25602,24078,0,2,'2024-04-29 11:29:56',1,18.75,22.5,0,3.75,0,0),(439,25602,24002,0,2,'2024-04-29 11:29:56',1,26.99,32.388,0,5.398,0,0),(441,25602,23990,0,2,'2024-04-29 11:29:56',1,26.99,32.388,0,5.398,0,0),(442,25602,23984,0,2,'2024-04-29 11:29:56',1,26.99,32.388,0,5.398,0,0),(443,25602,23972,0,2,'2024-04-29 11:29:56',1,26.99,32.388,0,5.398,0,0),(444,25602,23957,0,2,'2024-04-29 11:29:56',1,26.99,32.388,0,5.398,0,0),(445,25602,23945,0,2,'2024-04-29 11:29:56',1,26.99,32.388,0,5.398,0,0),(446,25602,23939,0,2,'2024-04-29 11:29:56',1,26.99,32.388,0,5.398,0,0),(447,25602,23921,0,2,'2024-04-29 11:29:56',1,26.99,32.388,0,5.398,0,0),(448,25602,23914,0,2,'2024-04-29 11:29:56',1,26.99,32.388,0,5.398,0,0),(449,25602,23908,0,2,'2024-04-29 11:29:56',1,26.99,32.388,0,5.398,0,0),(450,25602,23896,0,2,'2024-04-29 11:29:56',1,26.99,32.388,0,5.398,0,0),(451,25602,23887,0,2,'2024-04-29 11:29:56',1,26.99,32.388,0,5.398,0,0),(452,25602,23881,0,2,'2024-04-29 11:29:56',1,26.99,32.388,0,5.398,0,0),(453,25602,23884,0,2,'2024-04-29 11:29:56',1,26.99,32.388,0,5.398,0,0),(454,25602,25223,0,2,'2024-04-29 11:29:56',2,37.5,45,0,7.5,0,0),(455,25602,24594,0,2,'2024-04-29 11:29:56',2,37.5,45,0,7.5,0,0),(457,25602,23942,0,2,'2024-04-29 11:29:56',1,26.99,32.388,0,5.398,0,0),(458,25602,23893,0,2,'2024-04-29 11:29:56',1,26.99,32.388,0,5.398,0,0),(459,25602,23878,0,2,'2024-04-29 11:29:56',1,26.99,32.388,0,5.398,0,0),(460,25602,23871,0,2,'2024-04-29 11:29:56',1,26.99,32.388,0,5.398,0,0),(461,25602,23869,0,2,'2024-04-29 11:29:56',1,26.99,32.388,0,5.398,0,0),(464,25603,23728,0,32,'2024-05-02 11:50:28',6,112.5,135,0,22.5,0,0),(465,25603,23725,0,32,'2024-05-02 11:50:28',1,18.75,22.5,0,3.75,0,0),(466,25603,23716,0,32,'2024-05-02 11:50:28',1,18.75,22.5,0,3.75,0,0),(467,25603,23695,0,32,'2024-05-02 11:50:28',6,112.5,135,0,22.5,0,0),(468,25603,23722,0,32,'2024-05-02 11:50:28',1,18.75,22.5,0,3.75,0,0),(469,25603,23685,0,32,'2024-05-02 11:50:28',3,56.25,67.5,0,11.25,0,0),(470,25603,23670,0,32,'2024-05-02 11:50:28',1,18.75,22.5,0,3.75,0,0),(471,25603,23663,0,32,'2024-05-02 11:50:28',1,18.75,22.5,0,3.75,0,0),(472,25603,23644,0,32,'2024-05-02 11:50:28',1,18.75,22.5,0,3.75,0,0),(473,25603,23613,0,32,'2024-05-02 11:50:28',1,18.75,22.5,0,3.75,0,0),(474,25603,23607,0,32,'2024-05-02 11:50:28',1,18.75,22.5,0,3.75,0,0),(475,25603,23592,0,32,'2024-05-02 11:50:28',1,18.75,22.5,0,3.75,0,0),(476,25603,23570,0,32,'2024-05-02 11:50:28',6,112.5,135,0,22.5,0,0),(477,25603,24625,0,32,'2024-05-02 11:50:28',1,18.75,22.5,0,3.75,0,0),(478,25603,24588,0,32,'2024-05-02 11:50:28',1,18.75,22.5,0,3.75,0,0),(479,25603,24585,0,32,'2024-05-02 11:50:28',3,56.25,67.5,0,11.25,0,0),(480,25603,24582,0,32,'2024-05-02 11:50:28',3,56.25,67.5,0,11.25,0,0),(481,25603,24123,0,32,'2024-05-02 11:50:28',3,56.25,67.5,0,11.25,0,0),(482,25603,24033,0,32,'2024-05-02 11:50:28',3,50.97,61.164,0,10.194,0,0),(483,25603,24829,0,32,'2024-05-02 11:50:28',1,18.99,22.788,0,3.798,0,0),(621,26030,23716,0,34,'2024-05-07 15:20:05',1,18.99,22.788,0,3.798,0,0),(622,26030,23644,0,34,'2024-05-07 15:20:05',1,18.99,22.788,0,3.798,0,0),(623,26030,23641,0,34,'2024-05-07 15:20:05',1,18.99,22.788,0,3.798,0,0),(624,26030,23632,0,34,'2024-05-07 15:20:05',1,18.99,22.788,0,3.798,0,0),(625,26030,23613,0,34,'2024-05-07 15:20:05',10,189.9,227.88,0,37.98,0,0),(626,26030,23695,0,34,'2024-05-07 15:20:05',1,18.99,22.788,0,3.798,0,0),(627,26030,23592,0,34,'2024-05-07 15:20:05',2,37.98,45.576,0,7.596,0,0),(628,26030,23595,0,34,'2024-05-07 15:20:05',1,18.99,22.788,0,3.798,0,0),(629,26030,23561,0,34,'2024-05-07 15:20:05',1,18.99,22.788,0,3.798,0,0),(630,26030,23573,0,34,'2024-05-07 15:20:05',1,18.99,22.788,0,3.798,0,0),(631,26030,23610,0,34,'2024-05-07 15:20:05',1,18.99,22.788,0,3.798,0,0),(632,26030,25223,0,34,'2024-05-07 15:20:05',1,18.75,22.5,0,3.75,0,0),(633,26030,24141,0,34,'2024-05-07 15:20:05',1,18.75,22.5,0,3.75,0,0),(634,26030,24123,0,34,'2024-05-07 15:20:05',2,37.5,45,0,7.5,0,0),(635,26030,24900,0,34,'2024-05-07 15:20:05',1,18.99,22.788,0,3.798,0,0),(636,26030,24765,0,34,'2024-05-07 15:20:05',1,25.69,30.828,0,5.138,0,0),(637,26030,24768,0,34,'2024-05-07 15:20:05',1,25.69,30.828,0,5.138,0,0),(638,26030,23884,0,34,'2024-05-07 15:20:05',1,26.99,32.388,0,5.398,0,0),(639,26030,23911,0,34,'2024-05-07 15:20:05',1,26.99,32.388,0,5.398,0,0),(640,26030,23963,0,34,'2024-05-07 15:20:05',1,26.99,32.388,0,5.398,0,0),(641,26030,23869,0,34,'2024-05-07 15:20:05',1,26.99,32.388,0,5.398,0,0),(642,26030,23871,0,34,'2024-05-07 15:20:05',1,26.99,32.388,0,5.398,0,0),(643,26030,23939,0,34,'2024-05-07 15:20:05',1,26.99,32.388,0,5.398,0,0),(644,26030,23881,0,34,'2024-05-07 15:20:05',1,26.99,32.388,0,5.398,0,0),(645,26030,23945,0,34,'2024-05-07 15:20:05',1,26.99,32.388,0,5.398,0,0),(646,26030,23728,0,34,'2024-05-07 15:20:05',1,18.99,22.788,0,3.798,0,0),(647,26030,23878,0,34,'2024-05-07 15:20:05',1,26.99,32.388,0,5.398,0,0),(650,26032,24002,0,31,'2024-05-07 16:15:09',2,53.98,64.776,0,10.796,0,0),(651,26032,23999,0,31,'2024-05-07 16:15:09',4,107.96,129.552,0,21.592,0,0),(652,26032,23996,0,31,'2024-05-07 16:15:09',3,80.97,97.164,0,16.194,0,0),(653,26032,23993,0,31,'2024-05-07 16:15:09',3,80.97,97.164,0,16.194,0,0),(654,26032,23990,0,31,'2024-05-07 16:15:09',3,80.97,97.164,0,16.194,0,0),(655,26032,23978,0,31,'2024-05-07 16:15:09',3,80.97,97.164,0,16.194,0,0),(656,26032,23981,0,31,'2024-05-07 16:15:09',3,80.97,97.164,0,16.194,0,0),(657,26032,23984,0,31,'2024-05-07 16:15:09',2,53.98,64.776,0,10.796,0,0),(658,26032,23972,0,31,'2024-05-07 16:15:09',3,80.97,97.164,0,16.194,0,0),(659,26032,23963,0,31,'2024-05-07 16:15:09',2,53.98,64.776,0,10.796,0,0),(660,26032,23951,0,31,'2024-05-07 16:15:09',3,80.97,97.164,0,16.194,0,0),(661,26032,23954,0,31,'2024-05-07 16:15:09',3,80.97,97.164,0,16.194,0,0),(662,26032,23957,0,31,'2024-05-07 16:15:09',3,80.97,97.164,0,16.194,0,0),(663,26032,23948,0,31,'2024-05-07 16:15:09',3,80.97,97.164,0,16.194,0,0),(664,26032,23945,0,31,'2024-05-07 16:15:09',2,53.98,64.776,0,10.796,0,0),(665,26032,23942,0,31,'2024-05-07 16:15:09',3,80.97,97.164,0,16.194,0,0),(666,26032,23939,0,31,'2024-05-07 16:15:09',2,53.98,64.776,0,10.796,0,0),(667,26032,23930,0,31,'2024-05-07 16:15:09',3,80.97,97.164,0,16.194,0,0),(668,26032,23927,0,31,'2024-05-07 16:15:09',3,80.97,97.164,0,16.194,0,0),(669,26032,23924,0,31,'2024-05-07 16:15:09',3,80.97,97.164,0,16.194,0,0),(670,26032,23914,0,31,'2024-05-07 16:15:09',3,80.97,97.164,0,16.194,0,0),(671,26032,23918,0,31,'2024-05-07 16:15:09',3,80.97,97.164,0,16.194,0,0),(672,26032,23921,0,31,'2024-05-07 16:15:09',7,188.93,226.716,0,37.786,0,0),(673,26032,23911,0,31,'2024-05-07 16:15:09',2,53.98,64.776,0,10.796,0,0),(674,26032,23908,0,31,'2024-05-07 16:15:09',2,53.98,64.776,0,10.796,0,0),(675,26032,23899,0,31,'2024-05-07 16:15:09',2,53.98,64.776,0,10.796,0,0),(676,26032,23902,0,31,'2024-05-07 16:15:09',2,53.98,64.776,0,10.796,0,0),(677,26032,23893,0,31,'2024-05-07 16:15:09',2,53.98,64.776,0,10.796,0,0),(678,26032,23887,0,31,'2024-05-07 16:15:09',3,80.97,97.164,0,16.194,0,0),(679,26032,23878,0,31,'2024-05-07 16:15:09',2,53.98,64.776,0,10.796,0,0),(680,26032,23881,0,31,'2024-05-07 16:15:09',3,80.97,97.164,0,16.194,0,0),(681,26032,23884,0,31,'2024-05-07 16:15:09',2,53.98,64.776,0,10.796,0,0),(682,26032,23875,0,31,'2024-05-07 16:15:09',2,53.98,64.776,0,10.796,0,0),(683,26032,23869,0,31,'2024-05-07 16:15:09',7,188.93,226.716,0,37.786,0,0),(684,26032,23896,0,31,'2024-05-07 16:15:09',3,80.97,97.164,0,16.194,0,0),(687,26033,23728,0,35,'2024-05-07 23:17:18',1,18.99,22.788,0,3.798,0,0),(688,26033,23716,0,35,'2024-05-07 23:17:18',1,18.99,22.788,0,3.798,0,0),(689,26033,23713,0,35,'2024-05-07 23:17:18',1,18.99,22.788,0,3.798,0,0),(690,26033,23710,0,35,'2024-05-07 23:17:18',1,18.99,22.788,0,3.798,0,0),(691,26033,23701,0,35,'2024-05-07 23:17:18',1,18.99,22.788,0,3.798,0,0),(692,26033,23685,0,35,'2024-05-07 23:17:18',1,18.99,22.788,0,3.798,0,0),(693,26033,23682,0,35,'2024-05-07 23:17:18',1,18.99,22.788,0,3.798,0,0),(694,26033,23666,0,35,'2024-05-07 23:17:18',1,18.99,22.788,0,3.798,0,0),(695,26033,23644,0,35,'2024-05-07 23:17:18',1,18.99,22.788,0,3.798,0,0),(696,26033,23638,0,35,'2024-05-07 23:17:18',1,18.99,22.788,0,3.798,0,0),(697,26033,23632,0,35,'2024-05-07 23:17:18',1,18.99,22.788,0,3.798,0,0),(698,26033,23619,0,35,'2024-05-07 23:17:18',1,18.99,22.788,0,3.798,0,0),(699,26033,23613,0,35,'2024-05-07 23:17:18',2,37.98,45.576,0,7.596,0,0),(700,26033,23610,0,35,'2024-05-07 23:17:18',1,18.99,22.788,0,3.798,0,0),(701,26033,23592,0,35,'2024-05-07 23:17:18',1,18.99,22.788,0,3.798,0,0),(702,26033,23585,0,35,'2024-05-07 23:17:18',1,18.99,22.788,0,3.798,0,0),(703,26033,23573,0,35,'2024-05-07 23:17:18',1,18.99,22.788,0,3.798,0,0),(704,26033,23556,0,35,'2024-05-07 23:17:18',1,18.99,22.788,0,3.798,0,0),(705,26033,23552,0,35,'2024-05-07 23:17:18',1,18.99,22.788,0,3.798,0,0),(706,26033,24634,0,35,'2024-05-07 23:17:18',1,18.75,22.5,0,3.75,0,0),(707,26033,24628,0,35,'2024-05-07 23:17:18',1,18.75,22.5,0,3.75,0,0),(708,26033,23858,0,35,'2024-05-07 23:17:18',1,18.89,22.668,0,3.778,0,0),(709,26033,23828,0,35,'2024-05-07 23:17:18',1,18.89,22.668,0,3.778,0,0),(710,26033,23822,0,35,'2024-05-07 23:17:18',1,18.89,22.668,0,3.778,0,0),(711,26033,23798,0,35,'2024-05-07 23:17:18',1,18.89,22.668,0,3.778,0,0),(712,26033,23795,0,35,'2024-05-07 23:17:18',1,18.89,22.668,0,3.778,0,0),(713,26033,23786,0,35,'2024-05-07 23:17:18',1,18.89,22.668,0,3.778,0,0),(714,26033,23753,0,35,'2024-05-07 23:17:18',1,18.89,22.668,0,3.778,0,0),(715,26033,24141,0,35,'2024-05-07 23:17:18',1,18.75,22.5,0,3.75,0,0),(716,26033,24114,0,35,'2024-05-07 23:17:18',1,18.75,22.5,0,3.75,0,0),(717,26033,24102,0,35,'2024-05-07 23:17:18',1,18.75,22.5,0,3.75,0,0),(718,26033,24099,0,35,'2024-05-07 23:17:18',1,18.75,22.5,0,3.75,0,0),(719,26033,24087,0,35,'2024-05-07 23:17:18',1,18.75,22.5,0,3.75,0,0),(720,26033,24002,0,35,'2024-05-07 23:17:18',1,26.99,32.388,0,5.398,0,0),(721,26033,23993,0,35,'2024-05-07 23:17:18',1,26.99,32.388,0,5.398,0,0),(722,26033,23990,0,35,'2024-05-07 23:17:18',1,26.99,32.388,0,5.398,0,0),(723,26033,23987,0,35,'2024-05-07 23:17:18',1,26.99,32.388,0,5.398,0,0),(724,26033,23984,0,35,'2024-05-07 23:17:18',1,26.99,32.388,0,5.398,0,0),(725,26033,23981,0,35,'2024-05-07 23:17:18',1,26.99,32.388,0,5.398,0,0),(726,26033,23978,0,35,'2024-05-07 23:17:18',1,26.99,32.388,0,5.398,0,0),(727,26033,23954,0,35,'2024-05-07 23:17:18',1,26.99,32.388,0,5.398,0,0),(728,26033,23951,0,35,'2024-05-07 23:17:18',1,26.99,32.388,0,5.398,0,0),(729,26033,23948,0,35,'2024-05-07 23:17:18',1,26.99,32.388,0,5.398,0,0),(730,26033,23945,0,35,'2024-05-07 23:17:18',1,26.99,32.388,0,5.398,0,0),(731,26033,23936,0,35,'2024-05-07 23:17:18',1,26.99,32.388,0,5.398,0,0),(732,26033,23927,0,35,'2024-05-07 23:17:18',1,26.99,32.388,0,5.398,0,0),(733,26033,23921,0,35,'2024-05-07 23:17:18',1,26.99,32.388,0,5.398,0,0),(734,26033,23918,0,35,'2024-05-07 23:17:18',1,26.99,32.388,0,5.398,0,0),(735,26033,23908,0,35,'2024-05-07 23:17:18',1,26.99,32.388,0,5.398,0,0),(736,26033,23902,0,35,'2024-05-07 23:17:18',1,26.99,32.388,0,5.398,0,0),(737,26033,23899,0,35,'2024-05-07 23:17:18',1,26.99,32.388,0,5.398,0,0),(738,26033,23896,0,35,'2024-05-07 23:17:18',1,26.99,32.388,0,5.398,0,0),(739,26033,23893,0,35,'2024-05-07 23:17:18',1,26.99,32.388,0,5.398,0,0),(740,26033,23871,0,35,'2024-05-07 23:17:18',1,26.99,32.388,0,5.398,0,0),(741,26033,23869,0,35,'2024-05-07 23:17:18',1,26.99,32.388,0,5.398,0,0),(742,26033,24321,0,35,'2024-05-07 23:17:18',1,29.25,35.1,0,5.85,0,0),(743,26033,23707,0,35,'2024-05-07 23:17:18',1,18.99,22.788,0,3.798,0,0),(744,26033,23695,0,35,'2024-05-07 23:17:18',1,18.99,22.788,0,3.798,0,0),(784,26038,23990,0,33,'2024-05-09 18:33:18',1,26.49,32.263714,0,5.298,0.475714,0),(785,26038,23981,0,33,'2024-05-09 18:33:18',1,26.49,32.263714,0,5.298,0.475714,0),(786,26038,23972,0,33,'2024-05-09 18:33:18',1,26.49,32.263714,0,5.298,0.475714,0),(787,26038,23963,0,33,'2024-05-09 18:33:18',1,26.49,32.263714,0,5.298,0.475714,0),(788,26038,23957,0,33,'2024-05-09 18:33:18',1,26.49,32.263714,0,5.298,0.475714,0),(789,26038,23954,0,33,'2024-05-09 18:33:18',1,26.49,32.263714,0,5.298,0.475714,0),(790,26038,23948,0,33,'2024-05-09 18:33:18',3,79.47,96.791143,0,15.894,1.427143,0),(791,26038,23939,0,33,'2024-05-09 18:33:18',1,26.49,32.263714,0,5.298,0.475714,0),(792,26038,23921,0,33,'2024-05-09 18:33:18',1,26.49,32.263714,0,5.298,0.475714,0),(793,26038,23908,0,33,'2024-05-09 18:33:18',1,26.49,32.263714,0,5.298,0.475714,0),(794,26038,23899,0,33,'2024-05-09 18:33:18',1,26.49,32.263714,0,5.298,0.475714,0),(795,26038,23893,0,33,'2024-05-09 18:33:18',1,26.49,32.263714,0,5.298,0.475714,0),(796,26038,23884,0,33,'2024-05-09 18:33:18',1,26.49,32.263714,0,5.298,0.475714,0),(797,26038,23871,0,33,'2024-05-09 18:33:18',3,79.47,96.791143,0,15.894,1.427143,0),(798,26038,23869,0,33,'2024-05-09 18:33:18',3,79.47,96.791143,0,15.894,1.427143,0),(890,26044,24942,0,36,'2024-05-11 01:42:42',2,0,0,0,0,0,0),(891,26044,25167,0,36,'2024-05-11 01:42:42',1,7.49,7.49,0,0,0,0),(893,26059,23981,0,32,'2024-05-14 11:23:56',1,25.99,31.188,0,5.198,0,0),(894,26059,23978,0,32,'2024-05-14 11:23:56',1,25.99,31.188,0,5.198,0,0),(895,26059,23972,0,32,'2024-05-14 11:23:56',1,25.99,31.188,0,5.198,0,0),(896,26059,23963,0,32,'2024-05-14 11:23:56',1,25.99,31.188,0,5.198,0,0),(897,26059,23954,0,32,'2024-05-14 11:23:56',1,25.99,31.188,0,5.198,0,0),(898,26059,23936,0,32,'2024-05-14 11:23:56',1,25.99,31.188,0,5.198,0,0),(899,26059,23921,0,32,'2024-05-14 11:23:56',1,25.99,31.188,0,5.198,0,0),(900,26059,23899,0,32,'2024-05-14 11:23:56',1,25.99,31.188,0,5.198,0,0),(901,26059,24625,0,32,'2024-05-14 11:23:56',2,37.5,45,0,7.5,0,0),(902,26059,24591,0,32,'2024-05-14 11:23:56',2,37.5,45,0,7.5,0,0),(903,26059,24582,0,32,'2024-05-14 11:23:56',2,37.5,45,0,7.5,0,0),(904,26059,24141,0,32,'2024-05-14 11:23:56',1,18.75,22.5,0,3.75,0,0),(905,26059,24138,0,32,'2024-05-14 11:23:56',3,56.25,67.5,0,11.25,0,0),(906,26059,24123,0,32,'2024-05-14 11:23:56',2,37.5,45,0,7.5,0,0),(907,26059,24120,0,32,'2024-05-14 11:23:56',1,18.75,22.5,0,3.75,0,0),(908,26059,24033,0,32,'2024-05-14 11:23:56',3,50.97,61.164,0,10.194,0,0),(909,26059,24826,0,32,'2024-05-14 11:23:56',1,18.99,22.788,0,3.798,0,0),(910,26059,24859,0,32,'2024-05-14 11:23:56',1,18.99,22.788,0,3.798,0,0),(911,26059,24829,0,32,'2024-05-14 11:23:56',1,18.99,22.788,0,3.798,0,0),(912,26059,23728,0,32,'2024-05-14 11:23:56',1,18.99,22.788,0,3.798,0,0),(913,26059,23716,0,32,'2024-05-14 11:23:56',1,18.99,22.788,0,3.798,0,0),(914,26059,23695,0,32,'2024-05-14 11:23:56',3,56.97,68.364,0,11.394,0,0),(915,26059,23682,0,32,'2024-05-14 11:23:56',2,37.98,45.576,0,7.596,0,0),(916,26059,23670,0,32,'2024-05-14 11:23:56',1,18.99,22.788,0,3.798,0,0),(917,26059,23647,0,32,'2024-05-14 11:23:56',2,37.98,45.576,0,7.596,0,0),(918,26059,23644,0,32,'2024-05-14 11:23:56',3,56.97,68.364,0,11.394,0,0),(919,26059,23632,0,32,'2024-05-14 11:23:56',3,56.97,68.364,0,11.394,0,0),(920,26059,23623,0,32,'2024-05-14 11:23:56',1,18.99,22.788,0,3.798,0,0),(921,26059,23592,0,32,'2024-05-14 11:23:56',10,189.9,227.88,0,37.98,0,0),(922,26059,23588,0,32,'2024-05-14 11:23:56',1,18.99,22.788,0,3.798,0,0),(923,26059,23582,0,32,'2024-05-14 11:23:56',1,18.99,22.788,0,3.798,0,0),(924,26059,23561,0,32,'2024-05-14 11:23:56',1,18.99,22.788,0,3.798,0,0),(925,26059,23556,0,32,'2024-05-14 11:23:56',1,18.99,22.788,0,3.798,0,0),(926,26059,23552,0,32,'2024-05-14 11:23:56',1,18.99,22.788,0,3.798,0,0),(927,26059,23613,0,32,'2024-05-14 11:23:56',10,189.9,227.88,0,37.98,0,0),(967,26233,23704,0,2,'2024-05-21 21:10:33',1,18.59,22.308,0,3.718,0,0),(968,26233,25673,0,2,'2024-05-21 21:10:33',3,34.77,41.724,0,6.954,0,0),(969,26233,25830,25832,2,'2024-05-21 21:10:33',1,11.59,13.908,0,2.318,0,0),(970,26233,25830,25833,2,'2024-05-21 21:10:33',1,11.59,13.908,0,2.318,0,0),(971,26233,25648,0,2,'2024-05-21 21:10:33',3,34.77,41.724,0,6.954,0,0),(972,26233,25740,0,2,'2024-05-21 21:10:33',3,34.77,41.724,0,6.954,0,0),(973,26233,25800,25802,2,'2024-05-21 21:10:33',1,11.59,13.908,0,2.318,0,0),(974,26233,25800,25803,2,'2024-05-21 21:10:33',1,11.59,13.908,0,2.318,0,0),(975,26233,25663,0,2,'2024-05-21 21:10:33',2,23.18,27.816,0,4.636,0,0),(976,26233,25668,0,2,'2024-05-21 21:10:33',2,23.18,27.816,0,4.636,0,0),(977,26233,25825,25827,2,'2024-05-21 21:10:33',1,11.59,13.908,0,2.318,0,0),(978,26233,25825,25828,2,'2024-05-21 21:10:33',1,11.59,13.908,0,2.318,0,0),(979,26233,25750,0,2,'2024-05-21 21:10:33',2,23.18,27.816,0,4.636,0,0),(980,26233,25835,25837,2,'2024-05-21 21:10:33',1,11.59,13.908,0,2.318,0,0),(981,26233,25835,25838,2,'2024-05-21 21:10:33',1,11.59,13.908,0,2.318,0,0),(982,26233,25840,25842,2,'2024-05-21 21:10:33',1,11.59,13.908,0,2.318,0,0),(983,26233,25840,25843,2,'2024-05-21 21:10:33',1,11.59,13.908,0,2.318,0,0),(984,26233,25765,0,2,'2024-05-21 21:10:33',2,23.18,27.816,0,4.636,0,0),(985,26233,25780,0,2,'2024-05-21 21:10:33',2,23.18,27.816,0,4.636,0,0),(986,26233,25688,0,2,'2024-05-21 21:10:33',2,23.18,27.816,0,4.636,0,0),(987,26233,25745,0,2,'2024-05-21 21:10:33',2,23.18,27.816,0,4.636,0,0),(988,26233,25770,0,2,'2024-05-21 21:10:33',2,23.18,27.816,0,4.636,0,0),(989,26233,25653,0,2,'2024-05-21 21:10:33',2,23.18,27.816,0,4.636,0,0),(990,26233,25810,25812,2,'2024-05-21 21:10:33',1,11.59,13.908,0,2.318,0,0),(991,26233,25810,25813,2,'2024-05-21 21:10:33',1,11.59,13.908,0,2.318,0,0),(992,26233,25643,0,2,'2024-05-21 21:10:33',3,34.77,41.724,0,6.954,0,0),(993,26233,25845,25847,2,'2024-05-21 21:10:33',1,11.59,13.908,0,2.318,0,0),(994,26233,25845,25848,2,'2024-05-21 21:10:33',1,11.59,13.908,0,2.318,0,0),(995,26233,24771,0,2,'2024-05-21 21:10:33',1,23.49,28.188,0,4.698,0,0),(996,26233,24750,0,2,'2024-05-21 21:10:33',1,23.49,28.188,0,4.698,0,0),(997,26233,24744,0,2,'2024-05-21 21:10:33',1,23.49,28.188,0,4.698,0,0),(998,26233,24774,0,2,'2024-05-21 21:10:33',1,23.49,28.188,0,4.698,0,0),(999,26233,24768,0,2,'2024-05-21 21:10:33',1,23.49,28.188,0,4.698,0,0),(1000,26233,24762,0,2,'2024-05-21 21:10:33',1,23.49,28.188,0,4.698,0,0),(1001,26233,24741,0,2,'2024-05-21 21:10:33',1,23.49,28.188,0,4.698,0,0),(1002,26233,24765,0,2,'2024-05-21 21:10:33',1,23.49,28.188,0,4.698,0,0),(1003,26233,24747,0,2,'2024-05-21 21:10:33',1,23.49,28.188,0,4.698,0,0),(1004,26233,24738,0,2,'2024-05-21 21:10:33',1,23.49,28.188,0,4.698,0,0),(1005,26233,24753,0,2,'2024-05-21 21:10:33',1,23.49,28.188,0,4.698,0,0),(1006,26233,24759,0,2,'2024-05-21 21:10:33',1,23.49,28.188,0,4.698,0,0),(1007,26233,23918,0,2,'2024-05-21 21:10:33',1,24.99,29.988,0,4.998,0,0),(1008,26233,23981,0,2,'2024-05-21 21:10:33',1,24.99,29.988,0,4.998,0,0),(1009,26233,23978,0,2,'2024-05-21 21:10:33',1,24.99,29.988,0,4.998,0,0),(1010,26233,23930,0,2,'2024-05-21 21:10:33',1,24.99,29.988,0,4.998,0,0),(1011,26233,23893,0,2,'2024-05-21 21:10:33',1,24.99,29.988,0,4.998,0,0),(1012,26233,23871,0,2,'2024-05-21 21:10:33',1,24.99,29.988,0,4.998,0,0),(1013,26233,23936,0,2,'2024-05-21 21:10:33',3,74.97,89.964,0,14.994,0,0),(1014,26233,23951,0,2,'2024-05-21 21:10:33',1,24.99,29.988,0,4.998,0,0),(1015,26233,24002,0,2,'2024-05-21 21:10:33',1,24.99,29.988,0,4.998,0,0),(1016,26233,23939,0,2,'2024-05-21 21:10:33',1,24.99,29.988,0,4.998,0,0),(1017,26233,23954,0,2,'2024-05-21 21:10:33',1,24.99,29.988,0,4.998,0,0),(1018,26233,23869,0,2,'2024-05-21 21:10:33',1,24.99,29.988,0,4.998,0,0),(1019,26233,23887,0,2,'2024-05-21 21:10:33',1,24.99,29.988,0,4.998,0,0),(1020,26233,23942,0,2,'2024-05-21 21:10:33',1,24.99,29.988,0,4.998,0,0),(1021,26233,23911,0,2,'2024-05-21 21:10:33',1,24.99,29.988,0,4.998,0,0),(1022,26233,23948,0,2,'2024-05-21 21:10:33',1,24.99,29.988,0,4.998,0,0),(1023,26233,23921,0,2,'2024-05-21 21:10:33',1,24.99,29.988,0,4.998,0,0),(1024,26233,23993,0,2,'2024-05-21 21:10:33',1,24.99,29.988,0,4.998,0,0),(1052,26234,24628,0,32,'2024-05-22 20:06:11',1,18.59,22.308,0,3.718,0,0),(1053,26234,24625,0,32,'2024-05-22 20:06:11',3,55.77,66.924,0,11.154,0,0),(1054,26234,24591,0,32,'2024-05-22 20:06:11',3,55.77,66.924,0,11.154,0,0),(1055,26234,24585,0,32,'2024-05-22 20:06:11',4,74.36,89.232,0,14.872,0,0),(1056,26234,24138,0,32,'2024-05-22 20:06:11',3,55.77,66.924,0,11.154,0,0),(1057,26234,24126,0,32,'2024-05-22 20:06:11',3,55.77,66.924,0,11.154,0,0),(1058,26234,24123,0,32,'2024-05-22 20:06:11',3,55.77,66.924,0,11.154,0,0),(1059,26234,24120,0,32,'2024-05-22 20:06:11',1,18.59,22.308,0,3.718,0,0),(1060,26234,24093,0,32,'2024-05-22 20:06:11',2,37.18,44.616,0,7.436,0,0),(1061,26234,24087,0,32,'2024-05-22 20:06:11',2,37.18,44.616,0,7.436,0,0),(1062,26234,23728,0,32,'2024-05-22 20:06:11',5,92.95,111.54,0,18.59,0,0),(1063,26234,23716,0,32,'2024-05-22 20:06:11',1,18.59,22.308,0,3.718,0,0),(1064,26234,23632,0,32,'2024-05-22 20:06:11',3,55.77,66.924,0,11.154,0,0),(1065,26234,23607,0,32,'2024-05-22 20:06:11',1,18.59,22.308,0,3.718,0,0),(1066,26234,23588,0,32,'2024-05-22 20:06:11',1,18.59,22.308,0,3.718,0,0),(1067,26234,23556,0,32,'2024-05-22 20:06:11',1,18.59,22.308,0,3.718,0,0),(1068,26234,25187,0,32,'2024-05-22 20:06:11',1,6.99,8.388,0,1.398,0,0),(1069,26234,24954,0,32,'2024-05-22 20:06:11',2,29.5,35.4,0,5.9,0,0),(1070,26234,24981,0,32,'2024-05-22 20:06:11',2,36.98,44.376,0,7.396,0,0),(1071,26234,25086,0,32,'2024-05-22 20:06:11',1,11.99,14.388,0,2.398,0,0),(1072,26234,23978,0,32,'2024-05-22 20:06:11',1,24.99,29.988,0,4.998,0,0),(1073,26234,23951,0,32,'2024-05-22 20:06:11',1,24.99,29.988,0,4.998,0,0),(1074,26234,23896,0,32,'2024-05-22 20:06:11',1,24.99,29.988,0,4.998,0,0);

--
-- Table structure for table `f1dqIoL_wc_order_stats`
--

CREATE TABLE `f1dqIoL_wc_order_stats` (
  `order_id` bigint unsigned NOT NULL,
  `parent_id` bigint unsigned NOT NULL DEFAULT '0',
  `date_created` datetime NOT NULL DEFAULT '0000-00-00 00:00:00',
  `date_created_gmt` datetime NOT NULL DEFAULT '0000-00-00 00:00:00',
  `date_paid` datetime DEFAULT '0000-00-00 00:00:00',
  `date_completed` datetime DEFAULT '0000-00-00 00:00:00',
  `num_items_sold` int NOT NULL DEFAULT '0',
  `total_sales` double NOT NULL DEFAULT '0',
  `tax_total` double NOT NULL DEFAULT '0',
  `shipping_total` double NOT NULL DEFAULT '0',
  `net_total` double NOT NULL DEFAULT '0',
  `returning_customer` tinyint(1) DEFAULT NULL,
  `status` varchar(200) CHARACTER SET utf8mb4 COLLATE utf8mb4_unicode_520_ci NOT NULL,
  `customer_id` bigint unsigned NOT NULL,
  PRIMARY KEY (`order_id`),
  KEY `date_created` (`date_created`),
  KEY `customer_id` (`customer_id`),
  KEY `status` (`status`(191))
) ENGINE=InnoDB DEFAULT CHARSET=utf8mb4 COLLATE=utf8mb4_unicode_520_ci;

--
-- Dumping data for table `f1dqIoL_wc_order_stats`
--

INSERT INTO `f1dqIoL_wc_order_stats` VALUES (0,26059,'0000-00-00 00:00:00','0000-00-00 00:00:00',NULL,NULL,0,0,0,0,0,NULL,'0',0),(24211,0,'2024-02-24 23:19:47','2024-02-24 23:19:47',NULL,NULL,20,239.8,0,0,239.8,1,'wc-cancelled',2),(24212,0,'2024-02-25 09:20:20','2024-02-25 09:20:20',NULL,NULL,11,281.89,0,0,281.89,1,'wc-cancelled',2),(24554,0,'2024-03-10 09:33:13','2024-03-10 09:33:13',NULL,NULL,11,270.39,0,0,270.39,1,'wc-cancelled',2),(24555,0,'2024-03-10 09:46:17','2024-03-10 09:46:17',NULL,NULL,11,324.47,54.08,0,270.39,1,'wc-cancelled',2),(24556,0,'2024-03-10 09:56:28','2024-03-10 09:56:28','2024-03-10 09:58:42','2024-03-10 10:01:09',65,1840.62,306.77,0,1533.85,0,'wc-completed',2),(25196,0,'2024-03-19 12:13:35','2024-03-19 12:13:35',NULL,NULL,3,102.47,15.41,9.99,77.07,0,'wc-cancelled',8),(25197,0,'2024-03-19 12:28:21','2024-03-19 12:28:21','2024-03-19 14:28:19','2024-03-22 18:52:17',47,1099.24,183.21,0,916.03,0,'wc-completed',9),(25198,0,'2024-03-19 12:58:54','2024-03-19 12:58:54','2024-03-19 13:00:46','2024-03-22 18:52:20',66,1802.81,300.47,0,1502.34,1,'wc-completed',2),(25228,0,'2024-03-27 11:49:29','2024-03-27 11:49:29','2024-03-27 11:51:25','2024-03-28 09:56:52',41,966.86,159.48,9.99,797.39,1,'wc-completed',2),(25234,0,'2024-04-09 08:50:46','2024-04-09 08:50:46','2024-04-11 05:03:38','2024-04-11 05:03:38',78,2031.72,338.62,0,1693.1,1,'wc-completed',2),(25235,0,'2024-04-19 10:00:11','2024-04-19 10:00:11','2024-04-20 03:36:06','2024-04-20 03:37:12',75,1764.95,294.16,0,1470.79,1,'wc-completed',2),(25245,0,'2024-04-28 08:25:19','2024-04-28 08:25:19',NULL,NULL,4,71.14,10.19,9.99,50.96,1,'wc-cancelled',2),(25602,0,'2024-04-29 11:29:56','2024-04-29 11:29:56','2024-04-29 11:55:01','2024-05-03 15:33:34',63,1605.37,267.56,0,1337.81,1,'wc-completed',2),(25603,0,'2024-05-02 11:50:28','2024-05-02 11:50:28','2024-05-02 11:55:14','2024-05-03 15:38:22',45,1006.45,167.74,0,838.71,0,'wc-completed',32),(26030,0,'2024-05-07 15:20:05','2024-05-07 15:20:05','2024-05-07 15:37:01','2024-05-10 10:59:27',38,967.27,161.21,0,806.06,0,'wc-completed',34),(26032,0,'2024-05-07 16:15:09','2024-05-07 16:15:09','2024-05-07 16:37:26','2024-05-09 17:01:05',101,3271.19,545.2,0,2725.99,0,'wc-completed',31),(26033,0,'2024-05-07 23:17:18','2024-05-07 23:17:18','2024-05-08 10:08:12','2024-05-10 11:27:58',59,1565.15,260.86,0,1304.29,0,'wc-completed',35),(26038,0,'2024-05-09 18:33:18','2024-05-09 18:33:18','2024-05-10 10:50:23','2024-05-13 10:00:38',21,677.54,111.26,9.99,556.29,0,'wc-completed',33),(26044,0,'2024-05-11 01:42:42','2024-05-11 01:42:42','2024-05-11 01:42:42',NULL,3,7.49,0,0,7.49,0,'wc-cancelled',36),(26059,0,'2024-05-14 11:23:56','2024-05-14 11:23:56','2024-05-14 11:26:15','2024-05-17 09:23:44',69,1628.63,271.44,0,1357.19,1,'wc-completed',32),(26233,0,'2024-05-21 21:10:33','2024-05-21 21:10:33','2024-05-23 04:57:38','2024-05-23 04:57:38',77,1572.28,262.05,0,1310.23,1,'wc-completed',2),(26234,0,'2024-05-22 20:06:11','2024-05-22 20:06:11',NULL,NULL,46,1017.91,169.65,0,848.26,1,'wc-on-hold',32);

--
-- Table structure for table `f1dqIoL_wc_order_tax_lookup`
--

CREATE TABLE `f1dqIoL_wc_order_tax_lookup` (
  `order_id` bigint unsigned NOT NULL,
  `tax_rate_id` bigint unsigned NOT NULL,
  `date_created` datetime NOT NULL DEFAULT '0000-00-00 00:00:00',
  `shipping_tax` double NOT NULL DEFAULT '0',
  `order_tax` double NOT NULL DEFAULT '0',
  `total_tax` double NOT NULL DEFAULT '0',
  PRIMARY KEY (`order_id`,`tax_rate_id`),
  KEY `tax_rate_id` (`tax_rate_id`),
  KEY `date_created` (`date_created`)
) ENGINE=InnoDB DEFAULT CHARSET=utf8mb4 COLLATE=utf8mb4_unicode_520_ci;

--
-- Dumping data for table `f1dqIoL_wc_order_tax_lookup`
--

INSERT INTO `f1dqIoL_wc_order_tax_lookup` VALUES (24555,5,'2024-03-10 09:46:17',0,54.078,54.078),(24556,5,'2024-03-10 09:56:28',0,306.77,306.77),(25196,5,'2024-03-19 12:13:35',0,15.414,15.414),(25197,5,'2024-03-19 12:28:21',0,183.206,183.206),(25198,5,'2024-03-19 12:58:54',0,300.468,300.468),(25228,5,'2024-03-27 11:49:29',0,159.478,159.478),(25232,5,'2024-03-31 14:15:38',0,-15.512,-15.512),(25234,5,'2024-04-09 08:50:46',0,338.62,338.62),(25235,5,'2024-04-19 10:00:11',0,294.158,294.158),(25245,5,'2024-04-28 08:25:19',0,10.192,10.192),(25602,5,'2024-04-29 11:29:56',0,267.562,267.562),(25603,5,'2024-05-02 11:50:28',0,167.742,167.742),(25605,5,'2024-05-03 15:38:01',0,-10.194,-10.194),(25606,5,'2024-05-03 16:37:46',0,-48.296,-48.296),(26030,5,'2024-05-07 15:20:05',0,161.212,161.212),(26032,5,'2024-05-07 16:15:09',0,545.198,545.198),(26033,5,'2024-05-07 23:17:18',0,260.858,260.858),(26037,5,'2024-05-09 17:00:47',0,-48.582,-48.582),(26038,5,'2024-05-09 18:33:18',0,111.258,111.258),(26041,5,'2024-05-10 10:53:12',0,-10.276,-10.276),(26042,5,'2024-05-10 11:25:48',0,-7.548,-7.548),(26044,5,'2024-05-11 01:42:42',0,0,0),(26059,5,'2024-05-14 11:23:56',0,271.438,271.438),(26061,5,'2024-05-17 09:24:27',0,-13.992,-13.992),(26233,5,'2024-05-21 21:10:33',0,262.046,262.046),(26234,5,'2024-05-22 20:06:11',0,169.652,169.652);

--
-- Table structure for table `f1dqIoL_wc_orders`
--

CREATE TABLE `f1dqIoL_wc_orders` (
  `id` bigint unsigned NOT NULL,
  `status` varchar(20) CHARACTER SET utf8mb4 COLLATE utf8mb4_unicode_520_ci DEFAULT NULL,
  `currency` varchar(10) CHARACTER SET utf8mb4 COLLATE utf8mb4_unicode_520_ci DEFAULT NULL,
  `type` varchar(20) CHARACTER SET utf8mb4 COLLATE utf8mb4_unicode_520_ci DEFAULT NULL,
  `tax_amount` decimal(26,8) DEFAULT NULL,
  `total_amount` decimal(26,8) DEFAULT NULL,
  `customer_id` bigint unsigned DEFAULT NULL,
  `billing_email` varchar(320) CHARACTER SET utf8mb4 COLLATE utf8mb4_unicode_520_ci DEFAULT NULL,
  `date_created_gmt` datetime DEFAULT NULL,
  `date_updated_gmt` datetime DEFAULT NULL,
  `parent_order_id` bigint unsigned DEFAULT NULL,
  `payment_method` varchar(100) CHARACTER SET utf8mb4 COLLATE utf8mb4_unicode_520_ci DEFAULT NULL,
  `payment_method_title` text CHARACTER SET utf8mb4 COLLATE utf8mb4_unicode_520_ci,
  `transaction_id` varchar(100) CHARACTER SET utf8mb4 COLLATE utf8mb4_unicode_520_ci DEFAULT NULL,
  `ip_address` varchar(100) CHARACTER SET utf8mb4 COLLATE utf8mb4_unicode_520_ci DEFAULT NULL,
  `user_agent` text CHARACTER SET utf8mb4 COLLATE utf8mb4_unicode_520_ci,
  `customer_note` text CHARACTER SET utf8mb4 COLLATE utf8mb4_unicode_520_ci,
  PRIMARY KEY (`id`),
  KEY `status` (`status`),
  KEY `date_created` (`date_created_gmt`),
  KEY `customer_id_billing_email` (`customer_id`,`billing_email`(171)),
  KEY `billing_email` (`billing_email`(191)),
  KEY `type_status_date` (`type`,`status`,`date_created_gmt`),
  KEY `parent_order_id` (`parent_order_id`),
  KEY `date_updated` (`date_updated_gmt`)
) ENGINE=InnoDB DEFAULT CHARSET=utf8mb4 COLLATE=utf8mb4_unicode_520_ci;

--
-- Dumping data for table `f1dqIoL_wc_orders`
--

INSERT INTO `f1dqIoL_wc_orders` VALUES (24211,'wc-cancelled','GBP','shop_order',0.00000000,239.80000000,4,'lovetack@hotmail.co.uk','2024-02-24 23:19:47','2024-03-10 10:07:04',0,'bacs','Direct bank transfer','','31.94.8.198','Mozilla/5.0 (Linux; Android 10; K) AppleWebKit/537.36 (KHTML, like Gecko) Chrome/121.0.0.0 Mobile Safari/537.36',''),(24212,'wc-cancelled','GBP','shop_order',0.00000000,281.89000000,4,'lovetack@hotmail.co.uk','2024-02-25 09:20:20','2024-03-10 10:07:04',0,'bacs','Direct bank transfer','','86.166.166.138','Mozilla/5.0 (Windows NT 10.0; Win64; x64) AppleWebKit/537.36 (KHTML, like Gecko) Chrome/121.0.0.0 Safari/537.36',''),(24554,'wc-cancelled','GBP','shop_order',0.00000000,270.39000000,4,'lovetack@hotmail.co.uk','2024-03-10 09:33:13','2024-03-10 10:06:52',0,'fena_payment','Pay by bank','','92.13.122.104','Mozilla/5.0 (Windows NT 10.0; Win64; x64) AppleWebKit/537.36 (KHTML, like Gecko) Chrome/122.0.0.0 Safari/537.36 Edg/122.0.0.0',''),(24555,'wc-cancelled','GBP','shop_order',54.07800000,324.47000000,4,'lovetack@hotmail.co.uk','2024-03-10 09:46:17','2024-03-10 10:06:52',0,'fena_payment','Pay by bank','','92.13.122.104','Mozilla/5.0 (Windows NT 10.0; Win64; x64) AppleWebKit/537.36 (KHTML, like Gecko) Chrome/122.0.0.0 Safari/537.36 Edg/122.0.0.0',''),(24556,'wc-completed','GBP','shop_order',306.77000000,1840.62000000,4,'lovetack@hotmail.co.uk','2024-03-10 09:56:28','2024-04-02 11:56:44',0,'fena_payment','Pay by bank','65ed83cd01c9842137ff3e32','92.13.122.104','Mozilla/5.0 (Windows NT 10.0; Win64; x64) AppleWebKit/537.36 (KHTML, like Gecko) Chrome/122.0.0.0 Safari/537.36 Edg/122.0.0.0',''),(25196,'wc-cancelled','GBP','shop_order',15.41400000,102.47000000,8,'lovetack@hotmail.co.uk','2024-03-19 12:13:35','2024-03-19 13:40:20',0,'fena_payment','Pay by bank','','92.13.122.104','Mozilla/5.0 (Windows NT 10.0; Win64; x64) AppleWebKit/537.36 (KHTML, like Gecko) Chrome/122.0.0.0 Safari/537.36 Edg/122.0.0.0',''),(25197,'wc-completed','GBP','shop_order',183.20600000,1099.24000000,11,'vathani0116@gmail.com','2024-03-19 12:28:21','2024-03-22 18:52:18',0,'bacs','Direct bank transfer','','86.132.160.239','Mozilla/5.0 (Linux; Android 10; K) AppleWebKit/537.36 (KHTML, like Gecko) SamsungBrowser/24.0 Chrome/117.0.0.0 Mobile Safari/537.36',''),(25198,'wc-completed','GBP','shop_order',300.46800000,1802.81000000,4,'lovetack@hotmail.co.uk','2024-03-19 12:58:54','2024-04-02 11:57:06',0,'fena_payment','Pay by bank','65f98c1101c984213707f1c2','92.13.122.104','Mozilla/5.0 (Windows NT 10.0; Win64; x64) AppleWebKit/537.36 (KHTML, like Gecko) Chrome/122.0.0.0 Safari/537.36',''),(25228,'wc-completed','GBP','shop_order',159.47800000,966.86000000,4,'lovetack@hotmail.co.uk','2024-03-27 11:49:29','2024-04-02 11:57:17',0,'fena_payment','Pay by bank','660407cb01c98421371125e2','92.13.122.104','Mozilla/5.0 (Windows NT 10.0; Win64; x64) AppleWebKit/537.36 (KHTML, like Gecko) Chrome/122.0.0.0 Safari/537.36 Edg/122.0.0.0',''),(25232,'wc-completed','GBP','shop_order_refund',-15.51200000,-93.07000000,NULL,NULL,'2024-03-31 14:15:38','2024-03-31 14:15:38',25228,NULL,NULL,NULL,NULL,NULL,NULL),(25234,'wc-completed','GBP','shop_order',338.62000000,2031.72000000,4,'lovetack@hotmail.co.uk','2024-04-09 08:50:46','2024-04-11 05:03:40',0,'bacs','Direct bank transfer','','175.157.87.165','Mozilla/5.0 (Linux; Android 10; K) AppleWebKit/537.36 (KHTML, like Gecko) Chrome/123.0.0.0 Mobile Safari/537.36',''),(25235,'wc-completed','GBP','shop_order',294.15800000,1764.95000000,4,'lovetack@hotmail.co.uk','2024-04-19 10:00:11','2024-04-20 03:37:14',0,'bacs','Direct bank transfer','','175.157.172.176','Mozilla/5.0 (Linux; Android 10; K) AppleWebKit/537.36 (KHTML, like Gecko) Chrome/123.0.0.0 Mobile Safari/537.36',''),(25245,'wc-cancelled','GBP','shop_order',10.19200000,71.14000000,4,'lovetack@hotmail.co.uk','2024-04-28 08:25:19','2024-04-28 11:58:38',0,'bacs','Direct bank transfer','','92.9.68.57','Mozilla/5.0 (Windows NT 10.0; Win64; x64) AppleWebKit/537.36 (KHTML, like Gecko) Chrome/124.0.0.0 Safari/537.36 Edg/124.0.0.0',''),(25602,'wc-completed','GBP','shop_order',267.56200000,1605.37000000,4,'lovetack@hotmail.co.uk','2024-04-29 11:29:56','2024-05-03 16:37:50',0,'bacs','Direct bank transfer','','78.150.56.139','Mozilla/5.0 (Windows NT 10.0; Win64; x64) AppleWebKit/537.36 (KHTML, like Gecko) Chrome/124.0.0.0 Safari/537.36 Edg/124.0.0.0',''),(25603,'wc-completed','GBP','shop_order',167.74200000,1006.45000000,36,'ernestnithish@gmail.com','2024-05-02 11:50:28','2024-05-03 16:24:24',0,'fena_payment','Pay by bank','66337e051696a076141e6c67','193.237.10.36','Mozilla/5.0 (Linux; Android 10; K) AppleWebKit/537.36 (KHTML, like Gecko) SamsungBrowser/24.0 Chrome/117.0.0.0 Mobile Safari/537.36',''),(25605,'wc-completed','GBP','shop_order_refund',-10.19400000,-61.16000000,NULL,NULL,'2024-05-03 15:38:01','2024-05-03 16:24:45',25603,NULL,NULL,NULL,NULL,NULL,NULL),(25606,'wc-completed','GBP','shop_order_refund',-48.29600000,-289.78000000,NULL,NULL,'2024-05-03 16:37:46','2024-05-03 16:37:47',25602,NULL,NULL,NULL,NULL,NULL,NULL),(26030,'wc-completed','GBP','shop_order',161.21200000,967.27000000,38,'gowshop22@gmail.com','2024-05-07 15:20:05','2024-05-10 10:59:28',0,'bacs','Direct bank transfer','','92.9.77.253','Mozilla/5.0 (Windows NT 10.0; Win64; x64) AppleWebKit/537.36 (KHTML, like Gecko) Chrome/124.0.0.0 Safari/537.36',''),(26032,'wc-completed','GBP','shop_order',545.19800000,3271.19000000,35,'kamal_nithi@hotmail.co.uk','2024-05-07 16:15:09','2024-05-09 17:02:16',0,'bacs','Direct bank transfer','','217.35.91.238','Mozilla/5.0 (iPhone; CPU iPhone OS 17_4_1 like Mac OS X) AppleWebKit/605.1.15 (KHTML, like Gecko) Version/17.4.1 Mobile/15E148 Safari/604.1',''),(26033,'wc-completed','GBP','shop_order',260.85800000,1565.15000000,39,'sritharma94@gmail.com','2024-05-07 23:17:18','2024-05-10 11:28:00',0,'bacs','Direct bank transfer','','89.241.253.195','Mozilla/5.0 (iPhone; CPU iPhone OS 17_4_1 like Mac OS X) AppleWebKit/605.1.15 (KHTML, like Gecko) Version/17.4.1 Mobile/15E148 Safari/604.1',''),(26037,'wc-completed','GBP','shop_order_refund',-48.58200000,-291.49000000,NULL,NULL,'2024-05-09 17:00:47','2024-05-09 17:02:16',26032,NULL,NULL,NULL,NULL,NULL,NULL),(26038,'wc-completed','GBP','shop_order',111.25800000,677.54000000,37,'pparunan@hotmail.co.uk','2024-05-09 18:33:18','2024-05-13 10:00:38',0,'bacs','Direct bank transfer','','31.49.171.64','Mozilla/5.0 (iPhone; CPU iPhone OS 17_4_1 like Mac OS X) AppleWebKit/605.1.15 (KHTML, like Gecko) Version/17.4.1 Mobile/15E148 Safari/604.1',''),(26041,'wc-completed','GBP','shop_order_refund',-10.27600000,-61.66000000,NULL,NULL,'2024-05-10 10:53:12','2024-05-10 10:53:48',26030,NULL,NULL,NULL,NULL,NULL,NULL),(26042,'wc-completed','GBP','shop_order_refund',-7.54800000,-45.29000000,NULL,NULL,'2024-05-10 11:25:48','2024-05-10 11:27:03',26033,NULL,NULL,NULL,NULL,NULL,NULL),(26044,'wc-cancelled','GBP','shop_order',0.00000000,7.49000000,NULL,NULL,'2024-05-11 01:42:42','2024-05-13 10:00:54',NULL,'wf_pay_later','Pay Later',NULL,NULL,NULL,NULL),(26059,'wc-completed','GBP','shop_order',271.43800000,1628.63000000,36,'ernestnithish@gmail.com','2024-05-14 11:23:56','2024-05-17 09:24:57',0,'fena_payment','Pay by bank','664349ce1696a076142ce285','193.237.10.36','Mozilla/5.0 (Linux; Android 10; K) AppleWebKit/537.36 (KHTML, like Gecko) SamsungBrowser/25.0 Chrome/121.0.0.0 Mobile Safari/537.36',''),(26061,'wc-completed','GBP','shop_order_refund',-13.99200000,-83.95000000,NULL,NULL,'2024-05-17 09:24:27','2024-05-17 09:24:50',26059,NULL,NULL,NULL,NULL,NULL,NULL),(26233,'wc-completed','GBP','shop_order',262.04600000,1572.28000000,4,'lovetack@hotmail.co.uk','2024-05-21 21:10:33','2024-05-23 04:57:41',0,'bacs','Direct bank transfer','','78.150.56.139','Mozilla/5.0 (Windows NT 10.0; Win64; x64) AppleWebKit/537.36 (KHTML, like Gecko) Chrome/124.0.0.0 Safari/537.36 Edg/124.0.0.0',''),(26234,'wc-on-hold','GBP','shop_order',169.65200000,1017.91000000,36,'ernestnithish@gmail.com','2024-05-22 20:06:11','2024-05-22 20:06:57',0,'bacs','Direct bank transfer','','193.237.10.36','Mozilla/5.0 (Linux; Android 10; K) AppleWebKit/537.36 (KHTML, like Gecko) SamsungBrowser/25.0 Chrome/121.0.0.0 Mobile Safari/537.36','');

--
-- Table structure for table `f1dqIoL_wc_orders_meta`
--

CREATE TABLE `f1dqIoL_wc_orders_meta` (
  `id` bigint unsigned NOT NULL AUTO_INCREMENT,
  `order_id` bigint unsigned DEFAULT NULL,
  `meta_key` varchar(255) CHARACTER SET utf8mb4 COLLATE utf8mb4_unicode_520_ci DEFAULT NULL,
  `meta_value` text CHARACTER SET utf8mb4 COLLATE utf8mb4_unicode_520_ci,
  PRIMARY KEY (`id`),
  KEY `meta_key_value` (`meta_key`(100),`meta_value`(82)),
  KEY `order_id_meta_key_meta_value` (`order_id`,`meta_key`(100),`meta_value`(82))
) ENGINE=InnoDB AUTO_INCREMENT=754 DEFAULT CHARSET=utf8mb4 COLLATE=utf8mb4_unicode_520_ci;

--
-- Dumping data for table `f1dqIoL_wc_orders_meta`
--

INSERT INTO `f1dqIoL_wc_orders_meta` VALUES (1,24211,'_billing_dokan_company_id_number','Premier Stores'),(2,24211,'_billing_dokan_vat_number',''),(3,24211,'_billing_dokan_bank_name','Mr. Jeyaruban Ganeshalingham'),(4,24211,'_billing_dokan_bank_iban',''),(5,24211,'is_vat_exempt','no'),(6,24211,'_billing_address_index','Jeyaruban Ganeshalingham Premier Stores 48-49 Alexandra Road  Llandudno Conwy LL30 2DQ  lovetack@hotmail.co.uk +447977706618'),(7,24211,'_shipping_address_index','         '),(8,24211,'wt_pklist_order_language','en_GB'),(9,24211,'_dokan_vendor_id','1'),(10,24211,'shipping_fee_recipient','seller'),(11,24211,'tax_fee_recipient','seller'),(12,24211,'shipping_tax_fee_recipient','seller'),(13,24211,'_wc_order_attribution_source_type','typein'),(14,24211,'_wc_order_attribution_utm_source','(direct)'),(15,24211,'_wc_order_attribution_session_entry','https://directprice.co.uk/'),(16,24211,'_wc_order_attribution_session_start_time','2024-02-24 23:17:58'),(17,24211,'_wc_order_attribution_session_pages','4'),(18,24211,'_wc_order_attribution_session_count','1'),(19,24211,'_wc_order_attribution_user_agent','Mozilla/5.0 (Linux; Android 10; K) AppleWebKit/537.36 (KHTML, like Gecko) Chrome/121.0.0.0 Mobile Safari/537.36'),(20,24211,'_wc_order_attribution_device_type','Mobile'),(21,24211,'_created_document','a:1:{i:0;s:11:\"packinglist\";}'),(22,24211,'_wt_thankyou_action_done','1'),(23,24212,'_billing_dokan_company_id_number','Premier Stores'),(24,24212,'_billing_dokan_vat_number',''),(25,24212,'_billing_dokan_bank_name','Mr. Jeyaruban Ganeshalingham'),(26,24212,'_billing_dokan_bank_iban',''),(27,24212,'is_vat_exempt','no'),(28,24212,'_billing_address_index','Jeyaruban Ganeshalingham Premier Stores 48-49 Alexandra Road  Llandudno Conwy LL30 2DQ  lovetack@hotmail.co.uk +447977706618'),(29,24212,'_shipping_address_index','         '),(30,24212,'wt_pklist_order_language','en_GB'),(31,24212,'_dokan_vendor_id','1'),(32,24212,'shipping_fee_recipient','seller'),(33,24212,'tax_fee_recipient','seller'),(34,24212,'shipping_tax_fee_recipient','seller'),(35,24212,'_wc_order_attribution_source_type','typein'),(36,24212,'_wc_order_attribution_utm_source','(direct)'),(37,24212,'_wc_order_attribution_session_entry','https://directprice.co.uk/'),(38,24212,'_wc_order_attribution_session_start_time','2024-02-25 09:08:26'),(39,24212,'_wc_order_attribution_session_pages','19'),(40,24212,'_wc_order_attribution_session_count','1'),(41,24212,'_wc_order_attribution_user_agent','Mozilla/5.0 (Windows NT 10.0; Win64; x64) AppleWebKit/537.36 (KHTML, like Gecko) Chrome/121.0.0.0 Safari/537.36'),(42,24212,'_wc_order_attribution_device_type','Desktop'),(43,24212,'_created_document','a:1:{i:0;s:11:\"packinglist\";}'),(44,24212,'_wt_thankyou_action_done','1'),(45,24554,'_billing_dokan_company_id_number','Premier Stores'),(46,24554,'_billing_dokan_vat_number',''),(47,24554,'_billing_dokan_bank_name','Mr. Jeyaruban Ganeshalingham'),(48,24554,'_billing_dokan_bank_iban',''),(50,24554,'_billing_address_index','Jeyaruban Ganeshalingham Premier Stores 48-49 Alexandra Road  Llandudno Conwy LL30 2DQ  lovetack@hotmail.co.uk +447977706618'),(51,24554,'_shipping_address_index','         '),(52,24554,'wt_pklist_order_language','en_GB'),(53,24554,'_dokan_vendor_id','1'),(54,24554,'shipping_fee_recipient','seller'),(55,24554,'tax_fee_recipient','seller'),(56,24554,'shipping_tax_fee_recipient','seller'),(57,24554,'_wc_order_attribution_source_type','typein'),(58,24554,'_wc_order_attribution_utm_source','(direct)'),(59,24554,'_wc_order_attribution_session_entry','https://directprice.co.uk/'),(60,24554,'_wc_order_attribution_session_start_time','2024-03-10 08:28:59'),(61,24554,'_wc_order_attribution_session_pages','3'),(62,24554,'_wc_order_attribution_session_count','2'),(63,24554,'_wc_order_attribution_user_agent','Mozilla/5.0 (Windows NT 10.0; Win64; x64) AppleWebKit/537.36 (KHTML, like Gecko) Chrome/122.0.0.0 Safari/537.36 Edg/122.0.0.0'),(64,24554,'_wc_order_attribution_device_type','Desktop'),(65,24554,'_fena_payment_hashed_id','VxpDY1zvVzSQOVM6k0nX'),(66,24554,'_fena_payment_url','https://sandbox.fena.co/pay/?p=VxpDY1zvVzSQOVM6k0nX'),(68,24554,'_wc_order_attribution_source_type','typein'),(69,24554,'_wc_order_attribution_utm_source','(direct)'),(70,24554,'_wc_order_attribution_session_entry','https://directprice.co.uk/'),(71,24554,'_wc_order_attribution_session_start_time','2024-03-10 08:28:59'),(72,24554,'_wc_order_attribution_session_pages','5'),(73,24554,'_wc_order_attribution_session_count','2'),(74,24554,'_wc_order_attribution_user_agent','Mozilla/5.0 (Windows NT 10.0; Win64; x64) AppleWebKit/537.36 (KHTML, like Gecko) Chrome/122.0.0.0 Safari/537.36 Edg/122.0.0.0'),(75,24554,'_wc_order_attribution_device_type','Desktop'),(76,24554,'is_vat_exempt','no'),(77,24554,'_wc_order_attribution_source_type','typein'),(78,24554,'_wc_order_attribution_utm_source','(direct)'),(79,24554,'_wc_order_attribution_session_entry','https://directprice.co.uk/'),(80,24554,'_wc_order_attribution_session_start_time','2024-03-10 08:28:59'),(81,24554,'_wc_order_attribution_session_pages','9'),(82,24554,'_wc_order_attribution_session_count','2'),(83,24554,'_wc_order_attribution_user_agent','Mozilla/5.0 (Windows NT 10.0; Win64; x64) AppleWebKit/537.36 (KHTML, like Gecko) Chrome/122.0.0.0 Safari/537.36 Edg/122.0.0.0'),(84,24554,'_wc_order_attribution_device_type','Desktop'),(85,24555,'_billing_dokan_company_id_number','Premier Stores'),(86,24555,'_billing_dokan_vat_number',''),(87,24555,'_billing_dokan_bank_name','Mr. Jeyaruban Ganeshalingham'),(88,24555,'_billing_dokan_bank_iban',''),(89,24555,'is_vat_exempt','no'),(90,24555,'_billing_address_index','Jeyaruban Ganeshalingham Premier Stores 48-49 Alexandra Road  Llandudno Conwy LL30 2DQ  lovetack@hotmail.co.uk +447977706618'),(91,24555,'_shipping_address_index','         '),(92,24555,'wt_pklist_order_language','en_GB'),(93,24555,'_dokan_vendor_id','1'),(94,24555,'shipping_fee_recipient','seller'),(95,24555,'tax_fee_recipient','seller'),(96,24555,'shipping_tax_fee_recipient','seller'),(97,24555,'_wc_order_attribution_source_type','typein'),(98,24555,'_wc_order_attribution_utm_source','(direct)'),(99,24555,'_wc_order_attribution_session_entry','https://directprice.co.uk/'),(100,24555,'_wc_order_attribution_session_start_time','2024-03-10 08:28:59'),(101,24555,'_wc_order_attribution_session_pages','10'),(102,24555,'_wc_order_attribution_session_count','2'),(103,24555,'_wc_order_attribution_user_agent','Mozilla/5.0 (Windows NT 10.0; Win64; x64) AppleWebKit/537.36 (KHTML, like Gecko) Chrome/122.0.0.0 Safari/537.36 Edg/122.0.0.0'),(104,24555,'_wc_order_attribution_device_type','Desktop'),(105,24555,'_fena_payment_hashed_id','nqQADN7ZKlFBM4n23mO0'),(106,24555,'_fena_payment_url','https://pay.fena.co/pay/?p=nqQADN7ZKlFBM4n23mO0'),(107,24556,'_billing_dokan_company_id_number','Premier Stores'),(108,24556,'_billing_dokan_vat_number',''),(109,24556,'_billing_dokan_bank_name','Mr. Jeyaruban Ganeshalingham'),(110,24556,'_billing_dokan_bank_iban',''),(111,24556,'is_vat_exempt','no'),(112,24556,'_billing_address_index','Jeyaruban Ganeshalingham Premier Stores 48-49 Alexandra Road  Llandudno Conwy LL30 2DQ  lovetack@hotmail.co.uk +447977706618'),(113,24556,'_shipping_address_index','         '),(114,24556,'wt_pklist_order_language','en_GB'),(115,24556,'_dokan_vendor_id','1'),(116,24556,'shipping_fee_recipient','seller'),(117,24556,'tax_fee_recipient','seller'),(118,24556,'shipping_tax_fee_recipient','seller'),(119,24556,'_wc_order_attribution_source_type','typein'),(120,24556,'_wc_order_attribution_utm_source','(direct)'),(121,24556,'_wc_order_attribution_session_entry','https://directprice.co.uk/'),(122,24556,'_wc_order_attribution_session_start_time','2024-03-10 08:28:59'),(123,24556,'_wc_order_attribution_session_pages','24'),(124,24556,'_wc_order_attribution_session_count','2'),(125,24556,'_wc_order_attribution_user_agent','Mozilla/5.0 (Windows NT 10.0; Win64; x64) AppleWebKit/537.36 (KHTML, like Gecko) Chrome/122.0.0.0 Safari/537.36 Edg/122.0.0.0'),(126,24556,'_wc_order_attribution_device_type','Desktop'),(127,24556,'_fena_payment_hashed_id','VxpD19gv4vUQOVM6kgnv'),(128,24556,'_fena_payment_url','https://pay.fena.co/pay/?p=VxpD19gv4vUQOVM6kgnv'),(129,24556,'_created_document','a:2:{i:0;s:11:\"packinglist\";i:1;s:7:\"invoice\";}'),(130,24556,'wf_invoice_number','24556'),(131,24556,'_wf_invoice_date','1710064588'),(132,24556,'wf_invoice_html','Invoice_24556.html'),(133,25196,'_billing_dokan_vat_number',''),(134,25196,'is_vat_exempt','no'),(135,25196,'_billing_address_index','jeyaruban ganeshalingam Alexandra Stores 48-49 Alexandra Road  Llandudno  LL30 2DQ  lovetack@hotmail.co.uk +447977706618'),(136,25196,'_shipping_address_index','jeyaruban ganeshalingam Alexandra Stores 48-49 Alexandra Road  Llandudno  LL30 2DQ GB '),(137,25196,'wt_pklist_order_language','en_GB'),(138,25196,'_dokan_vendor_id','1'),(139,25196,'shipping_fee_recipient','seller'),(140,25196,'tax_fee_recipient','seller'),(141,25196,'shipping_tax_fee_recipient','seller'),(142,25196,'_wc_order_attribution_source_type','typein'),(143,25196,'_wc_order_attribution_utm_source','(direct)'),(144,25196,'_wc_order_attribution_session_entry','https://directprice.co.uk/'),(145,25196,'_wc_order_attribution_session_start_time','2024-03-19 12:10:20'),(146,25196,'_wc_order_attribution_session_pages','7'),(147,25196,'_wc_order_attribution_session_count','1'),(148,25196,'_wc_order_attribution_user_agent','Mozilla/5.0 (Windows NT 10.0; Win64; x64) AppleWebKit/537.36 (KHTML, like Gecko) Chrome/122.0.0.0 Safari/537.36 Edg/122.0.0.0'),(149,25196,'_wc_order_attribution_device_type','Desktop'),(150,25196,'_fena_payment_hashed_id','Onl4Y4qqlEHQqD3Q8jzM'),(151,25196,'_fena_payment_url','https://pay.fena.co/pay/?p=Onl4Y4qqlEHQqD3Q8jzM'),(152,25197,'_billing_dokan_vat_number',''),(154,25197,'_billing_address_index','Thanenthiran Selvavelayutham Penrhyn Store 106 Penrhyn Avenue  Rhos on Sea  LL28 4LG GB vathani0116@gmail.com 07482793726'),(155,25197,'_shipping_address_index','Thanenthiran Selvavelayutham Penrhyn Store 106 Penrhyn Avenue  Rhos on Sea  LL28 4LG GB '),(156,25197,'wt_pklist_order_language','en_GB'),(157,25197,'_dokan_vendor_id','1'),(158,25197,'shipping_fee_recipient','seller'),(159,25197,'tax_fee_recipient','seller'),(160,25197,'shipping_tax_fee_recipient','seller'),(161,25197,'_wc_order_attribution_source_type','typein'),(162,25197,'_wc_order_attribution_utm_source','(direct)'),(163,25197,'_wc_order_attribution_session_entry','https://directprice.co.uk/'),(164,25197,'_wc_order_attribution_session_start_time','2024-03-19 10:09:26'),(165,25197,'_wc_order_attribution_session_pages','1'),(166,25197,'_wc_order_attribution_session_count','2'),(167,25197,'_wc_order_attribution_user_agent','Mozilla/5.0 (Linux; Android 10; K) AppleWebKit/537.36 (KHTML, like Gecko) SamsungBrowser/24.0 Chrome/117.0.0.0 Mobile Safari/537.36'),(168,25197,'_wc_order_attribution_device_type','Mobile'),(169,25197,'_fena_payment_hashed_id','loQGORGwO0h4gWL4rG26'),(170,25197,'_fena_payment_url','https://pay.fena.co/pay/?p=loQGORGwO0h4gWL4rG26'),(171,25197,'is_vat_exempt','no'),(172,25197,'_wc_order_attribution_source_type','typein'),(173,25197,'_wc_order_attribution_utm_source','(direct)'),(174,25197,'_wc_order_attribution_session_entry','https://directprice.co.uk/'),(175,25197,'_wc_order_attribution_session_start_time','2024-03-19 10:09:26'),(176,25197,'_wc_order_attribution_session_pages','4'),(177,25197,'_wc_order_attribution_session_count','2'),(178,25197,'_wc_order_attribution_user_agent','Mozilla/5.0 (Linux; Android 10; K) AppleWebKit/537.36 (KHTML, like Gecko) SamsungBrowser/24.0 Chrome/117.0.0.0 Mobile Safari/537.36'),(179,25197,'_wc_order_attribution_device_type','Mobile'),(180,25197,'_created_document','a:3:{i:0;s:11:\"packinglist\";i:1;s:12:\"deliverynote\";i:2;s:7:\"invoice\";}'),(181,25197,'_wt_thankyou_action_done','1'),(182,25197,'_edit_lock','1710852455:1'),(183,25198,'_billing_dokan_vat_number',''),(184,25198,'is_vat_exempt','no'),(185,25198,'_billing_address_index','Jeyaruban Ganeshalingham Premier Stores 48-49 Alexandra Road  Llandudno  LL30 2DQ GB lovetack@hotmail.co.uk +447977706618'),(186,25198,'_shipping_address_index','Jeyaruban Ganeshalingham Premier Stores 48-49 Alexandra Road  Llandudno  LL30 2DQ GB '),(187,25198,'wt_pklist_order_language','en_GB'),(188,25198,'_dokan_vendor_id','1'),(189,25198,'shipping_fee_recipient','seller'),(190,25198,'tax_fee_recipient','seller'),(191,25198,'shipping_tax_fee_recipient','seller'),(192,25198,'_wc_order_attribution_source_type','typein'),(193,25198,'_wc_order_attribution_utm_source','(direct)'),(194,25198,'_wc_order_attribution_session_entry','https://directprice.co.uk/'),(195,25198,'_wc_order_attribution_session_start_time','2024-03-19 12:02:18'),(196,25198,'_wc_order_attribution_session_pages','8'),(197,25198,'_wc_order_attribution_session_count','2'),(198,25198,'_wc_order_attribution_user_agent','Mozilla/5.0 (Windows NT 10.0; Win64; x64) AppleWebKit/537.36 (KHTML, like Gecko) Chrome/122.0.0.0 Safari/537.36'),(199,25198,'_wc_order_attribution_device_type','Desktop'),(200,25198,'_fena_payment_hashed_id','nqQKZEE4G5UBM4nBEor5'),(201,25198,'_fena_payment_url','https://pay.fena.co/pay/?p=nqQKZEE4G5UBM4nBEor5'),(202,25198,'_created_document','a:2:{i:0;s:11:\"packinglist\";i:1;s:7:\"invoice\";}'),(203,25197,'_ywpar_points_earned','893'),(204,25197,'_ywpar_conversion_points','a:2:{s:5:\"money\";s:1:\"1\";s:6:\"points\";s:1:\"1\";}'),(205,25197,'wf_invoice_number','25197'),(206,25197,'_wf_invoice_date','1710851301'),(207,25197,'wf_invoice_html','Invoice_25197.html'),(208,25198,'_ywpar_points_earned','1470'),(209,25198,'_ywpar_conversion_points','a:2:{s:5:\"money\";s:1:\"1\";s:6:\"points\";s:1:\"1\";}'),(210,25198,'wf_invoice_number','25198'),(211,25198,'_wf_invoice_date','1710853134'),(212,25228,'_billing_dokan_vat_number',''),(213,25228,'is_vat_exempt','no'),(214,25228,'_billing_address_index','Jeyaruban Ganeshalingham Premier Stores 48-49 Alexandra Road  Llandudno  LL30 2DQ GB lovetack@hotmail.co.uk +447977706618'),(215,25228,'_shipping_address_index','Jeyaruban Ganeshalingham Premier Stores 48-49 Alexandra Road  Llandudno  LL30 2DQ GB '),(216,25228,'wt_pklist_order_language','en_GB'),(217,25228,'_dokan_vendor_id','1'),(218,25228,'shipping_fee_recipient','seller'),(219,25228,'tax_fee_recipient','seller'),(220,25228,'shipping_tax_fee_recipient','seller'),(221,25228,'_fena_payment_hashed_id','OnlO5mwrAEHQqD3QB7gj'),(222,25228,'_fena_payment_url','https://pay.fena.co/pay/?p=OnlO5mwrAEHQqD3QB7gj'),(223,25228,'_created_document','a:2:{i:0;s:12:\"deliverynote\";i:1;s:7:\"invoice\";}'),(224,25228,'wf_invoice_number','25228'),(225,25228,'_wf_invoice_date','1711540169'),(226,25228,'wf_invoice_html','Invoice_25228.html'),(227,25228,'_edit_lock','1711894672:1'),(255,25232,'_refund_amount','93.07'),(256,25232,'_refunded_by','1'),(257,25232,'_refunded_payment',''),(258,25232,'_refund_reason','stock not available'),(259,25198,'wf_invoice_html','Invoice_25198.html'),(260,25234,'_billing_dokan_vat_number',''),(261,25234,'is_vat_exempt','no'),(262,25234,'_billing_address_index','Jeyaruban Ganeshalingham Premier Stores 48-49 Alexandra Road  Llandudno  LL30 2DQ GB lovetack@hotmail.co.uk +447977706618'),(263,25234,'_shipping_address_index','Jeyaruban Ganeshalingham Premier Stores 48-49 Alexandra Road  Llandudno  LL30 2DQ GB '),(264,25234,'wt_pklist_order_language','en_GB'),(265,25234,'_dokan_vendor_id','1'),(266,25234,'shipping_fee_recipient','seller'),(267,25234,'tax_fee_recipient','seller'),(268,25234,'shipping_tax_fee_recipient','seller'),(269,25234,'_wt_thankyou_action_done','1'),(270,25234,'wf_invoice_number','25234'),(271,25234,'_wf_invoice_date','1712652646'),(272,25234,'wf_invoice_html','Invoice_25234.html'),(273,25234,'_created_document','a:1:{i:0;s:7:\"invoice\";}'),(274,25235,'_billing_dokan_vat_number',''),(275,25235,'is_vat_exempt','no'),(276,25235,'_billing_address_index','Jeyaruban Ganeshalingham Premier Stores 48-49 Alexandra Road  Llandudno  LL30 2DQ GB lovetack@hotmail.co.uk +447977706618'),(277,25235,'_shipping_address_index','Jeyaruban Ganeshalingham Premier Stores 48-49 Alexandra Road  Llandudno  LL30 2DQ GB '),(278,25235,'wt_pklist_order_language','en_GB'),(279,25235,'_dokan_vendor_id','1'),(280,25235,'shipping_fee_recipient','seller'),(281,25235,'tax_fee_recipient','seller'),(282,25235,'shipping_tax_fee_recipient','seller'),(283,25235,'_wt_thankyou_action_done','1'),(284,25235,'wf_invoice_number','25235'),(285,25235,'_wf_invoice_date','1713520811'),(286,25235,'wf_invoice_html','Invoice_25235.html'),(287,25235,'_created_document','a:1:{i:0;s:7:\"invoice\";}'),(288,25245,'_billing_dokan_vat_number',''),(289,25245,'is_vat_exempt','no'),(290,25245,'_billing_address_index','Jeyaruban Ganeshalingham Premier Stores 48-49 Alexandra Road  Llandudno  LL30 2DQ GB lovetack@hotmail.co.uk +447977706618'),(291,25245,'_shipping_address_index','Jeyaruban Ganeshalingham Premier Stores 48-49 Alexandra Road  Llandudno  LL30 2DQ GB '),(292,25245,'wt_pklist_order_language','en_GB'),(293,25245,'_dokan_vendor_id','1'),(294,25245,'shipping_fee_recipient','seller'),(295,25245,'tax_fee_recipient','seller'),(296,25245,'shipping_tax_fee_recipient','seller'),(297,25245,'_wt_thankyou_action_done','1'),(298,25245,'wf_invoice_number','25245'),(299,25245,'_wf_invoice_date','1714292719'),(300,25245,'wf_invoice_html','Invoice_25245.html'),(301,25245,'_created_document','a:1:{i:0;s:7:\"invoice\";}'),(302,25602,'_billing_dokan_vat_number',''),(303,25602,'is_vat_exempt','no'),(304,25602,'_billing_address_index','Jeyaruban Ganeshalingham Premier Stores 48-49 Alexandra Road  Llandudno  LL30 2DQ GB lovetack@hotmail.co.uk +447977706618'),(305,25602,'_shipping_address_index','Jeyaruban Ganeshalingham Premier Stores 48-49 Alexandra Road  Llandudno  LL30 2DQ GB '),(306,25602,'wt_pklist_order_language','en_GB'),(307,25602,'_dokan_vendor_id','1'),(308,25602,'shipping_fee_recipient','seller'),(309,25602,'tax_fee_recipient','seller'),(310,25602,'shipping_tax_fee_recipient','seller'),(311,25602,'_wt_thankyou_action_done','1'),(312,25602,'wf_invoice_number','25602'),(313,25602,'_wf_invoice_date','1714390196'),(314,25602,'wf_invoice_html','Invoice_25602.html'),(315,25602,'_created_document','a:1:{i:0;s:7:\"invoice\";}'),(316,25602,'_edit_lock','1714754236:1'),(317,25603,'_billing_dokan_vat_number',''),(318,25603,'is_vat_exempt','no'),(319,25603,'_billing_address_index','Thananjcheliyan Ernest Ernest Nishanthini ltd 43 trellewelyn Road  Rhyl  LL18 4LT GB ernestnithish@gmail.com 07752652321'),(320,25603,'_shipping_address_index','Thananjcheliyan Ernest Ernest Nishanthini ltd 43 trellewelyn Road  Rhyl  LL18 4LT GB '),(321,25603,'wt_pklist_order_language','en_GB'),(322,25603,'_dokan_vendor_id','1'),(323,25603,'shipping_fee_recipient','seller'),(324,25603,'tax_fee_recipient','seller'),(325,25603,'shipping_tax_fee_recipient','seller'),(326,25603,'_fena_payment_hashed_id','nq59JD9JwKUDZKxjYL3A'),(327,25603,'_fena_payment_url','https://pay.fena.co/pay/?p=nq59JD9JwKUDZKxjYL3A'),(328,25603,'_edit_lock','1714754831:1'),(349,25605,'_refund_amount','61.16'),(350,25605,'_refunded_by','1'),(351,25605,'_refunded_payment',''),(352,25605,'_refund_reason',''),(353,25603,'wf_invoice_number','25603'),(354,25603,'_wf_invoice_date','1714650628'),(355,25603,'wf_invoice_html','Invoice_25603.html'),(356,25603,'_created_document','a:2:{i:0;s:7:\"invoice\";i:1;s:10:\"creditnote\";}'),(357,25605,'wf_creditnote_number','25603'),(358,25605,'_wf_creditnote_date','1714750681'),(412,25606,'_refund_amount','289.78'),(413,25606,'_refunded_by','1'),(414,25606,'_refunded_payment',''),(415,25606,'_refund_reason',''),(416,26030,'_billing_dokan_vat_number',''),(418,26030,'_billing_address_index','Gowthaman Karunakaran gk convenience store 29 sussex street  rhyl  LL18 1SH GB gowshop22@gmail.com 074781004441'),(419,26030,'_shipping_address_index','Gowthaman Karunakaran gk convenience store 29 sussex street  rhyl  LL18 1SH GB '),(420,26030,'wt_pklist_order_language','en_GB'),(421,26030,'_dokan_vendor_id','1'),(422,26030,'shipping_fee_recipient','seller'),(423,26030,'tax_fee_recipient','seller'),(424,26030,'shipping_tax_fee_recipient','seller'),(425,26030,'_fena_payment_hashed_id','knRnjkZx8ruByr41KRRp'),(426,26030,'_fena_payment_url','https://pay.fena.co/pay/?p=knRnjkZx8ruByr41KRRp'),(428,26030,'is_vat_exempt','no'),(429,26030,'_wt_thankyou_action_done','1'),(430,26030,'_edit_lock','1715338429:1'),(431,26030,'_created_document','a:3:{i:0;s:12:\"deliverynote\";i:1;s:10:\"creditnote\";i:2;s:7:\"invoice\";}'),(432,26032,'_billing_dokan_vat_number','443823493'),(433,26032,'is_vat_exempt','no'),(434,26032,'_billing_address_index','Kamalanathan Thillainathan Treforris superstore Treforris road  Penmaenmawr  LL34 6UB GB kamal_nithi@hotmail.co.uk 07867387950'),(435,26032,'_shipping_address_index','Kamalanathan Thillainathan Treforris superstore Treforris road  Penmaenmawr  LL34 6UB GB '),(436,26032,'wt_pklist_order_language','en_GB'),(437,26032,'_dokan_vendor_id','1'),(438,26032,'shipping_fee_recipient','seller'),(439,26032,'tax_fee_recipient','seller'),(440,26032,'shipping_tax_fee_recipient','seller'),(441,26032,'_wt_thankyou_action_done','1'),(442,26032,'_created_document','a:3:{i:0;s:12:\"deliverynote\";i:1;s:7:\"invoice\";i:2;s:10:\"creditnote\";}'),(443,26033,'_billing_dokan_vat_number',''),(444,26033,'is_vat_exempt','no'),(445,26033,'_billing_address_index','Uthajashiry Tharmalingam Premier 9-10 stastion Road  Prestatyn  LL19 7HF GB sritharma94@gmail.com 07743255025'),(446,26033,'_shipping_address_index','Uthajashiry Tharmalingam Premier 9-10 stastion Road  Prestatyn  LL19 7HF GB '),(447,26033,'wt_pklist_order_language','en_GB'),(448,26033,'_dokan_vendor_id','1'),(449,26033,'shipping_fee_recipient','seller'),(450,26033,'tax_fee_recipient','seller'),(451,26033,'shipping_tax_fee_recipient','seller'),(452,26033,'_wt_thankyou_action_done','1'),(453,26033,'_created_document','a:3:{i:0;s:12:\"deliverynote\";i:1;s:7:\"invoice\";i:2;s:10:\"creditnote\";}'),(454,26032,'_edit_lock','1715282267:1'),(490,26037,'_refund_amount','291.49'),(491,26037,'_refunded_by','1'),(492,26037,'_refunded_payment',''),(493,26037,'_refund_reason',''),(494,26032,'wf_invoice_number','26032'),(495,26032,'_wf_invoice_date','1715098509'),(496,26032,'wf_invoice_html','Invoice_26032.html'),(497,26037,'wf_creditnote_number','26032'),(498,26037,'_wf_creditnote_date','1715274047'),(499,26038,'_billing_dokan_vat_number',''),(500,26038,'is_vat_exempt','no'),(501,26038,'_billing_address_index','Arunan Perinpanayagam Premier store Offa street  Brymbo  LL11 5AG GB pparunan@hotmail.co.uk 07889966069'),(502,26038,'_shipping_address_index','Arunan Perinpanayagam Premier store Offa street  Brymbo  LL11 5AG GB '),(503,26038,'wt_pklist_order_language','en_GB'),(504,26038,'_dokan_vendor_id','1'),(505,26038,'shipping_fee_recipient','seller'),(506,26038,'tax_fee_recipient','seller'),(507,26038,'shipping_tax_fee_recipient','seller'),(508,26038,'_wt_thankyou_action_done','1'),(509,26038,'_created_document','a:2:{i:0;s:12:\"deliverynote\";i:1;s:7:\"invoice\";}'),(537,26041,'_refund_amount','61.66'),(538,26041,'_refunded_by','1'),(539,26041,'_refunded_payment',''),(540,26041,'_refund_reason',''),(541,26030,'wf_invoice_number','26030'),(542,26030,'_wf_invoice_date','1715095205'),(543,26041,'wf_creditnote_number','26030'),(544,26041,'_wf_creditnote_date','1715338392'),(545,26030,'wf_invoice_html','Invoice_26030.html'),(546,26033,'_edit_lock','1715340387:1'),(605,26042,'_refund_amount','45.29'),(606,26042,'_refunded_by','1'),(607,26042,'_refunded_payment',''),(608,26042,'_refund_reason',''),(609,26033,'wf_invoice_number','26033'),(610,26033,'_wf_invoice_date','1715123838'),(611,26033,'wf_invoice_html','Invoice_26033.html'),(612,26042,'wf_creditnote_number','26033'),(613,26042,'_wf_creditnote_date','1715340348'),(614,26044,'_op_pos_session','op-admin_i3zjxknt-1715282340-4faac734f78cbebcdb25a71eda15fc92'),(615,26044,'_billing_address_index','          '),(616,26044,'_shipping_address_index','   48-49 Alexandra Road  Llandudno  LL30 2DQ GB '),(617,26044,'sale_person_name','admin'),(618,26044,'pos_created_at','11/05/2024, 02:42:39'),(619,26044,'_pos_order_id','26044'),(620,26044,'_op_order_total_paid','7.49'),(621,26044,'_op_order','a:106:{s:9:\"exchanges\";a:0:{}s:7:\"refunds\";a:0:{}s:14:\"payment_method\";a:1:{i:0;a:19:{s:4:\"name\";s:9:\"Pay Later\";s:4:\"code\";s:12:\"wf_pay_later\";s:3:\"ref\";s:0:\"\";s:11:\"description\";s:0:\"\";s:23:\"paid_currency_formatted\";s:4:\"7.49\";s:4:\"paid\";d:7.4900000000000002131628207280300557613372802734375;s:25:\"return_currency_formatted\";s:4:\"0.00\";s:6:\"return\";i:0;s:10:\"paid_point\";i:0;s:8:\"refunded\";i:0;s:4:\"type\";s:7:\"offline\";s:8:\"currency\";a:6:{s:7:\"decimal\";i:2;s:17:\"decimal_separator\";s:1:\".\";s:18:\"thousand_separator\";s:1:\",\";s:4:\"code\";s:3:\"GBP\";s:6:\"symbol\";s:7:\"&pound;\";s:4:\"rate\";i:1;}s:11:\"online_type\";s:8:\"external\";s:7:\"partial\";b:0;s:12:\"partial_type\";s:0:\"\";s:10:\"status_url\";s:0:\"\";s:12:\"allow_refund\";s:2:\"no\";s:10:\"allow_zero\";s:0:\"\";s:13:\"callback_data\";a:0:{}}}s:13:\"print_invoice\";b:0;s:2:\"id\";i:1715391702754;s:7:\"session\";s:61:\"op-admin_i3zjxknt-1715282340-4faac734f78cbebcdb25a71eda15fc92\";s:8:\"order_id\";i:26044;s:12:\"order_number\";i:26044;s:19:\"order_number_format\";i:26044;s:20:\"order_number_details\";a:4:{s:8:\"order_id\";i:26044;s:12:\"order_number\";i:26044;s:22:\"order_number_formatted\";i:26044;s:7:\"details\";a:3:{s:8:\"order_id\";i:26044;s:12:\"order_number\";i:26044;s:22:\"order_number_formatted\";i:26044;}}s:11:\"cart_number\";N;s:8:\"register\";a:6:{s:2:\"id\";i:26036;s:4:\"name\";s:5:\"Ruban\";s:6:\"outlet\";s:0:\"\";s:11:\"outlet_name\";s:20:\"Default online store\";s:7:\"address\";s:39:\"48-49 Alexandra Road,Llandudno,LL30 2DQ\";s:9:\"outlet_id\";i:0;}s:5:\"title\";s:0:\"\";s:9:\"fee_items\";a:0:{}s:28:\"sub_total_currency_formatted\";s:4:\"7.49\";s:9:\"sub_total\";d:7.4900000000000002131628207280300557613372802734375;s:37:\"sub_total_incl_tax_currency_formatted\";s:4:\"7.49\";s:18:\"sub_total_incl_tax\";d:7.4900000000000002131628207280300557613372802734375;s:29:\"tax_amount_currency_formatted\";s:4:\"0.00\";s:10:\"tax_amount\";i:0;s:8:\"customer\";a:15:{s:2:\"id\";i:0;s:8:\"group_id\";i:0;s:9:\"firstname\";s:0:\"\";s:8:\"lastname\";s:0:\"\";s:4:\"name\";s:0:\"\";s:5:\"email\";s:0:\"\";s:7:\"address\";s:0:\"\";s:5:\"phone\";s:0:\"\";s:5:\"point\";i:0;s:10:\"point_rate\";i:0;s:12:\"point_config\";N;s:8:\"discount\";i:0;s:13:\"addition_data\";a:0:{}s:16:\"shipping_address\";a:0:{}s:15:\"create_customer\";i:0;}s:18:\"cart_rule_discount\";a:0:{}s:15:\"discount_source\";s:0:\"\";s:34:\"discount_amount_currency_formatted\";s:4:\"0.00\";s:15:\"discount_amount\";i:0;s:40:\"discount_final_amount_currency_formatted\";s:4:\"0.00\";s:21:\"discount_final_amount\";i:0;s:13:\"discount_type\";s:0:\"\";s:46:\"final_items_discount_amount_currency_formatted\";s:4:\"0.00\";s:27:\"final_items_discount_amount\";i:0;s:40:\"final_discount_amount_currency_formatted\";s:4:\"0.00\";s:21:\"final_discount_amount\";i:0;s:18:\"final_discount_tax\";i:0;s:38:\"discount_tax_amount_currency_formatted\";s:4:\"0.00\";s:19:\"discount_tax_amount\";i:0;s:36:\"discount_excl_tax_currency_formatted\";s:4:\"0.00\";s:17:\"discount_excl_tax\";i:0;s:30:\"grand_total_currency_formatted\";s:4:\"7.49\";s:11:\"grand_total\";d:7.4900000000000002131628207280300557613372802734375;s:29:\"total_paid_currency_formatted\";s:4:\"7.49\";s:10:\"total_paid\";d:7.4900000000000002131628207280300557613372802734375;s:13:\"discount_code\";s:0:\"\";s:14:\"discount_codes\";a:0:{}s:39:\"discount_code_amount_currency_formatted\";s:4:\"0.00\";s:20:\"discount_code_amount\";i:0;s:43:\"discount_code_tax_amount_currency_formatted\";s:4:\"0.00\";s:24:\"discount_code_tax_amount\";i:0;s:41:\"discount_code_excl_tax_currency_formatted\";s:4:\"0.00\";s:22:\"discount_code_excl_tax\";i:0;s:20:\"shipping_information\";a:10:{s:15:\"shipping_method\";s:0:\"\";s:14:\"shipping_title\";s:0:\"\";s:10:\"address_id\";i:0;s:4:\"name\";s:0:\"\";s:5:\"email\";s:0:\"\";s:7:\"address\";s:0:\"\";s:5:\"phone\";s:0:\"\";s:4:\"note\";s:0:\"\";s:23:\"shipping_method_details\";a:0:{}s:11:\"tax_details\";a:0:{}}s:32:\"shipping_cost_currency_formatted\";s:4:\"0.00\";s:13:\"shipping_cost\";i:0;s:22:\"shipping_cost_excl_tax\";i:0;s:31:\"shipping_tax_currency_formatted\";s:4:\"0.00\";s:12:\"shipping_tax\";i:0;s:20:\"shipping_tax_details\";a:0:{}s:11:\"sale_person\";i:1;s:16:\"sale_person_name\";s:5:\"admin\";s:4:\"note\";s:0:\"\";s:11:\"pickup_time\";s:0:\"\";s:10:\"created_at\";s:20:\"11/05/2024, 02:42:39\";s:5:\"state\";s:3:\"new\";s:11:\"order_state\";s:0:\"\";s:14:\"online_payment\";b:0;s:14:\"point_discount\";a:0:{}s:12:\"add_discount\";b:0;s:12:\"add_shipping\";b:0;s:7:\"add_tax\";b:0;s:10:\"custom_tax\";N;s:34:\"custom_tax_rate_currency_formatted\";s:4:\"0.00\";s:15:\"custom_tax_rate\";i:0;s:16:\"custom_tax_rates\";a:0:{}s:11:\"tax_details\";a:1:{i:0;a:8:{s:4:\"code\";s:8:\"uk-tax_5\";s:4:\"rate\";i:0;s:8:\"shipping\";s:2:\"no\";s:8:\"compound\";s:2:\"no\";s:7:\"rate_id\";s:1:\"5\";s:5:\"label\";s:10:\"Tax on POS\";s:24:\"total_currency_formatted\";s:4:\"0.00\";s:5:\"total\";i:0;}}s:20:\"discount_tax_details\";a:0:{}s:15:\"fee_tax_details\";a:0:{}s:6:\"source\";a:0:{}s:11:\"source_type\";s:0:\"\";s:26:\"available_shipping_methods\";a:0:{}s:4:\"mode\";s:8:\"excl_tax\";s:11:\"is_takeaway\";b:0;s:11:\"sync_status\";i:0;s:20:\"addition_information\";a:0:{}s:11:\"total_items\";i:0;s:9:\"total_qty\";i:0;s:33:\"total_discount_currency_formatted\";s:4:\"0.00\";s:14:\"total_discount\";i:0;s:28:\"total_fee_currency_formatted\";s:4:\"0.00\";s:9:\"total_fee\";i:0;s:32:\"total_payment_currency_formatted\";s:4:\"7.49\";s:13:\"total_payment\";d:7.4900000000000002131628207280300557613372802734375;s:11:\"update_time\";i:1715391727250;s:3:\"tip\";a:5:{s:4:\"type\";s:5:\"fixed\";s:5:\"label\";s:0:\"\";s:6:\"amount\";i:0;s:24:\"total_currency_formatted\";s:4:\"0.00\";s:5:\"total\";i:0;}s:38:\"customer_total_paid_currency_formatted\";s:4:\"7.49\";s:19:\"customer_total_paid\";d:7.4900000000000002131628207280300557613372802734375;s:12:\"allow_laybuy\";s:2:\"no\";s:13:\"email_receipt\";s:2:\"no\";s:14:\"checkout_guide\";s:0:\"\";s:14:\"privacy_accept\";s:3:\"yes\";s:12:\"transactions\";a:1:{s:12:\"wf_pay_later\";a:18:{s:2:\"id\";i:1715391759035;s:14:\"before_balance\";i:0;s:9:\"in_amount\";d:7.4900000000000002131628207280300557613372802734375;s:10:\"out_amount\";i:0;s:8:\"currency\";a:6:{s:7:\"decimal\";i:2;s:17:\"decimal_separator\";s:1:\".\";s:18:\"thousand_separator\";s:1:\",\";s:4:\"code\";s:3:\"GBP\";s:6:\"symbol\";s:7:\"&pound;\";s:4:\"rate\";i:1;}s:3:\"ref\";s:12:\"order #26044\";s:11:\"source_type\";s:5:\"order\";s:6:\"source\";i:26044;s:11:\"source_data\";a:3:{s:12:\"order_number\";i:26044;s:8:\"order_id\";i:26044;s:14:\"order_local_id\";i:1715391702754;}s:10:\"created_at\";s:20:\"11/05/2024, 02:42:39\";s:14:\"created_at_utc\";s:29:\"Sat, 11 May 2024 01:42:39 GMT\";s:15:\"created_at_time\";i:1715391759035;s:13:\"created_by_id\";i:1;s:11:\"sync_status\";i:1;s:7:\"session\";s:61:\"op-admin_i3zjxknt-1715282340-4faac734f78cbebcdb25a71eda15fc92\";s:12:\"payment_code\";s:12:\"wf_pay_later\";s:12:\"payment_name\";s:9:\"Pay Later\";s:11:\"payment_ref\";s:0:\"\";}}s:14:\"created_at_utc\";s:29:\"Sat, 11 May 2024 01:42:39 GMT\";s:15:\"created_at_time\";i:1715391759045;s:31:\"refund_total_currency_formatted\";s:4:\"0.00\";s:12:\"refund_total\";i:0;s:5:\"items\";a:2:{i:0;a:73:{s:2:\"id\";i:1715391709874;s:14:\"item_parent_id\";i:0;s:10:\"request_id\";i:0;s:4:\"name\";s:33:\"Banana Ice Killa Nocotine Pouches\";s:7:\"barcode\";s:11:\"00000024942\";s:15:\"barcode_details\";a:0:{}s:8:\"sub_name\";s:0:\"\";s:6:\"dining\";s:0:\"\";s:24:\"price_currency_formatted\";s:4:\"0.00\";s:5:\"price\";i:0;s:33:\"price_incl_tax_currency_formatted\";s:4:\"0.00\";s:14:\"price_incl_tax\";i:0;s:10:\"product_id\";i:24942;s:12:\"custom_price\";i:0;s:30:\"final_price_currency_formatted\";s:4:\"0.00\";s:11:\"final_price\";i:0;s:39:\"final_price_incl_tax_currency_formatted\";s:4:\"0.00\";s:20:\"final_price_incl_tax\";i:0;s:18:\"final_price_source\";s:0:\"\";s:7:\"batches\";N;s:7:\"options\";a:0:{}s:7:\"bundles\";a:0:{}s:10:\"variations\";a:0:{}s:13:\"rule_discount\";a:0:{}s:9:\"discounts\";a:0:{}s:15:\"discount_source\";s:0:\"\";s:34:\"discount_amount_currency_formatted\";s:4:\"0.00\";s:15:\"discount_amount\";i:0;s:13:\"discount_type\";s:5:\"fixed\";s:40:\"final_discount_amount_currency_formatted\";s:4:\"0.00\";s:21:\"final_discount_amount\";i:0;s:30:\"final_discount_amount_incl_tax\";i:0;s:3:\"qty\";i:2;s:10:\"refund_qty\";i:0;s:12:\"exchange_qty\";i:0;s:31:\"refund_total_currency_formatted\";s:4:\"0.00\";s:12:\"refund_total\";i:0;s:29:\"tax_amount_currency_formatted\";s:4:\"0.00\";s:10:\"tax_amount\";i:0;s:28:\"total_tax_currency_formatted\";s:4:\"0.00\";s:9:\"total_tax\";i:0;s:24:\"total_currency_formatted\";s:4:\"0.00\";s:5:\"total\";i:0;s:33:\"total_incl_tax_currency_formatted\";s:4:\"0.00\";s:14:\"total_incl_tax\";i:0;s:7:\"product\";a:36:{s:4:\"name\";s:33:\"Banana Ice Killa Nocotine Pouches\";s:2:\"id\";i:24942;s:9:\"parent_id\";i:24942;s:3:\"sku\";s:0:\"\";s:3:\"qty\";i:0;s:12:\"manage_stock\";b:0;s:12:\"stock_status\";s:7:\"instock\";s:7:\"barcode\";s:11:\"00000024942\";s:5:\"image\";s:134:\"https://directprice.co.uk/wp-content/uploads/2024/03/Killa_Banana_Ice_576x_4fcd3caf-f38f-48de-9de3-23ee04c64919_800x656466c300e1f.webp\";s:5:\"price\";i:0;s:14:\"price_incl_tax\";i:0;s:11:\"final_price\";i:0;s:13:\"special_price\";s:0:\"\";s:13:\"regular_price\";s:0:\"\";s:9:\"sale_from\";N;s:7:\"sale_to\";N;s:6:\"status\";s:7:\"publish\";s:10:\"categories\";a:1:{i:0;s:3:\"445\";}s:3:\"tax\";a:1:{i:0;a:7:{s:4:\"code\";s:8:\"uk-tax_5\";s:4:\"rate\";i:0;s:8:\"shipping\";s:2:\"no\";s:8:\"compound\";s:2:\"no\";s:7:\"rate_id\";s:1:\"5\";s:5:\"label\";s:10:\"Tax on POS\";s:5:\"total\";i:0;}}s:10:\"tax_amount\";i:0;s:18:\"price_included_tax\";i:0;s:11:\"group_items\";a:0:{}s:10:\"variations\";a:0:{}s:7:\"options\";a:0:{}s:7:\"bundles\";a:0:{}s:21:\"display_special_price\";b:0;s:18:\"allow_change_price\";b:1;s:18:\"price_display_html\";s:129:\"<span class=\"woocommerce-Price-amount amount\"><bdi><span class=\"woocommerce-Price-currencySymbol\">&pound;</span>0.00</bdi></span>\";s:19:\"price_takeaway_html\";s:0:\"\";s:16:\"price_table_html\";s:0:\"\";s:7:\"display\";b:1;s:4:\"type\";s:0:\"\";s:11:\"decimal_qty\";s:2:\"no\";s:12:\"custom_notes\";a:0:{}s:11:\"allow_decal\";s:2:\"no\";s:14:\"search_keyword\";s:33:\"banana ice killa nocotine pouches\";}s:11:\"option_pass\";b:1;s:12:\"option_total\";i:0;s:16:\"option_total_tax\";i:0;s:21:\"option_total_excl_tax\";i:0;s:12:\"bundle_total\";i:0;s:9:\"ship_cost\";i:0;s:8:\"ship_tax\";i:0;s:10:\"ship_total\";i:0;s:19:\"ship_total_incl_tax\";i:0;s:4:\"note\";s:0:\"\";s:9:\"parent_id\";i:0;s:9:\"seller_id\";i:1;s:11:\"seller_name\";s:5:\"admin\";s:9:\"item_type\";s:0:\"\";s:19:\"has_custom_discount\";b:0;s:16:\"has_price_change\";b:0;s:23:\"has_custom_price_change\";b:0;s:18:\"disable_qty_change\";b:0;s:9:\"read_only\";b:0;s:15:\"promotion_added\";i:0;s:11:\"tax_details\";a:1:{i:0;a:7:{s:4:\"code\";s:8:\"uk-tax_5\";s:8:\"compound\";s:2:\"no\";s:5:\"label\";s:10:\"Tax on POS\";s:4:\"rate\";i:0;s:7:\"rate_id\";s:1:\"5\";s:8:\"shipping\";s:2:\"no\";s:5:\"total\";i:0;}}s:13:\"custom_fields\";a:0:{}s:11:\"is_exchange\";b:0;s:11:\"update_time\";i:1715391709874;s:10:\"order_time\";i:1715391709874;s:6:\"source\";s:0:\"\";s:5:\"state\";s:0:\"\";}i:1;a:73:{s:2:\"id\";i:1715391727250;s:14:\"item_parent_id\";i:0;s:10:\"request_id\";i:0;s:4:\"name\";s:29:\"Swan Extra Slim Tips (1 x 20)\";s:7:\"barcode\";s:11:\"00000025167\";s:15:\"barcode_details\";a:0:{}s:8:\"sub_name\";s:0:\"\";s:6:\"dining\";s:0:\"\";s:24:\"price_currency_formatted\";s:4:\"7.49\";s:5:\"price\";d:7.4900000000000002131628207280300557613372802734375;s:33:\"price_incl_tax_currency_formatted\";s:4:\"7.49\";s:14:\"price_incl_tax\";d:7.4900000000000002131628207280300557613372802734375;s:10:\"product_id\";i:25167;s:12:\"custom_price\";d:7.4900000000000002131628207280300557613372802734375;s:30:\"final_price_currency_formatted\";s:4:\"7.49\";s:11:\"final_price\";d:7.4900000000000002131628207280300557613372802734375;s:39:\"final_price_incl_tax_currency_formatted\";s:4:\"7.49\";s:20:\"final_price_incl_tax\";d:7.4900000000000002131628207280300557613372802734375;s:18:\"final_price_source\";s:0:\"\";s:7:\"batches\";N;s:7:\"options\";a:0:{}s:7:\"bundles\";a:0:{}s:10:\"variations\";a:0:{}s:13:\"rule_discount\";a:0:{}s:9:\"discounts\";a:0:{}s:15:\"discount_source\";s:0:\"\";s:34:\"discount_amount_currency_formatted\";s:4:\"0.00\";s:15:\"discount_amount\";i:0;s:13:\"discount_type\";s:5:\"fixed\";s:40:\"final_discount_amount_currency_formatted\";s:4:\"0.00\";s:21:\"final_discount_amount\";i:0;s:30:\"final_discount_amount_incl_tax\";i:0;s:3:\"qty\";i:1;s:10:\"refund_qty\";i:0;s:12:\"exchange_qty\";i:0;s:31:\"refund_total_currency_formatted\";s:4:\"0.00\";s:12:\"refund_total\";i:0;s:29:\"tax_amount_currency_formatted\";s:4:\"0.00\";s:10:\"tax_amount\";i:0;s:28:\"total_tax_currency_formatted\";s:4:\"0.00\";s:9:\"total_tax\";i:0;s:24:\"total_currency_formatted\";s:4:\"7.49\";s:5:\"total\";d:7.4900000000000002131628207280300557613372802734375;s:33:\"total_incl_tax_currency_formatted\";s:4:\"7.49\";s:14:\"total_incl_tax\";d:7.4900000000000002131628207280300557613372802734375;s:7:\"product\";a:36:{s:4:\"name\";s:29:\"Swan Extra Slim Tips (1 x 20)\";s:2:\"id\";i:25167;s:9:\"parent_id\";i:25167;s:3:\"sku\";s:0:\"\";s:3:\"qty\";i:0;s:12:\"manage_stock\";b:0;s:12:\"stock_status\";s:7:\"instock\";s:7:\"barcode\";s:11:\"00000025167\";s:5:\"image\";s:87:\"https://directprice.co.uk/wp-content/uploads/2024/03/61SeHeYRRS._AC_UF8941000_QL80_.jpg\";s:5:\"price\";d:7.4900000000000002131628207280300557613372802734375;s:14:\"price_incl_tax\";d:7.4900000000000002131628207280300557613372802734375;s:11:\"final_price\";d:7.4900000000000002131628207280300557613372802734375;s:13:\"special_price\";s:0:\"\";s:13:\"regular_price\";d:7.4900000000000002131628207280300557613372802734375;s:9:\"sale_from\";N;s:7:\"sale_to\";N;s:6:\"status\";s:7:\"publish\";s:10:\"categories\";a:1:{i:0;s:3:\"446\";}s:3:\"tax\";a:1:{i:0;a:7:{s:4:\"code\";s:8:\"uk-tax_5\";s:4:\"rate\";i:0;s:8:\"shipping\";s:2:\"no\";s:8:\"compound\";s:2:\"no\";s:7:\"rate_id\";s:1:\"5\";s:5:\"label\";s:10:\"Tax on POS\";s:5:\"total\";i:0;}}s:10:\"tax_amount\";i:0;s:18:\"price_included_tax\";i:0;s:11:\"group_items\";a:0:{}s:10:\"variations\";a:0:{}s:7:\"options\";a:0:{}s:7:\"bundles\";a:0:{}s:21:\"display_special_price\";b:0;s:18:\"allow_change_price\";b:1;s:18:\"price_display_html\";s:129:\"<span class=\"woocommerce-Price-amount amount\"><bdi><span class=\"woocommerce-Price-currencySymbol\">&pound;</span>7.49</bdi></span>\";s:19:\"price_takeaway_html\";s:129:\"<span class=\"woocommerce-Price-amount amount\"><bdi><span class=\"woocommerce-Price-currencySymbol\">&pound;</span>7.49</bdi></span>\";s:16:\"price_table_html\";s:129:\"<span class=\"woocommerce-Price-amount amount\"><bdi><span class=\"woocommerce-Price-currencySymbol\">&pound;</span>7.49</bdi></span>\";s:7:\"display\";b:1;s:4:\"type\";s:0:\"\";s:11:\"decimal_qty\";s:2:\"no\";s:12:\"custom_notes\";a:0:{}s:11:\"allow_decal\";s:2:\"no\";s:14:\"search_keyword\";s:27:\"swan extra slim tips 1 x 20\";}s:11:\"option_pass\";b:1;s:12:\"option_total\";i:0;s:16:\"option_total_tax\";i:0;s:21:\"option_total_excl_tax\";i:0;s:12:\"bundle_total\";i:0;s:9:\"ship_cost\";i:0;s:8:\"ship_tax\";i:0;s:10:\"ship_total\";i:0;s:19:\"ship_total_incl_tax\";i:0;s:4:\"note\";s:0:\"\";s:9:\"parent_id\";i:0;s:9:\"seller_id\";i:1;s:11:\"seller_name\";s:5:\"admin\";s:9:\"item_type\";s:0:\"\";s:19:\"has_custom_discount\";b:0;s:16:\"has_price_change\";b:0;s:23:\"has_custom_price_change\";b:0;s:18:\"disable_qty_change\";b:0;s:9:\"read_only\";b:0;s:15:\"promotion_added\";i:0;s:11:\"tax_details\";a:1:{i:0;a:7:{s:4:\"code\";s:8:\"uk-tax_5\";s:8:\"compound\";s:2:\"no\";s:5:\"label\";s:10:\"Tax on POS\";s:4:\"rate\";i:0;s:7:\"rate_id\";s:1:\"5\";s:8:\"shipping\";s:2:\"no\";s:5:\"total\";i:0;}}s:13:\"custom_fields\";a:0:{}s:11:\"is_exchange\";b:0;s:11:\"update_time\";i:1715391727250;s:10:\"order_time\";i:1715391727250;s:6:\"source\";s:0:\"\";s:5:\"state\";s:0:\"\";}}s:30:\"remain_paid_currency_formatted\";s:4:\"0.00\";s:11:\"remain_paid\";i:0;}'),(622,26044,'_op_order_source','openpos'),(623,26044,'_wc_order_attribution_source_type','typein'),(624,26044,'_op_local_id','1715391702754'),(625,26044,'_op_sale_by_person_id','1'),(626,26044,'_op_order_number','26044'),(627,26044,'_op_wc_custom_order_number_formatted','26044'),(628,26044,'_op_point_discount','a:0:{}'),(629,26044,'_op_sale_by_cashier_id','1'),(630,26044,'_op_sale_by_store_id','0'),(631,26044,'_op_email_receipt','no'),(632,26044,'_pos_order_warehouse','0'),(633,26044,'_pos_order_cashdrawer','26036'),(634,26044,'_op_payment_methods','a:1:{i:0;a:19:{s:4:\"name\";s:9:\"Pay Later\";s:4:\"code\";s:12:\"wf_pay_later\";s:3:\"ref\";s:0:\"\";s:11:\"description\";s:0:\"\";s:23:\"paid_currency_formatted\";s:4:\"7.49\";s:4:\"paid\";d:7.4900000000000002131628207280300557613372802734375;s:25:\"return_currency_formatted\";s:4:\"0.00\";s:6:\"return\";i:0;s:10:\"paid_point\";i:0;s:8:\"refunded\";i:0;s:4:\"type\";s:7:\"offline\";s:8:\"currency\";a:6:{s:7:\"decimal\";i:2;s:17:\"decimal_separator\";s:1:\".\";s:18:\"thousand_separator\";s:1:\",\";s:4:\"code\";s:3:\"GBP\";s:6:\"symbol\";s:7:\"&pound;\";s:4:\"rate\";i:1;}s:11:\"online_type\";s:8:\"external\";s:7:\"partial\";b:0;s:12:\"partial_type\";s:0:\"\";s:10:\"status_url\";s:0:\"\";s:12:\"allow_refund\";s:2:\"no\";s:10:\"allow_zero\";s:0:\"\";s:13:\"callback_data\";a:0:{}}}'),(635,26044,'_op_session_id','op-admin_i3zjxknt-1715282340-4faac734f78cbebcdb25a71eda15fc92'),(636,26044,'_op_order_number_format','26044'),(637,26044,'_op_source_type',''),(638,26044,'_op_source','a:0:{}'),(639,26044,'_dokan_vendor_id','1'),(640,26044,'_op_wc_custom_order_number','26044'),(641,26038,'wf_invoice_number','26038'),(642,26038,'_wf_invoice_date','1715279598'),(643,26038,'wf_invoice_html','Invoice_26038.html'),(644,26059,'_billing_dokan_vat_number',''),(645,26059,'is_vat_exempt','no'),(646,26059,'_billing_address_index','Thananjcheliyan Ernest Ernest Nishanthini ltd 43 trellewelyn Road  Rhyl  LL18 4LT GB ernestnithish@gmail.com 07752652321'),(647,26059,'_shipping_address_index','Thananjcheliyan Ernest Ernest Nishanthini ltd 43 trellewelyn Road  Rhyl  LL18 4LT GB '),(648,26059,'wt_pklist_order_language','en_GB'),(649,26059,'_dokan_vendor_id','1'),(650,26059,'shipping_fee_recipient','seller'),(651,26059,'tax_fee_recipient','seller'),(652,26059,'shipping_tax_fee_recipient','seller'),(653,26059,'_fena_payment_hashed_id','GO6j0WWJ4Wt4N0qYLQ52'),(654,26059,'_fena_payment_url','https://pay.fena.co/pay/?p=GO6j0WWJ4Wt4N0qYLQ52'),(655,26059,'_edit_lock','1715937891:1'),(656,26059,'_created_document','a:3:{i:0;s:12:\"deliverynote\";i:1;s:7:\"invoice\";i:2;s:10:\"creditnote\";}'),(657,26059,'wf_invoice_number','26059'),(658,26059,'_wf_invoice_date','1715685836'),(659,26059,'wf_invoice_html','Invoice_26059.html'),(695,26061,'_refund_amount','83.95'),(696,26061,'_refunded_by','1'),(697,26061,'_refunded_payment',''),(698,26061,'_refund_reason',''),(699,26061,'wf_creditnote_number','26059'),(700,26061,'_wf_creditnote_date','1715937867'),(701,26233,'_billing_dokan_vat_number',''),(702,26233,'is_vat_exempt','no'),(703,26233,'_billing_address_index','Jeyaruban Ganeshalingham Alexandra stores 48-49 Alexandra Road  Llandudno  LL30 2DQ GB lovetack@hotmail.co.uk +447977706618'),(704,26233,'_shipping_address_index','Jeyaruban Ganeshalingham Alexandra stores 48-49 Alexandra Road  Llandudno  LL30 2DQ GB '),(705,26233,'wt_pklist_order_language','en_GB'),(706,26233,'_dokan_vendor_id','1'),(707,26233,'shipping_fee_recipient','seller'),(708,26233,'tax_fee_recipient','seller'),(709,26233,'shipping_tax_fee_recipient','seller'),(710,26233,'_wc_order_attribution_source_type','typein'),(711,26233,'_wc_order_attribution_utm_source','(direct)'),(712,26233,'_wc_order_attribution_session_entry','https://directprice.co.uk/'),(713,26233,'_wc_order_attribution_session_start_time','2024-05-17 09:28:19'),(714,26233,'_wc_order_attribution_session_pages','4'),(715,26233,'_wc_order_attribution_session_count','14'),(716,26233,'_wc_order_attribution_user_agent','Mozilla/5.0 (Windows NT 10.0; Win64; x64) AppleWebKit/537.36 (KHTML, like Gecko) Chrome/124.0.0.0 Safari/537.36 Edg/124.0.0.0'),(717,26233,'_wc_order_attribution_device_type','Desktop'),(718,26233,'_wt_thankyou_action_done','1'),(719,26234,'_billing_dokan_vat_number',''),(721,26234,'_billing_address_index','Thananjcheliyan Ernest Ernest Nishanthini ltd 43 trellewelyn Road  Rhyl  LL18 4LT GB ernestnithish@gmail.com 07752652321'),(722,26234,'_shipping_address_index','Thananjcheliyan Ernest Ernest Nishanthini ltd 43 trellewelyn Road  Rhyl  LL18 4LT GB '),(723,26234,'wt_pklist_order_language','en_GB'),(724,26234,'_dokan_vendor_id','1'),(725,26234,'shipping_fee_recipient','seller'),(726,26234,'tax_fee_recipient','seller'),(727,26234,'shipping_tax_fee_recipient','seller'),(728,26234,'_wc_order_attribution_source_type','typein'),(729,26234,'_wc_order_attribution_utm_source','(direct)'),(730,26234,'_wc_order_attribution_session_entry','https://directprice.co.uk/'),(731,26234,'_wc_order_attribution_session_start_time','2024-05-22 18:50:35'),(732,26234,'_wc_order_attribution_session_pages','16'),(733,26234,'_wc_order_attribution_session_count','1'),(734,26234,'_wc_order_attribution_user_agent','Mozilla/5.0 (Linux; Android 10; K) AppleWebKit/537.36 (KHTML, like Gecko) SamsungBrowser/25.0 Chrome/121.0.0.0 Mobile Safari/537.36'),(735,26234,'_wc_order_attribution_device_type','Mobile'),(736,26234,'_fena_payment_hashed_id','EMRAK7N1KWix8gn9K9vK'),(737,26234,'_fena_payment_url','https://pay.fena.co/pay/?p=EMRAK7N1KWix8gn9K9vK'),(738,26234,'is_vat_exempt','no'),(739,26234,'_wc_order_attribution_source_type','typein'),(740,26234,'_wc_order_attribution_utm_source','(direct)'),(741,26234,'_wc_order_attribution_session_entry','https://directprice.co.uk/'),(742,26234,'_wc_order_attribution_session_start_time','2024-05-22 18:50:35'),(743,26234,'_wc_order_attribution_session_pages','17'),(744,26234,'_wc_order_attribution_session_count','1'),(745,26234,'_wc_order_attribution_user_agent','Mozilla/5.0 (Linux; Android 10; K) AppleWebKit/537.36 (KHTML, like Gecko) SamsungBrowser/25.0 Chrome/121.0.0.0 Mobile Safari/537.36'),(746,26234,'_wc_order_attribution_device_type','Mobile'),(747,26234,'_wt_thankyou_action_done','1'),(748,26233,'_edit_lock','1716440240:1'),(749,26233,'wf_invoice_number','26233'),(750,26233,'_wf_invoice_date','1716325833'),(751,26233,'wf_invoice_html','Invoice_26233.html'),(752,26233,'_created_document','a:1:{i:0;s:7:\"invoice\";}'),(753,26234,'_edit_lock','1716551946:1');

--
-- Table structure for table `f1dqIoL_wc_product_attributes_lookup`
--

CREATE TABLE `f1dqIoL_wc_product_attributes_lookup` (
  `product_id` bigint NOT NULL,
  `product_or_parent_id` bigint NOT NULL,
  `taxonomy` varchar(32) CHARACTER SET utf8mb4 COLLATE utf8mb4_unicode_520_ci NOT NULL,
  `term_id` bigint NOT NULL,
  `is_variation_attribute` tinyint(1) NOT NULL,
  `in_stock` tinyint(1) NOT NULL,
  PRIMARY KEY (`product_or_parent_id`,`term_id`,`product_id`,`taxonomy`),
  KEY `is_variation_attribute_term_id` (`is_variation_attribute`,`term_id`)
) ENGINE=InnoDB DEFAULT CHARSET=utf8mb4 COLLATE=utf8mb4_unicode_520_ci;

--
-- Dumping data for table `f1dqIoL_wc_product_attributes_lookup`
--

INSERT INTO `f1dqIoL_wc_product_attributes_lookup` VALUES (23549,23549,'pa_brand',135,0,1),(23549,23549,'pa_flavour',136,0,1),(23549,23549,'pa_flavour',137,0,1),(23552,23552,'pa_brand',135,0,1),(23552,23552,'pa_flavour',141,0,1),(23556,23556,'pa_brand',135,0,1),(23556,23556,'pa_flavour',144,0,1),(23561,23561,'pa_brand',135,0,1),(23561,23561,'pa_flavour',148,0,1),(23561,23561,'pa_flavour',149,0,1),(23585,23585,'pa_brand',135,0,1),(23585,23585,'pa_flavour',161,0,1),(23585,23585,'pa_flavour',166,0,1),(23585,23585,'pa_flavour',167,0,1),(23610,23610,'pa_brand',135,0,1),(23610,23610,'pa_flavour',183,0,1),(23610,23610,'pa_flavour',184,0,1),(23795,23795,'pa_flavour',183,0,1),(23795,23795,'pa_flavour',207,0,1),(23795,23795,'pa_brand',261,0,1),(23843,23843,'pa_flavour',207,0,1),(23843,23843,'pa_brand',261,0,1),(23843,23843,'pa_flavour',279,0,1),(23855,23855,'pa_flavour',153,0,1),(23855,23855,'pa_flavour',154,0,1),(23855,23855,'pa_flavour',207,0,1),(23855,23855,'pa_brand',261,0,1),(23918,23918,'pa_brand',309,0,1),(23942,23942,'pa_flavour',189,0,1),(23942,23942,'pa_brand',309,0,1),(24817,24817,'pa_brand',509,0,1),(24817,24817,'pa_flavour',513,0,1),(24820,24820,'pa_flavour',211,0,1),(24820,24820,'pa_flavour',504,0,1),(24820,24820,'pa_brand',509,0,1),(24826,24826,'pa_flavour',153,0,1),(24826,24826,'pa_flavour',504,0,1),(24826,24826,'pa_brand',509,0,1),(24829,24829,'pa_flavour',189,0,1),(24829,24829,'pa_brand',509,0,1),(24832,24832,'pa_flavour',141,0,1),(24832,24832,'pa_brand',509,0,1),(24835,24835,'pa_flavour',137,0,1),(24835,24835,'pa_flavour',193,0,1),(24835,24835,'pa_flavour',211,0,1),(24835,24835,'pa_brand',509,0,1),(24838,24838,'pa_flavour',183,0,1),(24838,24838,'pa_flavour',184,0,1),(24838,24838,'pa_brand',509,0,1),(24847,24847,'pa_flavour',211,0,1),(24847,24847,'pa_brand',509,0,1),(24853,24853,'pa_flavour',137,0,1),(24853,24853,'pa_brand',509,0,1),(24865,24865,'pa_flavour',157,0,1),(24865,24865,'pa_brand',509,0,1),(24868,24868,'pa_flavour',137,0,1),(24868,24868,'pa_flavour',207,0,1),(24868,24868,'pa_brand',509,0,1),(24874,24874,'pa_flavour',327,0,1),(24874,24874,'pa_brand',509,0,1),(24877,24877,'pa_flavour',178,0,1),(24877,24877,'pa_flavour',189,0,1),(24877,24877,'pa_brand',509,0,1),(24880,24880,'pa_flavour',157,0,1),(24880,24880,'pa_brand',509,0,1),(24883,24883,'pa_flavour',224,0,1),(24883,24883,'pa_flavour',285,0,1),(24883,24883,'pa_brand',509,0,1),(24886,24886,'pa_brand',509,0,1),(24886,24886,'pa_flavour',538,0,1),(24889,24889,'pa_flavour',207,0,1),(24889,24889,'pa_flavour',211,0,1),(24889,24889,'pa_brand',509,0,1),(24894,24894,'pa_flavour',157,0,1),(24894,24894,'pa_flavour',211,0,1),(24894,24894,'pa_brand',509,0,1),(24897,24897,'pa_flavour',193,0,1),(24897,24897,'pa_brand',509,0,1),(24900,24900,'pa_brand',509,0,1),(24900,24900,'pa_flavour',542,0,1),(24963,24963,'pa_brand',551,0,1),(24978,24978,'pa_brand',551,0,1),(24987,24987,'pa_brand',551,0,1),(24990,24990,'pa_brand',551,0,1),(24997,24997,'pa_brand',551,0,1),(25000,25000,'pa_brand',551,0,1),(25003,25003,'pa_brand',551,0,1),(25012,25012,'pa_brand',551,0,1),(25015,25015,'pa_brand',551,0,1),(25028,25028,'pa_brand',551,0,1),(25037,25037,'pa_brand',551,0,1),(25077,25077,'pa_brand',584,0,1),(25083,25083,'pa_brand',589,0,1),(25086,25086,'pa_brand',589,0,1),(25089,25089,'pa_brand',589,0,1),(25092,25092,'pa_brand',589,0,1),(25098,25098,'pa_brand',589,0,1),(25101,25101,'pa_brand',589,0,1),(25107,25107,'pa_brand',589,0,1),(25122,25122,'pa_brand',599,0,1),(25134,25134,'pa_brand',599,0,1),(25167,25167,'pa_brand',614,0,1),(25177,25177,'pa_brand',614,0,1),(25180,25180,'pa_brand',614,0,1),(25183,25183,'pa_brand',614,0,1),(25187,25187,'pa_brand',624,0,1),(25258,25258,'pa_brand',135,0,1),(25258,25258,'pa_nicotine-stregnth',612,0,1),(25258,25258,'pa_nicotine-stregnth',613,0,1),(25262,25262,'pa_brand',135,0,1),(25262,25262,'pa_nicotine-stregnth',612,0,1),(25262,25262,'pa_nicotine-stregnth',613,0,1),(25272,25272,'pa_brand',135,0,1),(25275,25272,'pa_nicotine-stregnth',612,1,1),(25274,25272,'pa_nicotine-stregnth',613,1,1),(25277,25277,'pa_brand',135,0,1),(25280,25277,'pa_nicotine-stregnth',612,1,1),(25279,25277,'pa_nicotine-stregnth',613,1,1),(25282,25282,'pa_brand',135,0,1),(25282,25282,'pa_nicotine-stregnth',612,0,1),(25282,25282,'pa_nicotine-stregnth',613,0,1),(25297,25297,'pa_brand',135,0,1),(25300,25297,'pa_nicotine-stregnth',612,1,1),(25299,25297,'pa_nicotine-stregnth',613,1,1),(25302,25302,'pa_brand',135,0,1),(25305,25302,'pa_nicotine-stregnth',612,1,1),(25304,25302,'pa_nicotine-stregnth',613,1,1),(25307,25307,'pa_brand',135,0,1),(25307,25307,'pa_nicotine-stregnth',612,0,1),(25307,25307,'pa_nicotine-stregnth',613,0,1),(25347,25347,'pa_brand',135,0,1),(25347,25347,'pa_nicotine-stregnth',612,0,1),(25347,25347,'pa_nicotine-stregnth',613,0,1),(25375,25372,'pa_nicotine-stregnth',612,1,1),(25374,25372,'pa_nicotine-stregnth',613,1,1),(25372,25372,'pa_brand',629,0,1),(25377,25377,'pa_nicotine-stregnth',612,0,1),(25377,25377,'pa_nicotine-stregnth',613,0,1),(25377,25377,'pa_brand',629,0,1),(25467,25467,'pa_nicotine-stregnth',612,0,1),(25467,25467,'pa_nicotine-stregnth',613,0,1),(25467,25467,'pa_brand',629,0,1),(25540,25537,'pa_nicotine-stregnth',612,1,1),(25539,25537,'pa_nicotine-stregnth',613,1,1),(25537,25537,'pa_brand',629,0,1),(25577,25577,'pa_nicotine-stregnth',612,0,1),(25577,25577,'pa_nicotine-stregnth',613,0,1),(25577,25577,'pa_brand',629,0,1),(25600,25597,'pa_nicotine-stregnth',612,1,1),(25599,25597,'pa_nicotine-stregnth',613,1,1),(25597,25597,'pa_brand',629,0,1),(25643,25643,'pa_brand',471,0,1),(25643,25643,'pa_nicotine-stregnth',612,0,1),(25643,25643,'pa_nicotine-stregnth',613,0,1),(25653,25653,'pa_brand',471,0,1),(25653,25653,'pa_nicotine-stregnth',612,0,1),(25653,25653,'pa_nicotine-stregnth',613,0,1),(25658,25658,'pa_brand',471,0,1),(25661,25658,'pa_nicotine-stregnth',612,1,1),(25660,25658,'pa_nicotine-stregnth',613,1,1),(25663,25663,'pa_brand',471,0,1),(25666,25663,'pa_nicotine-stregnth',612,1,1),(25665,25663,'pa_nicotine-stregnth',613,1,1),(25668,25668,'pa_brand',471,0,1),(25671,25668,'pa_nicotine-stregnth',612,1,1),(25670,25668,'pa_nicotine-stregnth',613,1,1),(25673,25673,'pa_brand',471,0,1),(25676,25673,'pa_nicotine-stregnth',612,1,1),(25675,25673,'pa_nicotine-stregnth',613,1,1),(25678,25678,'pa_brand',471,0,1),(25681,25678,'pa_nicotine-stregnth',612,1,1),(25680,25678,'pa_nicotine-stregnth',613,1,1),(25688,25688,'pa_brand',471,0,1),(25691,25688,'pa_nicotine-stregnth',612,1,1),(25690,25688,'pa_nicotine-stregnth',613,1,1),(25750,25750,'pa_brand',471,0,1),(25753,25750,'pa_nicotine-stregnth',612,1,1),(25752,25750,'pa_nicotine-stregnth',613,1,1),(25755,25755,'pa_brand',471,0,1),(25758,25755,'pa_nicotine-stregnth',612,1,1),(25757,25755,'pa_nicotine-stregnth',613,1,1),(25760,25760,'pa_brand',471,0,1),(25760,25760,'pa_nicotine-stregnth',612,0,1),(25760,25760,'pa_nicotine-stregnth',613,0,1),(25770,25770,'pa_brand',471,0,1),(25770,25770,'pa_nicotine-stregnth',612,0,1),(25770,25770,'pa_nicotine-stregnth',613,0,1),(25780,25780,'pa_brand',471,0,1),(25783,25780,'pa_nicotine-stregnth',612,1,1),(25782,25780,'pa_nicotine-stregnth',613,1,1),(25785,25785,'pa_brand',471,0,1),(25785,25785,'pa_nicotine-stregnth',612,0,1),(25785,25785,'pa_nicotine-stregnth',613,0,1),(25790,25790,'pa_brand',471,0,1),(25790,25790,'pa_nicotine-stregnth',612,0,1),(25790,25790,'pa_nicotine-stregnth',613,0,1),(25800,25800,'pa_brand',471,0,1),(25803,25800,'pa_nicotine-stregnth',612,1,1),(25802,25800,'pa_nicotine-stregnth',613,1,1),(25810,25810,'pa_brand',471,0,1),(25810,25810,'pa_nicotine-stregnth',612,0,1),(25810,25810,'pa_nicotine-stregnth',613,0,1),(25830,25830,'pa_brand',471,0,1),(25830,25830,'pa_nicotine-stregnth',612,0,1),(25830,25830,'pa_nicotine-stregnth',613,0,1),(25850,25850,'pa_brand',471,0,1),(25850,25850,'pa_nicotine-stregnth',612,0,1),(25850,25850,'pa_nicotine-stregnth',613,0,1),(25871,25868,'pa_nicotine-stregnth',612,1,1),(25870,25868,'pa_nicotine-stregnth',613,1,1),(25868,25868,'pa_brand',632,0,1),(25873,25873,'pa_nicotine-stregnth',612,0,1),(25873,25873,'pa_nicotine-stregnth',613,0,1),(25873,25873,'pa_brand',632,0,1),(25881,25878,'pa_nicotine-stregnth',612,1,1),(25880,25878,'pa_nicotine-stregnth',613,1,1),(25878,25878,'pa_brand',632,0,1),(25886,25883,'pa_nicotine-stregnth',612,1,1),(25885,25883,'pa_nicotine-stregnth',613,1,1),(25883,25883,'pa_brand',632,0,1),(25888,25888,'pa_nicotine-stregnth',612,0,1),(25888,25888,'pa_nicotine-stregnth',613,0,1),(25888,25888,'pa_brand',632,0,1),(25896,25893,'pa_nicotine-stregnth',612,1,1),(25895,25893,'pa_nicotine-stregnth',613,1,1),(25893,25893,'pa_brand',632,0,1),(25903,25903,'pa_nicotine-stregnth',612,0,1),(25903,25903,'pa_nicotine-stregnth',613,0,1),(25903,25903,'pa_brand',632,0,1),(25908,25908,'pa_nicotine-stregnth',612,0,1),(25908,25908,'pa_nicotine-stregnth',613,0,1),(25908,25908,'pa_brand',632,0,1),(25918,25918,'pa_nicotine-stregnth',612,0,1),(25918,25918,'pa_nicotine-stregnth',613,0,1),(25918,25918,'pa_brand',632,0,1),(25926,25923,'pa_nicotine-stregnth',612,1,1),(25925,25923,'pa_nicotine-stregnth',613,1,1),(25923,25923,'pa_brand',632,0,1),(25936,25933,'pa_nicotine-stregnth',612,1,1),(25935,25933,'pa_nicotine-stregnth',613,1,1),(25933,25933,'pa_brand',632,0,1),(25943,25943,'pa_nicotine-stregnth',612,0,1),(25943,25943,'pa_nicotine-stregnth',613,0,1),(25943,25943,'pa_brand',633,0,1),(25964,25964,'pa_brand',261,0,1),(25967,25964,'pa_nicotine-stregnth',612,1,1),(25966,25964,'pa_nicotine-stregnth',613,1,1),(25974,25974,'pa_brand',261,0,1),(25974,25974,'pa_nicotine-stregnth',612,0,1),(25974,25974,'pa_nicotine-stregnth',613,0,1),(25979,25979,'pa_brand',261,0,1),(25979,25979,'pa_nicotine-stregnth',612,0,1),(25979,25979,'pa_nicotine-stregnth',613,0,1),(25984,25984,'pa_brand',261,0,1),(25984,25984,'pa_nicotine-stregnth',612,0,1),(25984,25984,'pa_nicotine-stregnth',613,0,1),(25994,25994,'pa_brand',261,0,1),(25994,25994,'pa_nicotine-stregnth',612,0,1),(25994,25994,'pa_nicotine-stregnth',613,0,1),(26076,26073,'pa_nicotine-stregnth',612,1,1),(26075,26073,'pa_nicotine-stregnth',613,1,1),(26073,26073,'pa_brand',636,0,1),(26086,26083,'pa_nicotine-stregnth',612,1,1),(26085,26083,'pa_nicotine-stregnth',613,1,1),(26083,26083,'pa_brand',636,0,1),(26091,26088,'pa_nicotine-stregnth',612,1,1),(26090,26088,'pa_nicotine-stregnth',613,1,1),(26088,26088,'pa_brand',636,0,1),(26096,26093,'pa_nicotine-stregnth',612,1,1),(26095,26093,'pa_nicotine-stregnth',613,1,1),(26093,26093,'pa_brand',636,0,1),(26101,26098,'pa_nicotine-stregnth',612,1,1),(26100,26098,'pa_nicotine-stregnth',613,1,1),(26098,26098,'pa_brand',636,0,1),(26106,26103,'pa_nicotine-stregnth',612,1,1),(26105,26103,'pa_nicotine-stregnth',613,1,1),(26103,26103,'pa_brand',636,0,1),(26111,26108,'pa_nicotine-stregnth',612,1,1),(26110,26108,'pa_nicotine-stregnth',613,1,1),(26108,26108,'pa_brand',636,0,1),(26117,26114,'pa_nicotine-stregnth',612,1,1),(26116,26114,'pa_nicotine-stregnth',613,1,1),(26114,26114,'pa_brand',636,0,1),(26119,26119,'pa_nicotine-stregnth',612,0,1),(26119,26119,'pa_nicotine-stregnth',613,0,1),(26119,26119,'pa_brand',636,0,1),(26127,26124,'pa_nicotine-stregnth',612,1,1),(26126,26124,'pa_nicotine-stregnth',613,1,1),(26124,26124,'pa_brand',636,0,1),(26132,26129,'pa_nicotine-stregnth',612,1,1),(26131,26129,'pa_nicotine-stregnth',613,1,1),(26129,26129,'pa_brand',636,0,1),(26142,26139,'pa_nicotine-stregnth',612,1,1),(26141,26139,'pa_nicotine-stregnth',613,1,1),(26139,26139,'pa_brand',636,0,1),(26147,26144,'pa_nicotine-stregnth',612,1,1),(26146,26144,'pa_nicotine-stregnth',613,1,1),(26144,26144,'pa_brand',636,0,1),(26152,26149,'pa_nicotine-stregnth',612,1,1),(26151,26149,'pa_nicotine-stregnth',613,1,1),(26149,26149,'pa_brand',636,0,1),(26154,26154,'pa_nicotine-stregnth',612,0,1),(26154,26154,'pa_nicotine-stregnth',613,0,1),(26154,26154,'pa_brand',636,0,1),(26162,26159,'pa_nicotine-stregnth',612,1,1),(26161,26159,'pa_nicotine-stregnth',613,1,1),(26159,26159,'pa_brand',636,0,1),(26167,26164,'pa_nicotine-stregnth',612,1,1),(26166,26164,'pa_nicotine-stregnth',613,1,1),(26164,26164,'pa_brand',636,0,1),(26172,26169,'pa_nicotine-stregnth',612,1,1),(26171,26169,'pa_nicotine-stregnth',613,1,1),(26169,26169,'pa_brand',636,0,1),(26177,26174,'pa_nicotine-stregnth',612,1,1),(26176,26174,'pa_nicotine-stregnth',613,1,1),(26174,26174,'pa_brand',636,0,1),(26182,26179,'pa_nicotine-stregnth',612,1,1),(26181,26179,'pa_nicotine-stregnth',613,1,1),(26179,26179,'pa_brand',636,0,1),(26199,26196,'pa_nicotine-stregnth',612,1,1),(26198,26196,'pa_nicotine-stregnth',613,1,1),(26196,26196,'pa_brand',636,0,1);

--
-- Table structure for table `f1dqIoL_wc_product_download_directories`
--

CREATE TABLE `f1dqIoL_wc_product_download_directories` (
  `url_id` bigint unsigned NOT NULL AUTO_INCREMENT,
  `url` varchar(256) CHARACTER SET utf8mb4 COLLATE utf8mb4_unicode_520_ci NOT NULL,
  `enabled` tinyint(1) NOT NULL DEFAULT '0',
  PRIMARY KEY (`url_id`),
  KEY `url` (`url`(191))
) ENGINE=InnoDB AUTO_INCREMENT=3 DEFAULT CHARSET=utf8mb4 COLLATE=utf8mb4_unicode_520_ci;

--
-- Dumping data for table `f1dqIoL_wc_product_download_directories`
--

INSERT INTO `f1dqIoL_wc_product_download_directories` VALUES (1,'file:///home/dialeatco/directprice.co.uk/wp-content/uploads/woocommerce_uploads/',1),(2,'https://directprice.co.uk/wp-content/uploads/woocommerce_uploads/',1);

--
-- Table structure for table `f1dqIoL_wc_product_meta_lookup`
--

CREATE TABLE `f1dqIoL_wc_product_meta_lookup` (
  `product_id` bigint NOT NULL,
  `sku` varchar(100) CHARACTER SET utf8mb4 COLLATE utf8mb4_unicode_520_ci DEFAULT '',
  `virtual` tinyint(1) DEFAULT '0',
  `downloadable` tinyint(1) DEFAULT '0',
  `min_price` decimal(19,4) DEFAULT NULL,
  `max_price` decimal(19,4) DEFAULT NULL,
  `onsale` tinyint(1) DEFAULT '0',
  `stock_quantity` double DEFAULT NULL,
  `stock_status` varchar(100) CHARACTER SET utf8mb4 COLLATE utf8mb4_unicode_520_ci DEFAULT 'instock',
  `rating_count` bigint DEFAULT '0',
  `average_rating` decimal(3,2) DEFAULT '0.00',
  `total_sales` bigint DEFAULT '0',
  `tax_status` varchar(100) CHARACTER SET utf8mb4 COLLATE utf8mb4_unicode_520_ci DEFAULT 'taxable',
  `tax_class` varchar(100) CHARACTER SET utf8mb4 COLLATE utf8mb4_unicode_520_ci DEFAULT '',
  PRIMARY KEY (`product_id`),
  KEY `virtual` (`virtual`),
  KEY `downloadable` (`downloadable`),
  KEY `stock_status` (`stock_status`),
  KEY `stock_quantity` (`stock_quantity`),
  KEY `onsale` (`onsale`),
  KEY `min_max_price` (`min_price`,`max_price`)
) ENGINE=InnoDB DEFAULT CHARSET=utf8mb4 COLLATE=utf8mb4_unicode_520_ci;

--
-- Dumping data for table `f1dqIoL_wc_product_meta_lookup`
--

INSERT INTO `f1dqIoL_wc_product_meta_lookup` VALUES (23424,'',0,0,0.0000,0.0000,0,NULL,'instock',0,0.00,0,'taxable',''),(23549,'',0,0,26.9900,26.9900,0,NULL,'instock',0,0.00,0,'taxable',''),(23552,'',0,0,18.9900,18.9900,1,NULL,'instock',0,0.00,3,'taxable',''),(23556,'',0,0,26.9900,26.9900,1,NULL,'instock',0,0.00,7,'taxable',''),(23561,'',0,0,18.9900,18.9900,1,NULL,'instock',0,0.00,3,'taxable',''),(23570,'',0,0,18.7500,18.7500,1,NULL,'instock',0,0.00,10,'taxable',''),(23573,'',0,0,18.9900,18.9900,1,NULL,'instock',0,0.00,3,'taxable',''),(23576,'',0,0,0.0000,0.0000,0,NULL,'instock',0,0.00,0,'taxable',''),(23579,'',0,0,18.7500,18.7500,1,NULL,'instock',0,0.00,4,'taxable',''),(23582,'',0,0,18.9900,18.9900,1,NULL,'instock',0,0.00,5,'taxable',''),(23585,'',0,0,18.9900,18.9900,1,NULL,'instock',0,0.00,2,'taxable',''),(23588,'',0,0,26.9900,26.9900,1,NULL,'instock',0,0.00,2,'taxable',''),(23592,'',0,0,18.9900,18.9900,1,NULL,'instock',0,0.00,27,'taxable',''),(23595,'',0,0,18.9900,18.9900,1,NULL,'instock',0,0.00,5,'taxable',''),(23598,'',0,0,0.0000,0.0000,0,NULL,'instock',0,0.00,0,'taxable',''),(23601,'',0,0,0.0000,0.0000,0,NULL,'instock',0,0.00,0,'taxable',''),(23604,'',0,0,18.7500,18.7500,1,NULL,'instock',0,0.00,1,'taxable',''),(23607,'',0,0,26.9900,26.9900,1,NULL,'instock',0,0.00,2,'taxable',''),(23610,'',0,0,24.9900,24.9900,1,NULL,'instock',0,0.00,3,'taxable',''),(23613,'',0,0,18.9900,18.9900,1,NULL,'instock',0,0.00,46,'taxable',''),(23616,'',0,0,0.0000,0.0000,0,NULL,'instock',0,0.00,0,'taxable',''),(23619,'',0,0,18.9900,18.9900,1,NULL,'instock',0,0.00,3,'taxable',''),(23622,'',0,0,0.0000,0.0000,0,NULL,'instock',0,0.00,0,'taxable',''),(23623,'',0,0,18.9900,18.9900,1,NULL,'instock',0,0.00,3,'taxable',''),(23626,'',0,0,18.7500,18.7500,1,NULL,'instock',0,0.00,1,'taxable',''),(23629,'',0,0,18.7500,18.7500,1,NULL,'instock',0,0.00,3,'taxable',''),(23632,'',0,0,26.9900,26.9900,1,NULL,'instock',0,0.00,12,'taxable',''),(23635,'',0,0,18.7500,18.7500,1,NULL,'instock',0,0.00,5,'taxable',''),(23638,'',0,0,18.9900,18.9900,1,NULL,'instock',0,0.00,3,'taxable',''),(23641,'',0,0,18.9900,18.9900,1,NULL,'instock',0,0.00,2,'taxable',''),(23644,'',0,0,18.9900,18.9900,1,NULL,'instock',0,0.00,15,'taxable',''),(23647,'',0,0,18.9900,18.9900,1,NULL,'instock',0,0.00,6,'taxable',''),(23663,'',0,0,18.7500,18.7500,1,NULL,'instock',0,0.00,3,'taxable',''),(23666,'',0,0,18.9900,18.9900,1,NULL,'instock',0,0.00,4,'taxable',''),(23670,'',0,0,18.9900,18.9900,1,NULL,'instock',0,0.00,3,'taxable',''),(23676,'',0,0,19.4900,19.4900,1,NULL,'instock',0,0.00,2,'taxable',''),(23679,'',0,0,19.4900,19.4900,1,NULL,'instock',0,0.00,1,'taxable',''),(23682,'',0,0,18.9900,18.9900,1,NULL,'instock',0,0.00,8,'taxable',''),(23685,'',0,0,18.9900,18.9900,1,NULL,'instock',0,0.00,6,'taxable',''),(23688,'',0,0,19.4900,19.4900,1,NULL,'instock',0,0.00,1,'taxable',''),(23692,'',0,0,18.7500,18.7500,1,NULL,'instock',0,0.00,5,'taxable',''),(23695,'',0,0,18.9900,18.9900,1,NULL,'instock',0,0.00,19,'taxable',''),(23698,'',0,0,18.7500,18.7500,1,NULL,'instock',0,0.00,2,'taxable',''),(23701,'',0,0,18.9900,18.9900,1,NULL,'instock',0,0.00,4,'taxable',''),(23704,'',0,0,26.9900,26.9900,1,NULL,'instock',0,0.00,2,'taxable',''),(23707,'',0,0,18.9900,18.9900,1,NULL,'instock',0,0.00,2,'taxable',''),(23710,'',0,0,18.9900,18.9900,1,NULL,'instock',0,0.00,4,'taxable',''),(23713,'',0,0,18.9900,18.9900,1,NULL,'instock',0,0.00,2,'taxable',''),(23716,'',0,0,26.9900,26.9900,1,NULL,'instock',0,0.00,8,'taxable',''),(23719,'',0,0,19.4900,19.4900,1,NULL,'instock',0,0.00,1,'taxable',''),(23722,'',0,0,18.7500,18.7500,1,NULL,'instock',0,0.00,3,'taxable',''),(23725,'',0,0,18.7500,18.7500,1,NULL,'instock',0,0.00,8,'taxable',''),(23728,'',0,0,26.9900,26.9900,1,NULL,'instock',0,0.00,18,'taxable',''),(23731,'',0,0,0.0000,0.0000,0,NULL,'instock',0,0.00,0,'taxable',''),(23735,'',0,0,0.0000,0.0000,0,NULL,'instock',0,0.00,0,'taxable',''),(23750,'',0,0,19.3900,19.3900,1,NULL,'instock',0,0.00,3,'taxable',''),(23753,'',0,0,18.8900,18.8900,1,NULL,'instock',0,0.00,3,'taxable',''),(23756,'',0,0,18.9900,18.9900,1,NULL,'instock',0,0.00,4,'taxable',''),(23759,'',0,0,19.4900,19.4900,1,NULL,'instock',0,0.00,1,'taxable',''),(23762,'',0,0,19.4900,19.4900,1,NULL,'instock',0,0.00,2,'taxable',''),(23765,'',0,0,18.9900,18.9900,1,NULL,'instock',0,0.00,2,'taxable',''),(23768,'',0,0,0.0000,0.0000,0,NULL,'instock',0,0.00,0,'taxable',''),(23771,'',0,0,18.9900,18.9900,1,NULL,'instock',0,0.00,1,'taxable',''),(23774,'',0,0,18.9900,18.9900,1,NULL,'instock',0,0.00,5,'taxable',''),(23777,'',0,0,26.9900,26.9900,1,NULL,'instock',0,0.00,1,'taxable',''),(23780,'',0,0,26.9900,26.9900,1,NULL,'instock',0,0.00,1,'taxable',''),(23783,'',0,0,18.9900,18.9900,1,NULL,'instock',0,0.00,2,'taxable',''),(23786,'',0,0,18.8900,18.8900,1,NULL,'instock',0,0.00,3,'taxable',''),(23789,'',0,0,18.9900,18.9900,1,NULL,'instock',0,0.00,2,'taxable',''),(23792,'',0,0,18.9900,18.9900,1,NULL,'instock',0,0.00,4,'taxable',''),(23795,'',0,0,18.8900,18.8900,1,NULL,'instock',0,0.00,4,'taxable',''),(23798,'',0,0,18.8900,18.8900,1,NULL,'instock',0,0.00,2,'taxable',''),(23801,'',0,0,18.9900,18.9900,1,NULL,'instock',0,0.00,4,'taxable',''),(23804,'',0,0,18.9900,18.9900,1,NULL,'instock',0,0.00,3,'taxable',''),(23807,'',0,0,26.9900,26.9900,1,NULL,'instock',0,0.00,3,'taxable',''),(23810,'',0,0,18.9900,18.9900,1,NULL,'instock',0,0.00,3,'taxable',''),(23813,'',0,0,18.9900,18.9900,1,NULL,'instock',0,0.00,2,'taxable',''),(23816,'',0,0,26.9900,26.9900,1,NULL,'instock',0,0.00,1,'taxable',''),(23819,'',0,0,26.9900,26.9900,1,NULL,'instock',0,0.00,1,'taxable',''),(23822,'',0,0,18.8900,18.8900,1,NULL,'instock',0,0.00,6,'taxable',''),(23825,'',0,0,26.9900,26.9900,1,NULL,'instock',0,0.00,1,'taxable',''),(23828,'',0,0,18.8900,18.8900,1,NULL,'instock',0,0.00,2,'taxable',''),(23831,'',0,0,26.9900,26.9900,1,NULL,'instock',0,0.00,1,'taxable',''),(23834,'',0,0,18.9900,18.9900,1,NULL,'instock',0,0.00,2,'taxable',''),(23837,'',0,0,0.0000,0.0000,0,NULL,'instock',0,0.00,0,'taxable',''),(23840,'',0,0,18.9900,18.9900,1,NULL,'instock',0,0.00,1,'taxable',''),(23843,'',0,0,26.9900,26.9900,1,NULL,'instock',0,0.00,1,'taxable',''),(23846,'',0,0,0.0000,0.0000,0,NULL,'instock',0,0.00,0,'taxable',''),(23849,'',0,0,0.0000,0.0000,0,NULL,'instock',0,0.00,0,'taxable',''),(23852,'',0,0,0.0000,0.0000,0,NULL,'instock',0,0.00,0,'taxable',''),(23855,'',0,0,18.9900,18.9900,1,NULL,'instock',0,0.00,2,'taxable',''),(23858,'',0,0,18.8900,18.8900,1,NULL,'instock',0,0.00,4,'taxable',''),(23861,'',0,0,0.0000,0.0000,0,NULL,'instock',0,0.00,0,'taxable',''),(23866,'',0,0,0.0000,0.0000,0,NULL,'instock',0,0.00,0,'taxable',''),(23869,'',0,0,35.9900,35.9900,1,NULL,'instock',0,0.00,18,'taxable',''),(23871,'',0,0,35.9900,35.9900,1,NULL,'instock',0,0.00,11,'taxable',''),(23874,'',0,0,0.0000,0.0000,0,NULL,'instock',0,0.00,0,'taxable',''),(23875,'',0,0,26.9900,26.9900,1,NULL,'instock',0,0.00,6,'taxable',''),(23878,'',0,0,26.9900,26.9900,1,NULL,'instock',0,0.00,5,'taxable',''),(23881,'',0,0,26.9900,26.9900,1,NULL,'instock',0,0.00,5,'taxable',''),(23884,'',0,0,26.4900,26.4900,1,NULL,'instock',0,0.00,6,'taxable',''),(23887,'',0,0,35.9900,35.9900,1,NULL,'instock',0,0.00,6,'taxable',''),(23890,'',0,0,0.0000,0.0000,0,NULL,'instock',0,0.00,0,'taxable',''),(23893,'',0,0,35.9900,35.9900,1,NULL,'instock',0,0.00,6,'taxable',''),(23896,'',0,0,35.9900,35.9900,1,NULL,'instock',0,0.00,7,'taxable',''),(23899,'',0,0,25.9900,25.9900,1,NULL,'instock',0,0.00,6,'taxable',''),(23902,'',0,0,26.9900,26.9900,1,NULL,'instock',0,0.00,5,'taxable',''),(23905,'',0,0,0.0000,0.0000,0,NULL,'instock',0,0.00,0,'taxable',''),(23908,'',0,0,26.4900,26.4900,1,NULL,'instock',0,0.00,7,'taxable',''),(23911,'',0,0,35.9900,35.9900,1,NULL,'instock',0,0.00,4,'taxable',''),(23914,'',0,0,26.9900,26.9900,1,NULL,'instock',0,0.00,6,'taxable',''),(23917,'',0,0,0.0000,0.0000,0,NULL,'instock',0,0.00,0,'taxable',''),(23918,'',0,0,35.9900,35.9900,1,NULL,'instock',0,0.00,7,'taxable',''),(23921,'',0,0,35.9900,35.9900,1,NULL,'instock',0,0.00,14,'taxable',''),(23924,'',0,0,26.9900,26.9900,1,NULL,'instock',0,0.00,5,'taxable',''),(23927,'',0,0,26.9900,26.9900,1,NULL,'instock',0,0.00,4,'taxable',''),(23930,'',0,0,35.9900,35.9900,1,NULL,'instock',0,0.00,4,'taxable',''),(23933,'',0,0,27.4900,27.4900,1,NULL,'instock',0,0.00,1,'taxable',''),(23936,'',0,0,35.9900,35.9900,1,NULL,'instock',0,0.00,7,'taxable',''),(23939,'',0,0,35.9900,35.9900,1,NULL,'instock',0,0.00,8,'taxable',''),(23942,'',0,0,35.9900,35.9900,1,NULL,'instock',0,0.00,7,'taxable',''),(23945,'',0,0,26.9900,26.9900,1,NULL,'instock',0,0.00,6,'taxable',''),(23948,'',0,0,35.9900,35.9900,1,NULL,'instock',0,0.00,10,'taxable',''),(23951,'',0,0,35.9900,35.9900,1,NULL,'instock',0,0.00,11,'taxable',''),(23954,'',0,0,35.9900,35.9900,1,NULL,'instock',0,0.00,9,'taxable',''),(23957,'',0,0,26.4900,26.4900,1,NULL,'instock',0,0.00,6,'taxable',''),(23960,'',0,0,0.0000,0.0000,0,NULL,'instock',0,0.00,0,'taxable',''),(23963,'',0,0,25.9900,25.9900,1,NULL,'instock',0,0.00,8,'taxable',''),(23966,'',0,0,27.4900,27.4900,1,NULL,'instock',0,0.00,1,'taxable',''),(23969,'',0,0,0.0000,0.0000,0,NULL,'instock',0,0.00,0,'taxable',''),(23972,'',0,0,25.9900,25.9900,1,NULL,'instock',0,0.00,9,'taxable',''),(23975,'',0,0,27.4900,27.4900,1,NULL,'instock',0,0.00,2,'taxable',''),(23978,'',0,0,35.9900,35.9900,1,NULL,'instock',0,0.00,8,'taxable',''),(23981,'',0,0,35.9900,35.9900,1,NULL,'instock',0,0.00,16,'taxable',''),(23984,'',0,0,26.9900,26.9900,1,NULL,'instock',0,0.00,5,'taxable',''),(23987,'',0,0,26.9900,26.9900,1,NULL,'instock',0,0.00,1,'taxable',''),(23990,'',0,0,26.4900,26.4900,1,NULL,'instock',0,0.00,6,'taxable',''),(23993,'',0,0,35.9900,35.9900,1,NULL,'instock',0,0.00,5,'taxable',''),(23996,'',0,0,26.9900,26.9900,1,NULL,'instock',0,0.00,4,'taxable',''),(23999,'',0,0,26.9900,26.9900,1,NULL,'instock',0,0.00,5,'taxable',''),(24002,'',0,0,35.9900,35.9900,1,NULL,'instock',0,0.00,6,'taxable',''),(24005,'',0,0,0.0000,0.0000,0,NULL,'instock',0,0.00,0,'taxable',''),(24009,'',0,0,0.0000,0.0000,0,NULL,'instock',0,0.00,0,'taxable',''),(24012,'',0,0,0.0000,0.0000,0,NULL,'instock',0,0.00,0,'taxable',''),(24015,'',0,0,0.0000,0.0000,0,NULL,'instock',0,0.00,0,'taxable',''),(24018,'',0,0,0.0000,0.0000,0,NULL,'instock',0,0.00,0,'taxable',''),(24021,'',0,0,0.0000,0.0000,0,NULL,'instock',0,0.00,0,'taxable',''),(24024,'',0,0,0.0000,0.0000,0,NULL,'instock',0,0.00,0,'taxable',''),(24027,'',0,0,0.0000,0.0000,0,NULL,'instock',0,0.00,0,'taxable',''),(24030,'',0,0,0.0000,0.0000,0,NULL,'instock',0,0.00,0,'taxable',''),(24033,'',0,0,16.9900,16.9900,1,NULL,'instock',0,0.00,6,'taxable',''),(24036,'',0,0,0.0000,0.0000,0,NULL,'instock',0,0.00,0,'taxable',''),(24039,'',0,0,0.0000,0.0000,0,NULL,'instock',0,0.00,0,'taxable',''),(24042,'',0,0,0.0000,0.0000,0,NULL,'instock',0,0.00,0,'taxable',''),(24045,'',0,0,0.0000,0.0000,0,NULL,'instock',0,0.00,0,'taxable',''),(24048,'',0,0,0.0000,0.0000,0,NULL,'instock',0,0.00,0,'taxable',''),(24051,'',0,0,0.0000,0.0000,0,NULL,'instock',0,0.00,0,'taxable',''),(24054,'',0,0,0.0000,0.0000,0,NULL,'instock',0,0.00,0,'taxable',''),(24057,'',0,0,0.0000,0.0000,0,NULL,'instock',0,0.00,0,'taxable',''),(24060,'',0,0,0.0000,0.0000,0,NULL,'instock',0,0.00,0,'taxable',''),(24063,'',0,0,0.0000,0.0000,0,NULL,'instock',0,0.00,0,'taxable',''),(24066,'',0,0,0.0000,0.0000,0,NULL,'instock',0,0.00,0,'taxable',''),(24069,'',0,0,0.0000,0.0000,0,NULL,'instock',0,0.00,0,'taxable',''),(24072,'',0,0,0.0000,0.0000,0,NULL,'instock',0,0.00,0,'taxable',''),(24075,'',0,0,0.0000,0.0000,0,NULL,'instock',0,0.00,0,'taxable',''),(24078,'',0,0,18.7500,18.7500,1,NULL,'instock',0,0.00,1,'taxable',''),(24081,'',0,0,0.0000,0.0000,0,NULL,'instock',0,0.00,0,'taxable',''),(24084,'',0,0,0.0000,0.0000,0,NULL,'instock',0,0.00,0,'taxable',''),(24087,'',0,0,26.9900,26.9900,1,NULL,'instock',0,0.00,7,'taxable',''),(24090,'',0,0,0.0000,0.0000,0,NULL,'instock',0,0.00,0,'taxable',''),(24093,'',0,0,26.9900,26.9900,1,NULL,'instock',0,0.00,2,'taxable',''),(24096,'',0,0,0.0000,0.0000,0,NULL,'instock',0,0.00,0,'taxable',''),(24099,'',0,0,18.7500,18.7500,1,NULL,'instock',0,0.00,2,'taxable',''),(24102,'',0,0,18.7500,18.7500,1,NULL,'instock',0,0.00,9,'taxable',''),(24105,'',0,0,0.0000,0.0000,0,NULL,'instock',0,0.00,0,'taxable',''),(24108,'',0,0,18.7500,18.7500,1,NULL,'instock',0,0.00,2,'taxable',''),(24111,'',0,0,18.7500,18.7500,1,NULL,'instock',0,0.00,2,'taxable',''),(24114,'',0,0,18.7500,18.7500,1,NULL,'instock',0,0.00,2,'taxable',''),(24117,'',0,0,26.9900,26.9900,1,NULL,'instock',0,0.00,0,'taxable',''),(24120,'',0,0,26.9900,26.9900,1,NULL,'instock',0,0.00,12,'taxable',''),(24123,'',0,0,26.9900,26.9900,1,NULL,'instock',0,0.00,12,'taxable',''),(24126,'',0,0,26.9900,26.9900,1,NULL,'instock',0,0.00,7,'taxable',''),(24129,'',0,0,26.9900,26.9900,1,NULL,'instock',0,0.00,1,'taxable',''),(24132,'',0,0,18.7500,18.7500,1,NULL,'instock',0,0.00,2,'taxable',''),(24138,'',0,0,26.9900,26.9900,1,NULL,'instock',0,0.00,7,'taxable',''),(24141,'',0,0,18.7500,18.7500,1,NULL,'instock',0,0.00,6,'taxable',''),(24188,'',0,0,0.0000,0.0000,0,NULL,'instock',0,0.00,0,'taxable',''),(24309,'',0,0,36.9900,36.9900,0,NULL,'instock',0,0.00,0,'taxable',''),(24314,'',0,0,36.9900,36.9900,0,NULL,'instock',0,0.00,0,'taxable',''),(24318,'',0,0,0.0000,0.0000,0,NULL,'instock',0,0.00,0,'taxable',''),(24321,'',0,0,29.2500,29.2500,1,NULL,'instock',0,0.00,1,'taxable',''),(24331,'',0,0,0.0000,0.0000,0,NULL,'instock',0,0.00,0,'taxable',''),(24334,'',0,0,0.0000,0.0000,0,NULL,'instock',0,0.00,0,'taxable',''),(24337,'',0,0,0.0000,0.0000,0,NULL,'instock',0,0.00,0,'taxable',''),(24340,'',0,0,0.0000,0.0000,0,NULL,'instock',0,0.00,0,'taxable',''),(24343,'',0,0,0.0000,0.0000,0,NULL,'instock',0,0.00,0,'taxable',''),(24346,'',0,0,0.0000,0.0000,0,NULL,'instock',0,0.00,0,'taxable',''),(24582,'',0,0,18.7500,18.7500,1,NULL,'instock',0,0.00,12,'taxable',''),(24585,'',0,0,26.9900,26.9900,1,NULL,'instock',0,0.00,23,'taxable',''),(24588,'',0,0,18.7500,18.7500,1,NULL,'instock',0,0.00,1,'taxable',''),(24591,'',0,0,26.9900,26.9900,1,NULL,'instock',0,0.00,13,'taxable',''),(24594,'',0,0,18.7500,18.7500,1,NULL,'instock',0,0.00,6,'taxable',''),(24597,'',0,0,18.7500,18.7500,1,NULL,'instock',0,0.00,1,'taxable',''),(24600,'',0,0,0.0000,0.0000,0,NULL,'instock',0,0.00,0,'taxable',''),(24604,'',0,0,18.7500,18.7500,1,NULL,'instock',0,0.00,2,'taxable',''),(24607,'',0,0,0.0000,0.0000,0,NULL,'instock',0,0.00,0,'taxable',''),(24610,'',0,0,19.4900,19.4900,0,NULL,'instock',0,0.00,1,'taxable',''),(24613,'',0,0,0.0000,0.0000,0,NULL,'instock',0,0.00,0,'taxable',''),(24616,'',0,0,18.7500,18.7500,1,NULL,'instock',0,0.00,7,'taxable',''),(24619,'',0,0,0.0000,0.0000,0,NULL,'instock',0,0.00,0,'taxable',''),(24622,'',0,0,18.7500,18.7500,1,NULL,'instock',0,0.00,3,'taxable',''),(24625,'',0,0,26.9900,26.9900,1,NULL,'instock',0,0.00,10,'taxable',''),(24628,'',0,0,26.9900,26.9900,1,NULL,'instock',0,0.00,19,'taxable',''),(24631,'',0,0,0.0000,0.0000,0,NULL,'instock',0,0.00,0,'taxable',''),(24634,'',0,0,18.7500,18.7500,1,NULL,'instock',0,0.00,6,'taxable',''),(24637,'',0,0,18.7500,18.7500,1,NULL,'instock',0,0.00,3,'taxable',''),(24734,'',0,0,0.0000,0.0000,0,NULL,'instock',0,0.00,0,'taxable',''),(24738,'',0,0,33.4900,33.4900,1,NULL,'instock',0,0.00,1,'taxable',''),(24741,'',0,0,33.4900,33.4900,1,NULL,'instock',0,0.00,1,'taxable',''),(24744,'',0,0,33.4900,33.4900,1,NULL,'instock',0,0.00,1,'taxable',''),(24747,'',0,0,33.4900,33.4900,1,NULL,'instock',0,0.00,1,'taxable',''),(24750,'',0,0,33.4900,33.4900,1,NULL,'instock',0,0.00,1,'taxable',''),(24753,'',0,0,33.4900,33.4900,1,NULL,'instock',0,0.00,1,'taxable',''),(24756,'',0,0,25.6900,25.6900,0,NULL,'instock',0,0.00,0,'taxable',''),(24759,'',0,0,33.4900,33.4900,1,NULL,'instock',0,0.00,1,'taxable',''),(24762,'',0,0,33.4900,33.4900,1,NULL,'instock',0,0.00,1,'taxable',''),(24765,'',0,0,33.4900,33.4900,1,NULL,'instock',0,0.00,2,'taxable',''),(24768,'',0,0,33.4900,33.4900,1,NULL,'instock',0,0.00,2,'taxable',''),(24771,'',0,0,33.4900,33.4900,1,NULL,'instock',0,0.00,1,'taxable',''),(24774,'',0,0,33.4900,33.4900,1,NULL,'instock',0,0.00,1,'taxable',''),(24777,'',0,0,25.6900,25.6900,0,NULL,'instock',0,0.00,0,'taxable',''),(24796,'',0,0,18.9900,18.9900,0,NULL,'instock',0,0.00,0,'taxable',''),(24814,'',0,0,18.9900,18.9900,0,NULL,'instock',0,0.00,0,'taxable',''),(24817,'',0,0,18.9900,18.9900,0,NULL,'instock',0,0.00,0,'taxable',''),(24820,'',0,0,18.9900,18.9900,0,NULL,'instock',0,0.00,0,'taxable',''),(24823,'',0,0,18.9900,18.9900,0,NULL,'instock',0,0.00,0,'taxable',''),(24826,'',0,0,18.9900,18.9900,0,NULL,'instock',0,0.00,1,'taxable',''),(24829,'',0,0,18.9900,18.9900,0,NULL,'instock',0,0.00,2,'taxable',''),(24832,'',0,0,18.9900,18.9900,0,NULL,'instock',0,0.00,0,'taxable',''),(24835,'',0,0,18.9900,18.9900,0,NULL,'instock',0,0.00,0,'taxable',''),(24838,'',0,0,18.9900,18.9900,0,NULL,'instock',0,0.00,0,'taxable',''),(24841,'',0,0,18.9900,18.9900,0,NULL,'instock',0,0.00,0,'taxable',''),(24844,'',0,0,18.9900,18.9900,0,NULL,'instock',0,0.00,0,'taxable',''),(24847,'',0,0,18.9900,18.9900,0,NULL,'instock',0,0.00,0,'taxable',''),(24850,'',0,0,18.9900,18.9900,0,NULL,'instock',0,0.00,0,'taxable',''),(24853,'',0,0,18.9900,18.9900,0,NULL,'instock',0,0.00,0,'taxable',''),(24856,'',0,0,18.9900,18.9900,0,NULL,'instock',0,0.00,0,'taxable',''),(24859,'',0,0,18.9900,18.9900,0,NULL,'instock',0,0.00,1,'taxable',''),(24862,'',0,0,18.9900,18.9900,0,NULL,'instock',0,0.00,0,'taxable',''),(24865,'',0,0,18.9900,18.9900,0,NULL,'instock',0,0.00,0,'taxable',''),(24868,'',0,0,18.9900,18.9900,0,NULL,'instock',0,0.00,0,'taxable',''),(24871,'',0,0,18.9900,18.9900,0,NULL,'instock',0,0.00,0,'taxable',''),(24874,'',0,0,18.9900,18.9900,0,NULL,'instock',0,0.00,0,'taxable',''),(24877,'',0,0,18.9900,18.9900,0,NULL,'instock',0,0.00,0,'taxable',''),(24880,'',0,0,18.9900,18.9900,0,NULL,'instock',0,0.00,0,'taxable',''),(24883,'',0,0,18.9900,18.9900,0,NULL,'instock',0,0.00,0,'taxable',''),(24886,'',0,0,18.9900,18.9900,0,NULL,'instock',0,0.00,0,'taxable',''),(24889,'',0,0,18.9900,18.9900,0,NULL,'instock',0,0.00,0,'taxable',''),(24892,'',0,0,0.0000,0.0000,0,NULL,'instock',0,0.00,0,'taxable',''),(24894,'',0,0,18.9900,18.9900,0,NULL,'instock',0,0.00,0,'taxable',''),(24897,'',0,0,18.9900,18.9900,0,NULL,'instock',0,0.00,0,'taxable',''),(24900,'',0,0,18.9900,18.9900,0,NULL,'instock',0,0.00,1,'taxable',''),(24903,'',0,0,18.9900,18.9900,0,NULL,'instock',0,0.00,0,'taxable',''),(24942,'',0,0,0.0000,0.0000,0,NULL,'instock',0,0.00,0,'taxable',''),(24951,'',0,0,12.9900,12.9900,0,NULL,'instock',0,0.00,0,'taxable',''),(24954,'',0,0,14.7500,14.7500,0,NULL,'instock',0,0.00,2,'taxable',''),(24958,'',0,0,0.0000,0.0000,0,NULL,'instock',0,0.00,0,'taxable',''),(24963,'',0,0,0.0000,0.0000,0,NULL,'instock',0,0.00,0,'taxable',''),(24966,'',0,0,0.0000,0.0000,0,NULL,'instock',0,0.00,0,'taxable',''),(24967,'',0,0,0.0000,0.0000,0,NULL,'instock',0,0.00,0,'taxable',''),(24970,'',0,0,0.0000,0.0000,0,NULL,'instock',0,0.00,0,'taxable',''),(24975,'',0,0,0.0000,0.0000,0,NULL,'instock',0,0.00,0,'taxable',''),(24978,'',0,0,0.0000,0.0000,0,NULL,'instock',0,0.00,0,'taxable',''),(24981,'',0,0,18.4900,18.4900,0,NULL,'instock',0,0.00,2,'taxable',''),(24984,'',0,0,0.0000,0.0000,0,NULL,'instock',0,0.00,0,'taxable',''),(24987,'',0,0,0.0000,0.0000,0,NULL,'instock',0,0.00,0,'taxable',''),(24990,'',0,0,0.0000,0.0000,0,NULL,'instock',0,0.00,0,'taxable',''),(24993,'',0,0,0.0000,0.0000,0,NULL,'instock',0,0.00,0,'taxable',''),(24997,'',0,0,0.0000,0.0000,0,NULL,'instock',0,0.00,0,'taxable',''),(25000,'',0,0,0.0000,0.0000,0,NULL,'instock',0,0.00,0,'taxable',''),(25003,'',0,0,0.0000,0.0000,0,NULL,'instock',0,0.00,0,'taxable',''),(25006,'',0,0,0.0000,0.0000,0,NULL,'instock',0,0.00,0,'taxable',''),(25009,'',0,0,0.0000,0.0000,0,NULL,'instock',0,0.00,0,'taxable',''),(25012,'',0,0,0.0000,0.0000,0,NULL,'instock',0,0.00,0,'taxable',''),(25015,'',0,0,0.0000,0.0000,0,NULL,'instock',0,0.00,0,'taxable',''),(25018,'',0,0,0.0000,0.0000,0,NULL,'instock',0,0.00,0,'taxable',''),(25028,'',0,0,0.0000,0.0000,0,NULL,'instock',0,0.00,0,'taxable',''),(25031,'',0,0,0.0000,0.0000,0,NULL,'instock',0,0.00,0,'taxable',''),(25034,'',0,0,0.0000,0.0000,0,NULL,'instock',0,0.00,0,'taxable',''),(25037,'',0,0,0.0000,0.0000,0,NULL,'instock',0,0.00,0,'taxable',''),(25040,'',0,0,0.0000,0.0000,0,NULL,'instock',0,0.00,0,'taxable',''),(25044,'',0,0,0.0000,0.0000,0,NULL,'instock',0,0.00,0,'taxable',''),(25047,'',0,0,0.0000,0.0000,0,NULL,'instock',0,0.00,0,'taxable',''),(25051,'',0,0,0.0000,0.0000,0,NULL,'instock',0,0.00,0,'taxable',''),(25054,'',0,0,0.0000,0.0000,0,NULL,'instock',0,0.00,0,'taxable',''),(25057,'',0,0,0.0000,0.0000,0,NULL,'instock',0,0.00,0,'taxable',''),(25061,'',0,0,0.0000,0.0000,0,NULL,'instock',0,0.00,0,'taxable',''),(25064,'',0,0,0.0000,0.0000,0,NULL,'instock',0,0.00,0,'taxable',''),(25068,'',0,0,0.0000,0.0000,0,NULL,'instock',0,0.00,0,'taxable',''),(25071,'',0,0,0.0000,0.0000,0,NULL,'instock',0,0.00,0,'taxable',''),(25074,'',0,0,0.0000,0.0000,0,NULL,'instock',0,0.00,0,'taxable',''),(25077,'',0,0,0.0000,0.0000,0,NULL,'instock',0,0.00,0,'taxable',''),(25080,'',0,0,0.0000,0.0000,0,NULL,'instock',0,0.00,0,'taxable',''),(25083,'',0,0,0.0000,0.0000,0,NULL,'instock',0,0.00,0,'taxable',''),(25086,'',0,0,11.9900,11.9900,0,NULL,'instock',0,0.00,1,'taxable',''),(25089,'',0,0,0.0000,0.0000,0,NULL,'instock',0,0.00,0,'taxable',''),(25092,'',0,0,0.0000,0.0000,0,NULL,'instock',0,0.00,0,'taxable',''),(25095,'',0,0,0.0000,0.0000,0,NULL,'instock',0,0.00,0,'taxable',''),(25098,'',0,0,0.0000,0.0000,0,NULL,'instock',0,0.00,0,'taxable',''),(25101,'',0,0,0.0000,0.0000,0,NULL,'instock',0,0.00,0,'taxable',''),(25104,'',0,0,0.0000,0.0000,0,NULL,'instock',0,0.00,0,'taxable',''),(25107,'',0,0,0.0000,0.0000,0,NULL,'instock',0,0.00,0,'taxable',''),(25110,'',0,0,0.0000,0.0000,0,NULL,'instock',0,0.00,0,'taxable',''),(25113,'',0,0,0.0000,0.0000,0,NULL,'instock',0,0.00,0,'taxable',''),(25116,'',0,0,0.0000,0.0000,0,NULL,'instock',0,0.00,0,'taxable',''),(25119,'',0,0,0.0000,0.0000,0,NULL,'instock',0,0.00,0,'taxable',''),(25122,'',0,0,0.0000,0.0000,0,NULL,'instock',0,0.00,0,'taxable',''),(25125,'',0,0,0.0000,0.0000,0,NULL,'instock',0,0.00,0,'taxable',''),(25128,'',0,0,0.0000,0.0000,0,NULL,'instock',0,0.00,0,'taxable',''),(25131,'',0,0,0.0000,0.0000,0,NULL,'instock',0,0.00,0,'taxable',''),(25134,'',0,0,0.0000,0.0000,0,NULL,'instock',0,0.00,0,'taxable',''),(25137,'',0,0,0.0000,0.0000,0,NULL,'instock',0,0.00,0,'taxable',''),(25140,'',0,0,0.0000,0.0000,0,NULL,'instock',0,0.00,0,'taxable',''),(25143,'',0,0,12.4900,12.4900,0,NULL,'instock',0,0.00,0,'taxable',''),(25146,'',0,0,0.0000,0.0000,0,NULL,'instock',0,0.00,0,'taxable',''),(25147,'',0,0,12.4900,12.4900,0,NULL,'instock',0,0.00,0,'taxable','parent'),(25148,'',0,0,12.4900,12.4900,0,NULL,'instock',0,0.00,0,'taxable','parent'),(25163,'',0,0,6.4900,6.4900,0,NULL,'instock',69,4.14,0,'taxable',''),(25167,'',0,0,7.4900,7.4900,0,NULL,'instock',0,0.00,0,'taxable',''),(25170,'',0,0,0.0000,0.0000,0,NULL,'instock',0,0.00,0,'taxable',''),(25173,'',0,0,0.0000,0.0000,0,NULL,'instock',0,0.00,0,'taxable',''),(25177,'',0,0,0.0000,0.0000,0,NULL,'instock',0,0.00,0,'taxable',''),(25180,'',0,0,0.0000,0.0000,0,NULL,'instock',0,0.00,0,'taxable',''),(25183,'',0,0,0.0000,0.0000,0,NULL,'instock',0,0.00,0,'taxable',''),(25187,'',0,0,6.9900,6.9900,0,NULL,'instock',0,0.00,1,'taxable',''),(25190,'',0,0,0.0000,0.0000,0,NULL,'instock',0,0.00,0,'taxable',''),(25213,'',0,0,18.7500,18.7500,1,NULL,'instock',1,5.00,0,'taxable',''),(25214,'',0,0,3829.0000,3829.0000,0,NULL,'instock',0,0.00,0,'taxable','parent'),(25215,'',0,0,49890.0000,49890.0000,0,NULL,'instock',0,0.00,0,'taxable','parent'),(25222,'',0,0,0.0000,0.0000,0,NULL,'instock',0,0.00,0,'taxable',''),(25223,'',0,0,18.7500,18.7500,1,NULL,'instock',0,0.00,12,'taxable',''),(25233,'',0,0,0.0000,0.0000,0,NULL,'instock',0,0.00,0,'taxable',''),(25242,'',0,0,12.9900,12.9900,0,NULL,'instock',0,0.00,0,'taxable','parent'),(25243,'',0,0,12.9900,12.9900,0,NULL,'instock',0,0.00,0,'taxable','parent'),(25246,'',0,0,12.9900,12.9900,0,NULL,'instock',0,0.00,0,'taxable',''),(25248,'',0,0,12.9900,12.9900,0,NULL,'instock',0,0.00,0,'taxable','parent'),(25249,'',0,0,12.9900,12.9900,0,NULL,'instock',0,0.00,0,'taxable','parent'),(25251,'',0,0,12.9900,12.9900,0,NULL,'instock',0,0.00,0,'taxable',''),(25253,'',0,0,12.9900,12.9900,0,NULL,'instock',0,0.00,0,'taxable','parent'),(25254,'',0,0,12.9900,12.9900,0,NULL,'instock',0,0.00,0,'taxable','parent'),(25256,'',0,0,0.0000,0.0000,0,NULL,'instock',0,0.00,0,'taxable',''),(25258,'',0,0,12.9900,12.9900,0,NULL,'instock',0,0.00,0,'taxable',''),(25259,'',0,0,12.9900,12.9900,0,NULL,'instock',0,0.00,0,'taxable','parent'),(25260,'',0,0,12.9900,12.9900,0,NULL,'instock',0,0.00,0,'taxable','parent'),(25262,'',0,0,12.9900,12.9900,0,NULL,'instock',0,0.00,0,'taxable',''),(25264,'',0,0,12.9900,12.9900,0,NULL,'instock',0,0.00,0,'taxable','parent'),(25265,'',0,0,12.9900,12.9900,0,NULL,'instock',0,0.00,0,'taxable','parent'),(25267,'',0,0,12.9900,12.9900,0,NULL,'instock',0,0.00,0,'taxable',''),(25269,'',0,0,12.9900,12.9900,0,NULL,'instock',0,0.00,0,'taxable','parent'),(25270,'',0,0,12.9900,12.9900,0,NULL,'instock',0,0.00,0,'taxable','parent'),(25272,'',0,0,12.9900,12.9900,0,NULL,'instock',0,0.00,0,'taxable',''),(25274,'',0,0,12.9900,12.9900,0,NULL,'instock',0,0.00,0,'taxable','parent'),(25275,'',0,0,12.9900,12.9900,0,NULL,'instock',0,0.00,0,'taxable','parent'),(25277,'',0,0,12.9900,12.9900,0,NULL,'instock',0,0.00,0,'taxable',''),(25279,'',0,0,12.9900,12.9900,0,NULL,'instock',0,0.00,0,'taxable','parent'),(25280,'',0,0,12.9900,12.9900,0,NULL,'instock',0,0.00,0,'taxable','parent'),(25282,'',0,0,12.9900,12.9900,0,NULL,'instock',0,0.00,0,'taxable',''),(25284,'',0,0,12.9900,12.9900,0,NULL,'instock',0,0.00,0,'taxable','parent'),(25285,'',0,0,12.9900,12.9900,0,NULL,'instock',0,0.00,0,'taxable','parent'),(25287,'',0,0,12.9900,12.9900,0,NULL,'instock',0,0.00,0,'taxable',''),(25289,'',0,0,12.9900,12.9900,0,NULL,'instock',0,0.00,0,'taxable','parent'),(25290,'',0,0,12.9900,12.9900,0,NULL,'instock',0,0.00,0,'taxable','parent'),(25292,'',0,0,12.9900,12.9900,0,NULL,'instock',0,0.00,0,'taxable',''),(25294,'',0,0,12.9900,12.9900,0,NULL,'instock',0,0.00,0,'taxable','parent'),(25295,'',0,0,12.9900,12.9900,0,NULL,'instock',0,0.00,0,'taxable','parent'),(25297,'',0,0,12.9900,12.9900,0,NULL,'instock',0,0.00,0,'taxable',''),(25299,'',0,0,12.9900,12.9900,0,NULL,'instock',0,0.00,0,'taxable','parent'),(25300,'',0,0,12.9900,12.9900,0,NULL,'instock',0,0.00,0,'taxable','parent'),(25302,'',0,0,12.9900,12.9900,0,NULL,'instock',0,0.00,0,'taxable',''),(25304,'',0,0,12.9900,12.9900,0,NULL,'instock',0,0.00,0,'taxable','parent'),(25305,'',0,0,12.9900,12.9900,0,NULL,'instock',0,0.00,0,'taxable','parent'),(25307,'',0,0,12.9900,12.9900,0,NULL,'instock',0,0.00,0,'taxable',''),(25309,'',0,0,12.9900,12.9900,0,NULL,'instock',0,0.00,0,'taxable','parent'),(25310,'',0,0,12.9900,12.9900,0,NULL,'instock',0,0.00,0,'taxable','parent'),(25312,'',0,0,12.9900,12.9900,0,NULL,'instock',0,0.00,0,'taxable',''),(25314,'',0,0,12.9900,12.9900,0,NULL,'instock',0,0.00,0,'taxable','parent'),(25315,'',0,0,12.9900,12.9900,0,NULL,'instock',0,0.00,0,'taxable','parent'),(25317,'',0,0,12.9900,12.9900,0,NULL,'instock',0,0.00,0,'taxable',''),(25319,'',0,0,12.9900,12.9900,0,NULL,'instock',0,0.00,0,'taxable','parent'),(25320,'',0,0,12.9900,12.9900,0,NULL,'instock',0,0.00,0,'taxable','parent'),(25322,'',0,0,12.9900,12.9900,0,NULL,'instock',0,0.00,0,'taxable',''),(25324,'',0,0,12.9900,12.9900,0,NULL,'instock',0,0.00,0,'taxable','parent'),(25325,'',0,0,12.9900,12.9900,0,NULL,'instock',0,0.00,0,'taxable','parent'),(25327,'',0,0,12.9900,12.9900,0,NULL,'instock',0,0.00,0,'taxable',''),(25329,'',0,0,12.9900,12.9900,0,NULL,'instock',0,0.00,0,'taxable','parent'),(25330,'',0,0,12.9900,12.9900,0,NULL,'instock',0,0.00,0,'taxable','parent'),(25332,'',0,0,12.9900,12.9900,0,NULL,'instock',0,0.00,0,'taxable',''),(25334,'',0,0,12.9900,12.9900,0,NULL,'instock',0,0.00,0,'taxable','parent'),(25335,'',0,0,12.9900,12.9900,0,NULL,'instock',0,0.00,0,'taxable','parent'),(25337,'',0,0,12.9900,12.9900,0,NULL,'instock',0,0.00,0,'taxable',''),(25339,'',0,0,12.9900,12.9900,0,NULL,'instock',0,0.00,0,'taxable','parent'),(25340,'',0,0,12.9900,12.9900,0,NULL,'instock',0,0.00,0,'taxable','parent'),(25342,'',0,0,12.9900,12.9900,0,NULL,'instock',0,0.00,0,'taxable',''),(25344,'',0,0,12.9900,12.9900,0,NULL,'instock',0,0.00,0,'taxable','parent'),(25345,'',0,0,12.9900,12.9900,0,NULL,'instock',0,0.00,0,'taxable','parent'),(25347,'',0,0,12.9900,12.9900,0,NULL,'instock',0,0.00,0,'taxable',''),(25349,'',0,0,12.9900,12.9900,0,NULL,'instock',0,0.00,0,'taxable','parent'),(25350,'',0,0,12.9900,12.9900,0,NULL,'instock',0,0.00,0,'taxable','parent'),(25352,'',0,0,12.9900,12.9900,0,NULL,'instock',0,0.00,0,'taxable',''),(25354,'',0,0,12.9900,12.9900,0,NULL,'instock',0,0.00,0,'taxable','parent'),(25355,'',0,0,12.9900,12.9900,0,NULL,'instock',0,0.00,0,'taxable','parent'),(25357,'',0,0,12.9900,12.9900,0,NULL,'instock',0,0.00,0,'taxable',''),(25359,'',0,0,12.9900,12.9900,0,NULL,'instock',0,0.00,0,'taxable','parent'),(25360,'',0,0,12.9900,12.9900,0,NULL,'instock',0,0.00,0,'taxable','parent'),(25367,'',0,0,11.9900,11.9900,0,NULL,'instock',0,0.00,0,'taxable',''),(25369,'',0,0,11.9900,11.9900,0,NULL,'instock',0,0.00,0,'taxable','parent'),(25370,'',0,0,11.9900,11.9900,0,NULL,'instock',0,0.00,0,'taxable','parent'),(25372,'',0,0,11.9900,11.9900,0,NULL,'instock',0,0.00,0,'taxable',''),(25374,'',0,0,11.9900,11.9900,0,NULL,'instock',0,0.00,0,'taxable','parent'),(25375,'',0,0,11.9900,11.9900,0,NULL,'instock',0,0.00,0,'taxable','parent'),(25377,'',0,0,11.9900,11.9900,0,NULL,'instock',0,0.00,0,'taxable',''),(25379,'',0,0,11.9900,11.9900,0,NULL,'instock',0,0.00,0,'taxable','parent'),(25380,'',0,0,11.9900,11.9900,0,NULL,'instock',0,0.00,0,'taxable','parent'),(25382,'',0,0,11.9900,11.9900,0,NULL,'instock',0,0.00,0,'taxable',''),(25384,'',0,0,11.9900,11.9900,0,NULL,'instock',0,0.00,0,'taxable','parent'),(25385,'',0,0,11.9900,11.9900,0,NULL,'instock',0,0.00,0,'taxable','parent'),(25417,'',0,0,11.9900,11.9900,0,NULL,'instock',0,0.00,0,'taxable',''),(25419,'',0,0,11.9900,11.9900,0,NULL,'instock',0,0.00,0,'taxable','parent'),(25420,'',0,0,11.9900,11.9900,0,NULL,'instock',0,0.00,0,'taxable','parent'),(25422,'',0,0,11.9900,11.9900,0,NULL,'instock',0,0.00,0,'taxable',''),(25424,'',0,0,11.9900,11.9900,0,NULL,'instock',0,0.00,0,'taxable','parent'),(25425,'',0,0,11.9900,11.9900,0,NULL,'instock',0,0.00,0,'taxable','parent'),(25427,'',0,0,11.9900,11.9900,0,NULL,'instock',0,0.00,0,'taxable',''),(25429,'',0,0,11.9900,11.9900,0,NULL,'instock',0,0.00,0,'taxable','parent'),(25430,'',0,0,11.9900,11.9900,0,NULL,'instock',0,0.00,0,'taxable','parent'),(25432,'',0,0,11.9900,11.9900,0,NULL,'instock',0,0.00,0,'taxable',''),(25434,'',0,0,11.9900,11.9900,0,NULL,'instock',0,0.00,0,'taxable','parent'),(25435,'',0,0,11.9900,11.9900,0,NULL,'instock',0,0.00,0,'taxable','parent'),(25437,'',0,0,11.9900,11.9900,0,NULL,'instock',0,0.00,0,'taxable',''),(25439,'',0,0,11.9900,11.9900,0,NULL,'instock',0,0.00,0,'taxable','parent'),(25440,'',0,0,11.9900,11.9900,0,NULL,'instock',0,0.00,0,'taxable','parent'),(25442,'',0,0,11.9900,11.9900,0,NULL,'instock',0,0.00,0,'taxable',''),(25444,'',0,0,11.9900,11.9900,0,NULL,'instock',0,0.00,0,'taxable','parent'),(25445,'',0,0,11.9900,11.9900,0,NULL,'instock',0,0.00,0,'taxable','parent'),(25447,'',0,0,11.9900,11.9900,0,NULL,'instock',0,0.00,0,'taxable',''),(25449,'',0,0,11.9900,11.9900,0,NULL,'instock',0,0.00,0,'taxable','parent'),(25450,'',0,0,11.9900,11.9900,0,NULL,'instock',0,0.00,0,'taxable','parent'),(25452,'',0,0,11.9900,11.9900,0,NULL,'instock',0,0.00,0,'taxable',''),(25454,'',0,0,11.9900,11.9900,0,NULL,'instock',0,0.00,0,'taxable','parent'),(25455,'',0,0,11.9900,11.9900,0,NULL,'instock',0,0.00,0,'taxable','parent'),(25457,'',0,0,11.9900,11.9900,0,NULL,'instock',0,0.00,0,'taxable',''),(25459,'',0,0,11.9900,11.9900,0,NULL,'instock',0,0.00,0,'taxable','parent'),(25460,'',0,0,11.9900,11.9900,0,NULL,'instock',0,0.00,0,'taxable','parent'),(25462,'',0,0,11.9900,11.9900,0,NULL,'instock',0,0.00,0,'taxable',''),(25464,'',0,0,11.9900,11.9900,0,NULL,'instock',0,0.00,0,'taxable','parent'),(25465,'',0,0,11.9900,11.9900,0,NULL,'instock',0,0.00,0,'taxable','parent'),(25467,'',0,0,11.9900,11.9900,0,NULL,'instock',0,0.00,0,'taxable',''),(25469,'',0,0,11.9900,11.9900,0,NULL,'instock',0,0.00,0,'taxable','parent'),(25470,'',0,0,11.9900,11.9900,0,NULL,'instock',0,0.00,0,'taxable','parent'),(25472,'',0,0,11.9900,11.9900,0,NULL,'instock',0,0.00,0,'taxable',''),(25474,'',0,0,11.9900,11.9900,0,NULL,'instock',0,0.00,0,'taxable','parent'),(25475,'',0,0,11.9900,11.9900,0,NULL,'instock',0,0.00,0,'taxable','parent'),(25477,'',0,0,11.9900,11.9900,0,NULL,'instock',0,0.00,0,'taxable',''),(25479,'',0,0,11.9900,11.9900,0,NULL,'instock',0,0.00,0,'taxable','parent'),(25480,'',0,0,11.9900,11.9900,0,NULL,'instock',0,0.00,0,'taxable','parent'),(25482,'',0,0,11.9900,11.9900,0,NULL,'instock',0,0.00,0,'taxable',''),(25484,'',0,0,11.9900,11.9900,0,NULL,'instock',0,0.00,0,'taxable','parent'),(25485,'',0,0,11.9900,11.9900,0,NULL,'instock',0,0.00,0,'taxable','parent'),(25487,'',0,0,11.9900,11.9900,0,NULL,'instock',0,0.00,0,'taxable',''),(25489,'',0,0,11.9900,11.9900,0,NULL,'instock',0,0.00,0,'taxable','parent'),(25490,'',0,0,11.9900,11.9900,0,NULL,'instock',0,0.00,0,'taxable','parent'),(25492,'',0,0,11.9900,11.9900,0,NULL,'instock',0,0.00,0,'taxable',''),(25494,'',0,0,11.9900,11.9900,0,NULL,'instock',0,0.00,0,'taxable','parent'),(25495,'',0,0,11.9900,11.9900,0,NULL,'instock',0,0.00,0,'taxable','parent'),(25497,'',0,0,11.9900,11.9900,0,NULL,'instock',0,0.00,0,'taxable',''),(25499,'',0,0,11.9900,11.9900,0,NULL,'instock',0,0.00,0,'taxable','parent'),(25500,'',0,0,11.9900,11.9900,0,NULL,'instock',0,0.00,0,'taxable','parent'),(25502,'',0,0,11.9900,11.9900,0,NULL,'instock',0,0.00,0,'taxable',''),(25504,'',0,0,11.9900,11.9900,0,NULL,'instock',0,0.00,0,'taxable','parent'),(25505,'',0,0,11.9900,11.9900,0,NULL,'instock',0,0.00,0,'taxable','parent'),(25507,'',0,0,11.9900,11.9900,0,NULL,'instock',0,0.00,0,'taxable',''),(25509,'',0,0,11.9900,11.9900,0,NULL,'instock',0,0.00,0,'taxable','parent'),(25510,'',0,0,11.9900,11.9900,0,NULL,'instock',0,0.00,0,'taxable','parent'),(25512,'',0,0,11.9900,11.9900,0,NULL,'instock',0,0.00,0,'taxable',''),(25514,'',0,0,11.9900,11.9900,0,NULL,'instock',0,0.00,0,'taxable','parent'),(25515,'',0,0,11.9900,11.9900,0,NULL,'instock',0,0.00,0,'taxable','parent'),(25517,'',0,0,11.9900,11.9900,0,NULL,'instock',0,0.00,0,'taxable',''),(25519,'',0,0,11.9900,11.9900,0,NULL,'instock',0,0.00,0,'taxable','parent'),(25520,'',0,0,11.9900,11.9900,0,NULL,'instock',0,0.00,0,'taxable','parent'),(25522,'',0,0,11.9900,11.9900,0,NULL,'instock',0,0.00,0,'taxable',''),(25524,'',0,0,11.9900,11.9900,0,NULL,'instock',0,0.00,0,'taxable','parent'),(25525,'',0,0,11.9900,11.9900,0,NULL,'instock',0,0.00,0,'taxable','parent'),(25527,'',0,0,11.9900,11.9900,0,NULL,'instock',0,0.00,0,'taxable',''),(25529,'',0,0,11.9900,11.9900,0,NULL,'instock',0,0.00,0,'taxable','parent'),(25530,'',0,0,11.9900,11.9900,0,NULL,'instock',0,0.00,0,'taxable','parent'),(25532,'',0,0,11.9900,11.9900,0,NULL,'instock',0,0.00,0,'taxable',''),(25534,'',0,0,11.9900,11.9900,0,NULL,'instock',0,0.00,0,'taxable','parent'),(25535,'',0,0,11.9900,11.9900,0,NULL,'instock',0,0.00,0,'taxable','parent'),(25537,'',0,0,11.9900,11.9900,0,NULL,'instock',0,0.00,0,'taxable',''),(25539,'',0,0,11.9900,11.9900,0,NULL,'instock',0,0.00,0,'taxable','parent'),(25540,'',0,0,11.9900,11.9900,0,NULL,'instock',0,0.00,0,'taxable','parent'),(25542,'',0,0,11.9900,11.9900,0,NULL,'instock',0,0.00,0,'taxable',''),(25544,'',0,0,11.9900,11.9900,0,NULL,'instock',0,0.00,0,'taxable','parent'),(25545,'',0,0,11.9900,11.9900,0,NULL,'instock',0,0.00,0,'taxable','parent'),(25547,'',0,0,11.9900,11.9900,0,NULL,'instock',0,0.00,0,'taxable',''),(25549,'',0,0,11.9900,11.9900,0,NULL,'instock',0,0.00,0,'taxable','parent'),(25550,'',0,0,11.9900,11.9900,0,NULL,'instock',0,0.00,0,'taxable','parent'),(25552,'',0,0,11.9900,11.9900,0,NULL,'instock',0,0.00,0,'taxable',''),(25554,'',0,0,11.9900,11.9900,0,NULL,'instock',0,0.00,0,'taxable','parent'),(25555,'',0,0,11.9900,11.9900,0,NULL,'instock',0,0.00,0,'taxable','parent'),(25557,'',0,0,11.9900,11.9900,0,NULL,'instock',0,0.00,0,'taxable',''),(25559,'',0,0,11.9900,11.9900,0,NULL,'instock',0,0.00,0,'taxable','parent'),(25560,'',0,0,11.9900,11.9900,0,NULL,'instock',0,0.00,0,'taxable','parent'),(25562,'',0,0,11.9900,11.9900,0,NULL,'instock',0,0.00,0,'taxable',''),(25564,'',0,0,11.9900,11.9900,0,NULL,'instock',0,0.00,0,'taxable','parent'),(25565,'',0,0,11.9900,11.9900,0,NULL,'instock',0,0.00,0,'taxable','parent'),(25567,'',0,0,11.9900,11.9900,0,NULL,'instock',0,0.00,0,'taxable',''),(25569,'',0,0,11.9900,11.9900,0,NULL,'instock',0,0.00,0,'taxable','parent'),(25570,'',0,0,11.9900,11.9900,0,NULL,'instock',0,0.00,0,'taxable','parent'),(25572,'',0,0,11.9900,11.9900,0,NULL,'instock',0,0.00,0,'taxable',''),(25574,'',0,0,11.9900,11.9900,0,NULL,'instock',0,0.00,0,'taxable','parent'),(25575,'',0,0,11.9900,11.9900,0,NULL,'instock',0,0.00,0,'taxable','parent'),(25577,'',0,0,11.9900,11.9900,0,NULL,'instock',0,0.00,0,'taxable',''),(25579,'',0,0,11.9900,11.9900,0,NULL,'instock',0,0.00,0,'taxable','parent'),(25580,'',0,0,11.9900,11.9900,0,NULL,'instock',0,0.00,0,'taxable','parent'),(25582,'',0,0,11.9900,11.9900,0,NULL,'instock',0,0.00,0,'taxable',''),(25584,'',0,0,11.9900,11.9900,0,NULL,'instock',0,0.00,0,'taxable','parent'),(25585,'',0,0,11.9900,11.9900,0,NULL,'instock',0,0.00,0,'taxable','parent'),(25587,'',0,0,11.9900,11.9900,0,NULL,'instock',0,0.00,0,'taxable',''),(25589,'',0,0,11.9900,11.9900,0,NULL,'instock',0,0.00,0,'taxable','parent'),(25590,'',0,0,11.9900,11.9900,0,NULL,'instock',0,0.00,0,'taxable','parent'),(25592,'',0,0,11.9900,11.9900,0,NULL,'instock',0,0.00,0,'taxable',''),(25594,'',0,0,11.9900,11.9900,0,NULL,'instock',0,0.00,0,'taxable','parent'),(25595,'',0,0,11.9900,11.9900,0,NULL,'instock',0,0.00,0,'taxable','parent'),(25597,'',0,0,11.9900,11.9900,0,NULL,'instock',0,0.00,0,'taxable',''),(25599,'',0,0,11.9900,11.9900,0,NULL,'instock',0,0.00,0,'taxable','parent'),(25600,'',0,0,11.9900,11.9900,0,NULL,'instock',0,0.00,0,'taxable','parent'),(25643,'',0,0,11.5900,11.5900,0,NULL,'instock',0,0.00,3,'taxable',''),(25645,'',0,0,11.5900,11.5900,0,NULL,'instock',0,0.00,0,'taxable','parent'),(25646,'',0,0,11.5900,11.5900,0,NULL,'instock',0,0.00,0,'taxable','parent'),(25648,'',0,0,11.5900,11.5900,0,NULL,'instock',0,0.00,3,'taxable',''),(25650,'',0,0,11.5900,11.5900,0,NULL,'instock',0,0.00,0,'taxable','parent'),(25651,'',0,0,11.5900,11.5900,0,NULL,'instock',0,0.00,0,'taxable','parent'),(25653,'',0,0,11.5900,11.5900,0,NULL,'instock',0,0.00,2,'taxable',''),(25655,'',0,0,11.5900,11.5900,0,NULL,'instock',0,0.00,0,'taxable','parent'),(25656,'',0,0,11.5900,11.5900,0,NULL,'instock',0,0.00,0,'taxable','parent'),(25658,'',0,0,11.5900,11.5900,0,NULL,'instock',0,0.00,0,'taxable',''),(25660,'',0,0,11.5900,11.5900,0,NULL,'instock',0,0.00,0,'taxable','parent'),(25661,'',0,0,11.5900,11.5900,0,NULL,'instock',0,0.00,0,'taxable','parent'),(25663,'',0,0,11.5900,11.5900,0,NULL,'instock',0,0.00,2,'taxable',''),(25665,'',0,0,11.5900,11.5900,0,NULL,'instock',0,0.00,0,'taxable','parent'),(25666,'',0,0,11.5900,11.5900,0,NULL,'instock',0,0.00,0,'taxable','parent'),(25668,'',0,0,11.5900,11.5900,0,NULL,'instock',0,0.00,2,'taxable',''),(25670,'',0,0,11.5900,11.5900,0,NULL,'instock',0,0.00,0,'taxable','parent'),(25671,'',0,0,11.5900,11.5900,0,NULL,'instock',0,0.00,0,'taxable','parent'),(25673,'',0,0,11.5900,11.5900,0,NULL,'instock',0,0.00,3,'taxable',''),(25675,'',0,0,11.5900,11.5900,0,NULL,'instock',0,0.00,0,'taxable','parent'),(25676,'',0,0,11.5900,11.5900,0,NULL,'instock',0,0.00,0,'taxable','parent'),(25678,'',0,0,11.5900,11.5900,0,NULL,'instock',0,0.00,0,'taxable',''),(25680,'',0,0,11.5900,11.5900,0,NULL,'instock',0,0.00,0,'taxable','parent'),(25681,'',0,0,11.5900,11.5900,0,NULL,'instock',0,0.00,0,'taxable','parent'),(25683,'',0,0,11.5900,11.5900,0,NULL,'instock',0,0.00,0,'taxable',''),(25685,'',0,0,11.5900,11.5900,0,NULL,'instock',0,0.00,0,'taxable','parent'),(25686,'',0,0,11.5900,11.5900,0,NULL,'instock',0,0.00,0,'taxable','parent'),(25688,'',0,0,11.5900,11.5900,0,NULL,'instock',0,0.00,2,'taxable',''),(25690,'',0,0,11.5900,11.5900,0,NULL,'instock',0,0.00,0,'taxable','parent'),(25691,'',0,0,11.5900,11.5900,0,NULL,'instock',0,0.00,0,'taxable','parent'),(25740,'',0,0,11.5900,11.5900,0,NULL,'instock',0,0.00,3,'taxable',''),(25742,'',0,0,11.5900,11.5900,0,NULL,'instock',0,0.00,0,'taxable','parent'),(25743,'',0,0,11.5900,11.5900,0,NULL,'instock',0,0.00,0,'taxable','parent'),(25745,'',0,0,11.5900,11.5900,0,NULL,'instock',0,0.00,2,'taxable',''),(25747,'',0,0,11.5900,11.5900,0,NULL,'instock',0,0.00,0,'taxable','parent'),(25748,'',0,0,11.5900,11.5900,0,NULL,'instock',0,0.00,0,'taxable','parent'),(25750,'',0,0,11.5900,11.5900,0,NULL,'instock',0,0.00,2,'taxable',''),(25752,'',0,0,11.5900,11.5900,0,NULL,'instock',0,0.00,0,'taxable','parent'),(25753,'',0,0,11.5900,11.5900,0,NULL,'instock',0,0.00,0,'taxable','parent'),(25755,'',0,0,11.5900,11.5900,0,NULL,'instock',0,0.00,0,'taxable',''),(25757,'',0,0,11.5900,11.5900,0,NULL,'instock',0,0.00,0,'taxable','parent'),(25758,'',0,0,11.5900,11.5900,0,NULL,'instock',0,0.00,0,'taxable','parent'),(25760,'',0,0,11.5900,11.5900,0,NULL,'instock',0,0.00,0,'taxable',''),(25762,'',0,0,11.5900,11.5900,0,NULL,'instock',0,0.00,0,'taxable','parent'),(25763,'',0,0,11.5900,11.5900,0,NULL,'instock',0,0.00,0,'taxable','parent'),(25765,'',0,0,11.5900,11.5900,0,NULL,'instock',0,0.00,2,'taxable',''),(25767,'',0,0,11.5900,11.5900,0,NULL,'instock',0,0.00,0,'taxable','parent'),(25768,'',0,0,11.5900,11.5900,0,NULL,'instock',0,0.00,0,'taxable','parent'),(25770,'',0,0,11.5900,11.5900,0,NULL,'instock',0,0.00,2,'taxable',''),(25772,'',0,0,11.5900,11.5900,0,NULL,'instock',0,0.00,0,'taxable','parent'),(25773,'',0,0,11.5900,11.5900,0,NULL,'instock',0,0.00,0,'taxable','parent'),(25775,'',0,0,11.5900,11.5900,0,NULL,'instock',0,0.00,0,'taxable',''),(25777,'',0,0,11.5900,11.5900,0,NULL,'instock',0,0.00,0,'taxable','parent'),(25778,'',0,0,11.5900,11.5900,0,NULL,'instock',0,0.00,0,'taxable','parent'),(25780,'',0,0,11.5900,11.5900,0,NULL,'instock',0,0.00,2,'taxable',''),(25782,'',0,0,11.5900,11.5900,0,NULL,'instock',0,0.00,0,'taxable','parent'),(25783,'',0,0,11.5900,11.5900,0,NULL,'instock',0,0.00,0,'taxable','parent'),(25785,'',0,0,11.5900,11.5900,0,NULL,'instock',0,0.00,0,'taxable',''),(25787,'',0,0,11.5900,11.5900,0,NULL,'instock',0,0.00,0,'taxable','parent'),(25788,'',0,0,11.5900,11.5900,0,NULL,'instock',0,0.00,0,'taxable','parent'),(25790,'',0,0,11.5900,11.5900,0,NULL,'instock',0,0.00,0,'taxable',''),(25792,'',0,0,11.5900,11.5900,0,NULL,'instock',0,0.00,0,'taxable','parent'),(25793,'',0,0,11.5900,11.5900,0,NULL,'instock',0,0.00,0,'taxable','parent'),(25795,'',0,0,11.5900,11.5900,0,NULL,'instock',0,0.00,0,'taxable',''),(25797,'',0,0,11.5900,11.5900,0,NULL,'instock',0,0.00,0,'taxable','parent'),(25798,'',0,0,11.5900,11.5900,0,NULL,'instock',0,0.00,0,'taxable','parent'),(25800,'',0,0,11.5900,11.5900,0,NULL,'instock',0,0.00,2,'taxable',''),(25802,'',0,0,11.5900,11.5900,0,NULL,'instock',0,0.00,0,'taxable','parent'),(25803,'',0,0,11.5900,11.5900,0,NULL,'instock',0,0.00,0,'taxable','parent'),(25805,'',0,0,11.5900,11.5900,0,NULL,'instock',0,0.00,0,'taxable',''),(25807,'',0,0,11.5900,11.5900,0,NULL,'instock',0,0.00,0,'taxable','parent'),(25808,'',0,0,11.5900,11.5900,0,NULL,'instock',0,0.00,0,'taxable','parent'),(25810,'',0,0,11.5900,11.5900,0,NULL,'instock',0,0.00,2,'taxable',''),(25812,'',0,0,11.5900,11.5900,0,NULL,'instock',0,0.00,0,'taxable','parent'),(25813,'',0,0,11.5900,11.5900,0,NULL,'instock',0,0.00,0,'taxable','parent'),(25815,'',0,0,11.5900,11.5900,0,NULL,'instock',0,0.00,0,'taxable',''),(25817,'',0,0,11.5900,11.5900,0,NULL,'instock',0,0.00,0,'taxable','parent'),(25818,'',0,0,11.5900,11.5900,0,NULL,'instock',0,0.00,0,'taxable','parent'),(25820,'',0,0,11.5900,11.5900,0,NULL,'instock',0,0.00,0,'taxable',''),(25822,'',0,0,11.5900,11.5900,0,NULL,'instock',0,0.00,0,'taxable','parent'),(25823,'',0,0,11.5900,11.5900,0,NULL,'instock',0,0.00,0,'taxable','parent'),(25825,'',0,0,11.5900,11.5900,0,NULL,'instock',0,0.00,2,'taxable',''),(25827,'',0,0,11.5900,11.5900,0,NULL,'instock',0,0.00,0,'taxable','parent'),(25828,'',0,0,11.5900,11.5900,0,NULL,'instock',0,0.00,0,'taxable','parent'),(25830,'',0,0,11.5900,11.5900,0,NULL,'instock',0,0.00,2,'taxable',''),(25832,'',0,0,11.5900,11.5900,0,NULL,'instock',0,0.00,0,'taxable','parent'),(25833,'',0,0,11.5900,11.5900,0,NULL,'instock',0,0.00,0,'taxable','parent'),(25835,'',0,0,11.5900,11.5900,0,NULL,'instock',0,0.00,2,'taxable',''),(25837,'',0,0,11.5900,11.5900,0,NULL,'instock',0,0.00,0,'taxable','parent'),(25838,'',0,0,11.5900,11.5900,0,NULL,'instock',0,0.00,0,'taxable','parent'),(25840,'',0,0,11.5900,11.5900,0,NULL,'instock',0,0.00,2,'taxable',''),(25842,'',0,0,11.5900,11.5900,0,NULL,'instock',0,0.00,0,'taxable','parent'),(25843,'',0,0,11.5900,11.5900,0,NULL,'instock',0,0.00,0,'taxable','parent'),(25845,'',0,0,11.5900,11.5900,0,NULL,'instock',0,0.00,2,'taxable',''),(25847,'',0,0,11.5900,11.5900,0,NULL,'instock',0,0.00,0,'taxable','parent'),(25848,'',0,0,11.5900,11.5900,0,NULL,'instock',0,0.00,0,'taxable','parent'),(25850,'',0,0,11.5900,11.5900,0,NULL,'instock',0,0.00,0,'taxable',''),(25852,'',0,0,11.5900,11.5900,0,NULL,'instock',0,0.00,0,'taxable','parent'),(25853,'',0,0,11.5900,11.5900,0,NULL,'instock',0,0.00,0,'taxable','parent'),(25855,'',0,0,11.5900,11.5900,0,NULL,'instock',0,0.00,0,'taxable',''),(25857,'',0,0,11.5900,11.5900,0,NULL,'instock',0,0.00,0,'taxable','parent'),(25858,'',0,0,11.5900,11.5900,0,NULL,'instock',0,0.00,0,'taxable','parent'),(25863,'',0,0,11.6900,11.6900,0,NULL,'instock',0,0.00,0,'taxable',''),(25865,'',0,0,11.6900,11.6900,0,NULL,'instock',0,0.00,0,'taxable','parent'),(25866,'',0,0,11.6900,11.6900,0,NULL,'instock',0,0.00,0,'taxable','parent'),(25868,'',0,0,11.6900,11.6900,0,NULL,'instock',0,0.00,0,'taxable',''),(25870,'',0,0,11.6900,11.6900,0,NULL,'instock',0,0.00,0,'taxable','parent'),(25871,'',0,0,11.6900,11.6900,0,NULL,'instock',0,0.00,0,'taxable','parent'),(25873,'',0,0,11.6900,11.6900,0,NULL,'instock',0,0.00,0,'taxable',''),(25875,'',0,0,11.6900,11.6900,0,NULL,'instock',0,0.00,0,'taxable','parent'),(25876,'',0,0,11.6900,11.6900,0,NULL,'instock',0,0.00,0,'taxable','parent'),(25878,'',0,0,11.6900,11.6900,0,NULL,'instock',0,0.00,0,'taxable',''),(25880,'',0,0,11.6900,11.6900,0,NULL,'instock',0,0.00,0,'taxable','parent'),(25881,'',0,0,11.6900,11.6900,0,NULL,'instock',0,0.00,0,'taxable','parent'),(25883,'',0,0,11.6900,11.6900,0,NULL,'instock',0,0.00,0,'taxable',''),(25885,'',0,0,11.6900,11.6900,0,NULL,'instock',0,0.00,0,'taxable','parent'),(25886,'',0,0,11.6900,11.6900,0,NULL,'instock',0,0.00,0,'taxable','parent'),(25888,'',0,0,11.6900,11.6900,0,NULL,'instock',0,0.00,0,'taxable',''),(25890,'',0,0,11.6900,11.6900,0,NULL,'instock',0,0.00,0,'taxable','parent'),(25891,'',0,0,11.6900,11.6900,0,NULL,'instock',0,0.00,0,'taxable','parent'),(25893,'',0,0,11.6900,11.6900,0,NULL,'instock',0,0.00,0,'taxable',''),(25895,'',0,0,11.6900,11.6900,0,NULL,'instock',0,0.00,0,'taxable','parent'),(25896,'',0,0,11.6900,11.6900,0,NULL,'instock',0,0.00,0,'taxable','parent'),(25898,'',0,0,11.6900,11.6900,0,NULL,'instock',0,0.00,0,'taxable',''),(25900,'',0,0,11.6900,11.6900,0,NULL,'instock',0,0.00,0,'taxable','parent'),(25901,'',0,0,11.6900,11.6900,0,NULL,'instock',0,0.00,0,'taxable','parent'),(25903,'',0,0,11.6900,11.6900,0,NULL,'instock',0,0.00,0,'taxable',''),(25905,'',0,0,11.6900,11.6900,0,NULL,'instock',0,0.00,0,'taxable','parent'),(25906,'',0,0,11.6900,11.6900,0,NULL,'instock',0,0.00,0,'taxable','parent'),(25908,'',0,0,11.6900,11.6900,0,NULL,'instock',0,0.00,0,'taxable',''),(25910,'',0,0,11.6900,11.6900,0,NULL,'instock',0,0.00,0,'taxable','parent'),(25911,'',0,0,11.6900,11.6900,0,NULL,'instock',0,0.00,0,'taxable','parent'),(25913,'',0,0,11.6900,11.6900,0,NULL,'instock',0,0.00,0,'taxable',''),(25915,'',0,0,11.6900,11.6900,0,NULL,'instock',0,0.00,0,'taxable','parent'),(25916,'',0,0,11.6900,11.6900,0,NULL,'instock',0,0.00,0,'taxable','parent'),(25918,'',0,0,11.6900,11.6900,0,NULL,'instock',0,0.00,0,'taxable',''),(25920,'',0,0,11.6900,11.6900,0,NULL,'instock',0,0.00,0,'taxable','parent'),(25921,'',0,0,11.6900,11.6900,0,NULL,'instock',0,0.00,0,'taxable','parent'),(25923,'',0,0,11.6900,11.6900,0,NULL,'instock',0,0.00,0,'taxable',''),(25925,'',0,0,11.6900,11.6900,0,NULL,'instock',0,0.00,0,'taxable','parent'),(25926,'',0,0,11.6900,11.6900,0,NULL,'instock',0,0.00,0,'taxable','parent'),(25928,'',0,0,11.6900,11.6900,0,NULL,'instock',0,0.00,0,'taxable',''),(25930,'',0,0,11.6900,11.6900,0,NULL,'instock',0,0.00,0,'taxable','parent'),(25931,'',0,0,11.6900,11.6900,0,NULL,'instock',0,0.00,0,'taxable','parent'),(25933,'',0,0,11.6900,11.6900,0,NULL,'instock',0,0.00,0,'taxable',''),(25935,'',0,0,11.6900,11.6900,0,NULL,'instock',0,0.00,0,'taxable','parent'),(25936,'',0,0,11.6900,11.6900,0,NULL,'instock',0,0.00,0,'taxable','parent'),(25938,'',0,0,11.6900,11.6900,0,NULL,'instock',0,0.00,0,'taxable',''),(25940,'',0,0,11.6900,11.6900,0,NULL,'instock',0,0.00,0,'taxable','parent'),(25941,'',0,0,11.6900,11.6900,0,NULL,'instock',0,0.00,0,'taxable','parent'),(25943,'',0,0,0.0000,0.0000,0,NULL,'instock',0,0.00,0,'taxable',''),(25949,'',0,0,11.6900,11.6900,0,NULL,'instock',0,0.00,0,'taxable',''),(25951,'',0,0,11.6900,11.6900,0,NULL,'instock',0,0.00,0,'taxable','parent'),(25952,'',0,0,11.6900,11.6900,0,NULL,'instock',0,0.00,0,'taxable','parent'),(25954,'',0,0,11.6900,11.6900,0,NULL,'instock',0,0.00,0,'taxable',''),(25956,'',0,0,11.6900,11.6900,0,NULL,'instock',0,0.00,0,'taxable','parent'),(25957,'',0,0,11.6900,11.6900,0,NULL,'instock',0,0.00,0,'taxable','parent'),(25959,'',0,0,11.6900,11.6900,0,NULL,'instock',0,0.00,0,'taxable',''),(25961,'',0,0,11.6900,11.6900,0,NULL,'instock',0,0.00,0,'taxable','parent'),(25962,'',0,0,11.6900,11.6900,0,NULL,'instock',0,0.00,0,'taxable','parent'),(25964,'',0,0,11.6900,11.6900,0,NULL,'instock',0,0.00,0,'taxable',''),(25966,'',0,0,11.6900,11.6900,0,NULL,'instock',0,0.00,0,'taxable','parent'),(25967,'',0,0,11.6900,11.6900,0,NULL,'instock',0,0.00,0,'taxable','parent'),(25969,'',0,0,11.6900,11.6900,0,NULL,'instock',0,0.00,0,'taxable',''),(25971,'',0,0,11.6900,11.6900,0,NULL,'instock',0,0.00,0,'taxable','parent'),(25972,'',0,0,11.6900,11.6900,0,NULL,'instock',0,0.00,0,'taxable','parent'),(25974,'',0,0,11.6900,11.6900,0,NULL,'instock',0,0.00,0,'taxable',''),(25976,'',0,0,11.6900,11.6900,0,NULL,'instock',0,0.00,0,'taxable','parent'),(25977,'',0,0,11.6900,11.6900,0,NULL,'instock',0,0.00,0,'taxable','parent'),(25979,'',0,0,11.6900,11.6900,0,NULL,'instock',0,0.00,0,'taxable',''),(25981,'',0,0,11.6900,11.6900,0,NULL,'instock',0,0.00,0,'taxable','parent'),(25982,'',0,0,11.6900,11.6900,0,NULL,'instock',0,0.00,0,'taxable','parent'),(25984,'',0,0,11.6900,11.6900,0,NULL,'instock',0,0.00,0,'taxable',''),(25986,'',0,0,11.6900,11.6900,0,NULL,'instock',0,0.00,0,'taxable','parent'),(25987,'',0,0,11.6900,11.6900,0,NULL,'instock',0,0.00,0,'taxable','parent'),(25989,'',0,0,11.6900,11.6900,0,NULL,'instock',0,0.00,0,'taxable',''),(25991,'',0,0,11.6900,11.6900,0,NULL,'instock',0,0.00,0,'taxable','parent'),(25992,'',0,0,11.6900,11.6900,0,NULL,'instock',0,0.00,0,'taxable','parent'),(25994,'',0,0,11.6900,11.6900,0,NULL,'instock',0,0.00,0,'taxable',''),(25996,'',0,0,11.6900,11.6900,0,NULL,'instock',0,0.00,0,'taxable','parent'),(25997,'',0,0,11.6900,11.6900,0,NULL,'instock',0,0.00,0,'taxable','parent'),(25999,'',0,0,11.6900,11.6900,0,NULL,'instock',0,0.00,0,'taxable',''),(26001,'',0,0,11.6900,11.6900,0,NULL,'instock',0,0.00,0,'taxable','parent'),(26002,'',0,0,11.6900,11.6900,0,NULL,'instock',0,0.00,0,'taxable','parent'),(26004,'',0,0,11.6900,11.6900,0,NULL,'instock',0,0.00,0,'taxable',''),(26006,'',0,0,11.6900,11.6900,0,NULL,'instock',0,0.00,0,'taxable','parent'),(26007,'',0,0,11.6900,11.6900,0,NULL,'instock',0,0.00,0,'taxable','parent'),(26009,'',0,0,11.6900,11.6900,0,NULL,'instock',0,0.00,0,'taxable',''),(26011,'',0,0,11.6900,11.6900,0,NULL,'instock',0,0.00,0,'taxable','parent'),(26012,'',0,0,11.6900,11.6900,0,NULL,'instock',0,0.00,0,'taxable','parent'),(26014,'',0,0,11.6900,11.6900,0,NULL,'instock',0,0.00,0,'taxable',''),(26016,'',0,0,11.6900,11.6900,0,NULL,'instock',0,0.00,0,'taxable','parent'),(26017,'',0,0,11.6900,11.6900,0,NULL,'instock',0,0.00,0,'taxable','parent'),(26019,'',0,0,11.6900,11.6900,0,NULL,'instock',0,0.00,0,'taxable',''),(26021,'',0,0,11.6900,11.6900,0,NULL,'instock',0,0.00,0,'taxable','parent'),(26022,'',0,0,11.6900,11.6900,0,NULL,'instock',0,0.00,0,'taxable','parent'),(26024,'',0,0,11.6900,11.6900,0,NULL,'instock',0,0.00,0,'taxable',''),(26026,'',0,0,11.6900,11.6900,0,NULL,'instock',0,0.00,0,'taxable','parent'),(26027,'',0,0,11.6900,11.6900,0,NULL,'instock',0,0.00,0,'taxable','parent'),(26067,'',0,0,0.0000,0.0000,0,NULL,'instock',0,0.00,0,'taxable',''),(26070,'',0,0,0.0000,0.0000,0,NULL,'instock',0,0.00,0,'taxable','parent'),(26071,'',0,0,0.0000,0.0000,0,NULL,'instock',0,0.00,0,'taxable','parent'),(26073,'',0,0,0.0000,0.0000,0,NULL,'instock',0,0.00,0,'taxable',''),(26075,'',0,0,0.0000,0.0000,0,NULL,'instock',0,0.00,0,'taxable','parent'),(26076,'',0,0,0.0000,0.0000,0,NULL,'instock',0,0.00,0,'taxable','parent'),(26078,'',0,0,0.0000,0.0000,0,NULL,'instock',0,0.00,0,'taxable',''),(26080,'',0,0,0.0000,0.0000,0,NULL,'instock',0,0.00,0,'taxable','parent'),(26081,'',0,0,0.0000,0.0000,0,NULL,'instock',0,0.00,0,'taxable','parent'),(26083,'',0,0,0.0000,0.0000,0,NULL,'instock',0,0.00,0,'taxable',''),(26085,'',0,0,0.0000,0.0000,0,NULL,'instock',0,0.00,0,'taxable','parent'),(26086,'',0,0,0.0000,0.0000,0,NULL,'instock',0,0.00,0,'taxable','parent'),(26088,'',0,0,0.0000,0.0000,0,NULL,'instock',0,0.00,0,'taxable',''),(26090,'',0,0,0.0000,0.0000,0,NULL,'instock',0,0.00,0,'taxable','parent'),(26091,'',0,0,0.0000,0.0000,0,NULL,'instock',0,0.00,0,'taxable','parent'),(26093,'',0,0,0.0000,0.0000,0,NULL,'instock',0,0.00,0,'taxable',''),(26095,'',0,0,0.0000,0.0000,0,NULL,'instock',0,0.00,0,'taxable','parent'),(26096,'',0,0,0.0000,0.0000,0,NULL,'instock',0,0.00,0,'taxable','parent'),(26098,'',0,0,0.0000,0.0000,0,NULL,'instock',0,0.00,0,'taxable',''),(26100,'',0,0,0.0000,0.0000,0,NULL,'instock',0,0.00,0,'taxable','parent'),(26101,'',0,0,0.0000,0.0000,0,NULL,'instock',0,0.00,0,'taxable','parent'),(26103,'',0,0,0.0000,0.0000,0,NULL,'instock',0,0.00,0,'taxable',''),(26105,'',0,0,0.0000,0.0000,0,NULL,'instock',0,0.00,0,'taxable','parent'),(26106,'',0,0,0.0000,0.0000,0,NULL,'instock',0,0.00,0,'taxable','parent'),(26108,'',0,0,0.0000,0.0000,0,NULL,'instock',0,0.00,0,'taxable',''),(26110,'',0,0,0.0000,0.0000,0,NULL,'instock',0,0.00,0,'taxable','parent'),(26111,'',0,0,0.0000,0.0000,0,NULL,'instock',0,0.00,0,'taxable','parent'),(26114,'',0,0,0.0000,0.0000,0,NULL,'instock',0,0.00,0,'taxable',''),(26116,'',0,0,0.0000,0.0000,0,NULL,'instock',0,0.00,0,'taxable','parent'),(26117,'',0,0,0.0000,0.0000,0,NULL,'instock',0,0.00,0,'taxable','parent'),(26119,'',0,0,0.0000,0.0000,0,NULL,'instock',0,0.00,0,'taxable',''),(26121,'',0,0,0.0000,0.0000,0,NULL,'instock',0,0.00,0,'taxable','parent'),(26122,'',0,0,0.0000,0.0000,0,NULL,'instock',0,0.00,0,'taxable','parent'),(26124,'',0,0,0.0000,0.0000,0,NULL,'instock',0,0.00,0,'taxable',''),(26126,'',0,0,0.0000,0.0000,0,NULL,'instock',0,0.00,0,'taxable','parent'),(26127,'',0,0,0.0000,0.0000,0,NULL,'instock',0,0.00,0,'taxable','parent'),(26129,'',0,0,0.0000,0.0000,0,NULL,'instock',0,0.00,0,'taxable',''),(26131,'',0,0,0.0000,0.0000,0,NULL,'instock',0,0.00,0,'taxable','parent'),(26132,'',0,0,0.0000,0.0000,0,NULL,'instock',0,0.00,0,'taxable','parent'),(26134,'',0,0,0.0000,0.0000,0,NULL,'instock',0,0.00,0,'taxable',''),(26136,'',0,0,0.0000,0.0000,0,NULL,'instock',0,0.00,0,'taxable','parent'),(26137,'',0,0,0.0000,0.0000,0,NULL,'instock',0,0.00,0,'taxable','parent'),(26139,'',0,0,0.0000,0.0000,0,NULL,'instock',0,0.00,0,'taxable',''),(26141,'',0,0,0.0000,0.0000,0,NULL,'instock',0,0.00,0,'taxable','parent'),(26142,'',0,0,0.0000,0.0000,0,NULL,'instock',0,0.00,0,'taxable','parent'),(26144,'',0,0,0.0000,0.0000,0,NULL,'instock',0,0.00,0,'taxable',''),(26146,'',0,0,0.0000,0.0000,0,NULL,'instock',0,0.00,0,'taxable','parent'),(26147,'',0,0,0.0000,0.0000,0,NULL,'instock',0,0.00,0,'taxable','parent'),(26149,'',0,0,0.0000,0.0000,0,NULL,'instock',0,0.00,0,'taxable',''),(26151,'',0,0,0.0000,0.0000,0,NULL,'instock',0,0.00,0,'taxable','parent'),(26152,'',0,0,0.0000,0.0000,0,NULL,'instock',0,0.00,0,'taxable','parent'),(26154,'',0,0,0.0000,0.0000,0,NULL,'instock',0,0.00,0,'taxable',''),(26156,'',0,0,0.0000,0.0000,0,NULL,'instock',0,0.00,0,'taxable','parent'),(26157,'',0,0,0.0000,0.0000,0,NULL,'instock',0,0.00,0,'taxable','parent'),(26159,'',0,0,0.0000,0.0000,0,NULL,'instock',0,0.00,0,'taxable',''),(26161,'',0,0,0.0000,0.0000,0,NULL,'instock',0,0.00,0,'taxable','parent'),(26162,'',0,0,0.0000,0.0000,0,NULL,'instock',0,0.00,0,'taxable','parent'),(26164,'',0,0,0.0000,0.0000,0,NULL,'instock',0,0.00,0,'taxable',''),(26166,'',0,0,0.0000,0.0000,0,NULL,'instock',0,0.00,0,'taxable','parent'),(26167,'',0,0,0.0000,0.0000,0,NULL,'instock',0,0.00,0,'taxable','parent'),(26169,'',0,0,0.0000,0.0000,0,NULL,'instock',0,0.00,0,'taxable',''),(26171,'',0,0,0.0000,0.0000,0,NULL,'instock',0,0.00,0,'taxable','parent'),(26172,'',0,0,0.0000,0.0000,0,NULL,'instock',0,0.00,0,'taxable','parent'),(26174,'',0,0,0.0000,0.0000,0,NULL,'instock',0,0.00,0,'taxable',''),(26176,'',0,0,0.0000,0.0000,0,NULL,'instock',0,0.00,0,'taxable','parent'),(26177,'',0,0,0.0000,0.0000,0,NULL,'instock',0,0.00,0,'taxable','parent'),(26179,'',0,0,0.0000,0.0000,0,NULL,'instock',0,0.00,0,'taxable',''),(26181,'',0,0,0.0000,0.0000,0,NULL,'instock',0,0.00,0,'taxable','parent'),(26182,'',0,0,0.0000,0.0000,0,NULL,'instock',0,0.00,0,'taxable','parent'),(26184,'',0,0,0.0000,0.0000,0,NULL,'instock',0,0.00,0,'taxable',''),(26186,'',0,0,0.0000,0.0000,0,NULL,'instock',0,0.00,0,'taxable',''),(26187,'',0,0,0.0000,0.0000,0,NULL,'instock',0,0.00,0,'taxable','parent'),(26188,'',0,0,0.0000,0.0000,0,NULL,'instock',0,0.00,0,'taxable','parent'),(26190,'',0,0,0.0000,0.0000,0,NULL,'instock',0,0.00,0,'taxable',''),(26191,'',0,0,0.0000,0.0000,0,NULL,'instock',0,0.00,0,'taxable',''),(26193,'',0,0,0.0000,0.0000,0,NULL,'instock',0,0.00,0,'taxable','parent'),(26194,'',0,0,0.0000,0.0000,0,NULL,'instock',0,0.00,0,'taxable','parent'),(26196,'',0,0,0.0000,0.0000,0,NULL,'instock',0,0.00,0,'taxable',''),(26198,'',0,0,0.0000,0.0000,0,NULL,'instock',0,0.00,0,'taxable','parent'),(26199,'',0,0,0.0000,0.0000,0,NULL,'instock',0,0.00,0,'taxable','parent'),(26201,'',0,0,0.0000,0.0000,0,NULL,'instock',0,0.00,0,'taxable',''),(26203,'',0,0,0.0000,0.0000,0,NULL,'instock',0,0.00,0,'taxable','parent'),(26204,'',0,0,0.0000,0.0000,0,NULL,'instock',0,0.00,0,'taxable','parent'),(26206,'',0,0,0.0000,0.0000,0,NULL,'instock',0,0.00,0,'taxable',''),(26208,'',0,0,0.0000,0.0000,0,NULL,'instock',0,0.00,0,'taxable','parent'),(26209,'',0,0,0.0000,0.0000,0,NULL,'instock',0,0.00,0,'taxable','parent'),(26211,'',0,0,0.0000,0.0000,0,NULL,'instock',0,0.00,0,'taxable',''),(26213,'',0,0,0.0000,0.0000,0,NULL,'instock',0,0.00,0,'taxable','parent'),(26214,'',0,0,0.0000,0.0000,0,NULL,'instock',0,0.00,0,'taxable','parent');

--
